{"id":232,"date":"2020-12-28T18:54:16","date_gmt":"2020-12-28T15:54:16","guid":{"rendered":"https:\/\/www.myvize.com.tr\/portekiz\/?page_id=232"},"modified":"2022-06-13T12:26:51","modified_gmt":"2022-06-13T09:26:51","slug":"ankara","status":"publish","type":"page","link":"https:\/\/www.myvize.com.tr\/portekiz\/subelerimiz\/ankara\/","title":{"rendered":"Ankara"},"content":{"rendered":"\r\n<h2><strong><span style=\"font-size: 27px; font-family: Roboto;\">Portekiz Vize Ba\u015fvuru Merkezi , Ankara<\/span><\/strong><\/h2>\r\n<p><strong>Portekiz Ankara vize merkezi\u00a0<\/strong>ofisimize ho\u015f geldiniz.<\/p>\r\n\r\n\r\n\r\n<p>Siz de\u011ferli ziyaret\u00e7ilerimiz i\u00e7in olu\u015fturmu\u015f oldu\u011fumuz bu sitede Portekiz vize i\u015flemleri hakk\u0131nda genel bir bilgi vermekteyiz.\u00a0<strong>Portekiz Ankara vize merkezi\u00a0<\/strong>olarak vize almak isteyen vatanda\u015flar\u0131m\u0131za yard\u0131mc\u0131 olarak h\u0131zl\u0131 bir \u015fekilde vize almalar\u0131 i\u00e7in hizmet vermekteyiz. Portekiz vizesi protokol\u00fc hakk\u0131nda t\u00fcm bilgilere hakimiz ve bu konuda i\u015flemleri olduk\u00e7a h\u0131zl\u0131 y\u00f6netiyoruz.<\/p>\r\n\r\n\r\n\r\n<p><strong>Portekiz Ankara vize merkezi\u00a0<\/strong>dan\u0131\u015fmanlar\u0131 size vizenin i\u015fleyi\u015fini ve ortalama ka\u00e7 g\u00fcn i\u00e7erisinde \u00e7\u0131kaca\u011f\u0131 hakk\u0131nda bilgi verir. Vize konusu hakk\u0131nda sormak istedi\u011finiz her \u015feyi dan\u0131\u015fmanlar\u0131m\u0131za sorarak detayl\u0131 bilgi edinebilirsiniz. Dan\u0131\u015fmanlar\u0131m\u0131z sizin ad\u0131n\u0131za vize ba\u015fvurusu yapmak i\u00e7in hizmet sunmaktad\u0131rlar. Sizin yapman\u0131z gereken tek \u015fey dan\u0131\u015fmanlar\u0131m\u0131z\u0131n sizden vize i\u015flemlerini y\u00fcr\u00fctebilmek i\u00e7in laz\u0131m olan evraklar\u0131 tamamlaman\u0131z. Bu evraklar\u0131 tamamlad\u0131ktan hemen sonra\u00a0<strong>Portekiz Ankara vize merkezi\u00a0<\/strong>dan\u0131\u015fmanlar\u0131 taraf\u0131ndan vize ba\u015fvuru i\u015flemleriniz ba\u015flat\u0131l\u0131r.<\/p>\r\n\r\n\r\n\r\n<h2 class=\"wp-block-heading\">PORTEK\u0130Z V\u0130ZE \u0130\u015eLEMLER\u0130<\/h2>\r\n\r\n\r\n\r\n<p>Portekiz Schengen \u00fcyesi bir \u00fclkedir ve bundan dolay\u0131 baz\u0131 protokollere sahiptir. Mesela ba\u015fvuru evraklar\u0131n\u0131z incelendikten hemen sonra randevu alarak biyometrik beyanda bulunman\u0131z gerekmektedir. Hatta gerek g\u00f6r\u00fcl\u00fcrse m\u00fclakata tabi tutulursunuz. M\u00fclakat zorunlu bir madde de\u011fildir sadece yetkililer bazen ki\u015fileri daha yak\u0131ndan tan\u0131mak i\u00e7in m\u00fclakat i\u015flemleri yap\u0131yorlar. \u0130\u015fte t\u00fcm bu a\u015famalar\u0131 ve protokolleri\u00a0<strong>Portekiz Ankara vize merkezi\u00a0<\/strong>dan\u0131\u015fmanlar\u0131 taraf\u0131ndan yak\u0131ndan takip edilerek y\u00fcr\u00fct\u00fclmektedir. Bu a\u015famalar size dan\u0131\u015fmanlar\u0131m\u0131z taraf\u0131ndan bilgi verilerek aktar\u0131lmaktad\u0131r. Size ihtiya\u00e7 duyuldu\u011fu a\u015famada dan\u0131\u015fman arkada\u015flar\u0131m\u0131z aray\u0131c\u0131l\u0131\u011f\u0131 ile \u00e7a\u011fr\u0131lmaktas\u0131n\u0131z. T\u00fcm i\u015flemler tamamland\u0131ktan sonra vizenizi alabilirsiniz.<\/p>\r\n","protected":false},"excerpt":{"rendered":"<p>Portekiz Vize Ba\u015fvuru Merkezi , Ankara Portekiz Ankara vize merkezi\u00a0ofisimize ho\u015f geldiniz. Siz de\u011ferli ziyaret\u00e7ilerimiz i\u00e7in olu\u015fturmu\u015f oldu\u011fumuz bu sitede Portekiz vize i\u015flemleri hakk\u0131nda genel bir bilgi vermekteyiz.\u00a0Portekiz Ankara vize merkezi\u00a0olarak vize almak isteyen vatanda\u015flar\u0131m\u0131za yard\u0131mc\u0131 olarak h\u0131zl\u0131 bir \u015fekilde vize almalar\u0131 i\u00e7in hizmet vermekteyiz. Portekiz vizesi protokol\u00fc hakk\u0131nda t\u00fcm bilgilere hakimiz ve bu konuda<\/p>\n","protected":false},"author":1,"featured_media":0,"parent":173,"menu_order":0,"comment_status":"open","ping_status":"closed","template":"","meta":{"footnotes":""},"class_list":["post-232","page","type-page","status-publish","hentry"],"yoast_head":"<!-- This site is optimized with the Yoast SEO plugin v24.0 - https:\/\/yoast.com\/wordpress\/plugins\/seo\/ -->\n<title>Portekiz Vize Ba\u015fvuru Merkezimiz Ankara - MyVize<\/title>\n<meta name=\"description\" content=\"Portekiz vizesi Ankara ofisimiz, hangi \u00fclkeye seyahat etmek isterseniz gerekli b\u00fct\u00fcn bilgilere ula\u015fabilirsiniz: 0850 346 84 93\" \/>\n<meta name=\"robots\" content=\"index, follow, max-snippet:-1, max-image-preview:large, max-video-preview:-1\" \/>\n<link rel=\"canonical\" href=\"https:\/\/www.myvize.com.tr\/portekiz\/subelerimiz\/ankara\/\" \/>\n<meta property=\"og:locale\" content=\"tr_TR\" \/>\n<meta property=\"og:type\" content=\"article\" \/>\n<meta property=\"og:title\" content=\"Portekiz Vize Ba\u015fvuru Merkezimiz Ankara - MyVize\" \/>\n<meta property=\"og:description\" content=\"Portekiz vizesi Ankara ofisimiz, hangi \u00fclkeye seyahat etmek isterseniz gerekli b\u00fct\u00fcn bilgilere ula\u015fabilirsiniz: 0850 346 84 93\" \/>\n<meta property=\"og:url\" content=\"https:\/\/www.myvize.com.tr\/portekiz\/subelerimiz\/ankara\/\" \/>\n<meta property=\"og:site_name\" content=\"Portekiz Vize \u0130\u015flemleri &amp; Portekiz Vize Ba\u015fvurusu\" \/>\n<meta property=\"article:modified_time\" content=\"2022-06-13T09:26:51+00:00\" \/>\n<meta name=\"twitter:card\" content=\"summary_large_image\" \/>\n<meta name=\"twitter:label1\" content=\"Tahmini okuma s\u00fcresi\" \/>\n\t<meta name=\"twitter:data1\" content=\"1 dakika\" \/>\n<script type=\"application\/ld+json\" class=\"yoast-schema-graph\">{\"@context\":\"https:\/\/schema.org\",\"@graph\":[{\"@type\":\"WebPage\",\"@id\":\"https:\/\/www.myvize.com.tr\/portekiz\/subelerimiz\/ankara\/\",\"url\":\"https:\/\/www.myvize.com.tr\/portekiz\/subelerimiz\/ankara\/\",\"name\":\"Portekiz Vize Ba\u015fvuru Merkezimiz Ankara - MyVize\",\"isPartOf\":{\"@id\":\"https:\/\/www.myvize.com.tr\/portekiz\/#website\"},\"datePublished\":\"2020-12-28T15:54:16+00:00\",\"dateModified\":\"2022-06-13T09:26:51+00:00\",\"description\":\"Portekiz vizesi Ankara ofisimiz, hangi \u00fclkeye seyahat etmek isterseniz gerekli b\u00fct\u00fcn bilgilere ula\u015fabilirsiniz: 0850 346 84 93\",\"breadcrumb\":{\"@id\":\"https:\/\/www.myvize.com.tr\/portekiz\/subelerimiz\/ankara\/#breadcrumb\"},\"inLanguage\":\"tr\",\"potentialAction\":[{\"@type\":\"ReadAction\",\"target\":[\"https:\/\/www.myvize.com.tr\/portekiz\/subelerimiz\/ankara\/\"]}]},{\"@type\":\"BreadcrumbList\",\"@id\":\"https:\/\/www.myvize.com.tr\/portekiz\/subelerimiz\/ankara\/#breadcrumb\",\"itemListElement\":[{\"@type\":\"ListItem\",\"position\":1,\"name\":\"Anasayfa\",\"item\":\"https:\/\/www.myvize.com.tr\/portekiz\/\"},{\"@type\":\"ListItem\",\"position\":2,\"name\":\"\u015eUBELER\u0130M\u0130Z\",\"item\":\"https:\/\/www.myvize.com.tr\/portekiz\/subelerimiz\/\"},{\"@type\":\"ListItem\",\"position\":3,\"name\":\"Ankara\"}]},{\"@type\":\"WebSite\",\"@id\":\"https:\/\/www.myvize.com.tr\/portekiz\/#website\",\"url\":\"https:\/\/www.myvize.com.tr\/portekiz\/\",\"name\":\"Portekiz Vize \u0130\u015flemleri &amp; Portekiz Vize Ba\u015fvurusu\",\"description\":\"\",\"potentialAction\":[{\"@type\":\"SearchAction\",\"target\":{\"@type\":\"EntryPoint\",\"urlTemplate\":\"https:\/\/www.myvize.com.tr\/portekiz\/?s={search_term_string}\"},\"query-input\":{\"@type\":\"PropertyValueSpecification\",\"valueRequired\":true,\"valueName\":\"search_term_string\"}}],\"inLanguage\":\"tr\"}]}<\/script>\n<!-- \/ Yoast SEO plugin. -->","yoast_head_json":{"title":"Portekiz Vize Ba\u015fvuru Merkezimiz Ankara - MyVize","description":"Portekiz vizesi Ankara ofisimiz, hangi \u00fclkeye seyahat etmek isterseniz gerekli b\u00fct\u00fcn bilgilere ula\u015fabilirsiniz: 0850 346 84 93","robots":{"index":"index","follow":"follow","max-snippet":"max-snippet:-1","max-image-preview":"max-image-preview:large","max-video-preview":"max-video-preview:-1"},"canonical":"https:\/\/www.myvize.com.tr\/portekiz\/subelerimiz\/ankara\/","og_locale":"tr_TR","og_type":"article","og_title":"Portekiz Vize Ba\u015fvuru Merkezimiz Ankara - MyVize","og_description":"Portekiz vizesi Ankara ofisimiz, hangi \u00fclkeye seyahat etmek isterseniz gerekli b\u00fct\u00fcn bilgilere ula\u015fabilirsiniz: 0850 346 84 93","og_url":"https:\/\/www.myvize.com.tr\/portekiz\/subelerimiz\/ankara\/","og_site_name":"Portekiz Vize \u0130\u015flemleri &amp; Portekiz Vize Ba\u015fvurusu","article_modified_time":"2022-06-13T09:26:51+00:00","twitter_card":"summary_large_image","twitter_misc":{"Tahmini okuma s\u00fcresi":"1 dakika"},"schema":{"@context":"https:\/\/schema.org","@graph":[{"@type":"WebPage","@id":"https:\/\/www.myvize.com.tr\/portekiz\/subelerimiz\/ankara\/","url":"https:\/\/www.myvize.com.tr\/portekiz\/subelerimiz\/ankara\/","name":"Portekiz Vize Ba\u015fvuru Merkezimiz Ankara - MyVize","isPartOf":{"@id":"https:\/\/www.myvize.com.tr\/portekiz\/#website"},"datePublished":"2020-12-28T15:54:16+00:00","dateModified":"2022-06-13T09:26:51+00:00","description":"Portekiz vizesi Ankara ofisimiz, hangi \u00fclkeye seyahat etmek isterseniz gerekli b\u00fct\u00fcn bilgilere ula\u015fabilirsiniz: 0850 346 84 93","breadcrumb":{"@id":"https:\/\/www.myvize.com.tr\/portekiz\/subelerimiz\/ankara\/#breadcrumb"},"inLanguage":"tr","potentialAction":[{"@type":"ReadAction","target":["https:\/\/www.myvize.com.tr\/portekiz\/subelerimiz\/ankara\/"]}]},{"@type":"BreadcrumbList","@id":"https:\/\/www.myvize.com.tr\/portekiz\/subelerimiz\/ankara\/#breadcrumb","itemListElement":[{"@type":"ListItem","position":1,"name":"Anasayfa","item":"https:\/\/www.myvize.com.tr\/portekiz\/"},{"@type":"ListItem","position":2,"name":"\u015eUBELER\u0130M\u0130Z","item":"https:\/\/www.myvize.com.tr\/portekiz\/subelerimiz\/"},{"@type":"ListItem","position":3,"name":"Ankara"}]},{"@type":"WebSite","@id":"https:\/\/www.myvize.com.tr\/portekiz\/#website","url":"https:\/\/www.myvize.com.tr\/portekiz\/","name":"Portekiz Vize \u0130\u015flemleri &amp; Portekiz Vize Ba\u015fvurusu","description":"","potentialAction":[{"@type":"SearchAction","target":{"@type":"EntryPoint","urlTemplate":"https:\/\/www.myvize.com.tr\/portekiz\/?s={search_term_string}"},"query-input":{"@type":"PropertyValueSpecification","valueRequired":true,"valueName":"search_term_string"}}],"inLanguage":"tr"}]}},"_links":{"self":[{"href":"https:\/\/www.myvize.com.tr\/portekiz\/wp-json\/wp\/v2\/pages\/232","targetHints":{"allow":["GET"]}}],"collection":[{"href":"https:\/\/www.myvize.com.tr\/portekiz\/wp-json\/wp\/v2\/pages"}],"about":[{"href":"https:\/\/www.myvize.com.tr\/portekiz\/wp-json\/wp\/v2\/types\/page"}],"author":[{"embeddable":true,"href":"https:\/\/www.myvize.com.tr\/portekiz\/wp-json\/wp\/v2\/users\/1"}],"replies":[{"embeddable":true,"href":"https:\/\/www.myvize.com.tr\/portekiz\/wp-json\/wp\/v2\/comments?post=232"}],"version-history":[{"count":6,"href":"https:\/\/www.myvize.com.tr\/portekiz\/wp-json\/wp\/v2\/pages\/232\/revisions"}],"predecessor-version":[{"id":778,"href":"https:\/\/www.myvize.com.tr\/portekiz\/wp-json\/wp\/v2\/pages\/232\/revisions\/778"}],"up":[{"embeddable":true,"href":"https:\/\/www.myvize.com.tr\/portekiz\/wp-json\/wp\/v2\/pages\/173"}],"wp:attachment":[{"href":"https:\/\/www.myvize.com.tr\/portekiz\/wp-json\/wp\/v2\/media?parent=232"}],"curies":[{"name":"wp","href":"https:\/\/api.w.org\/{rel}","templated":true}]}}