{"id":51,"date":"2020-11-30T12:49:31","date_gmt":"2020-11-30T09:49:31","guid":{"rendered":"https:\/\/www.myvize.com.tr\/portekiz\/?page_id=51"},"modified":"2022-03-17T12:18:41","modified_gmt":"2022-03-17T09:18:41","slug":"portekiz-vatandaslik-islemleri","status":"publish","type":"page","link":"https:\/\/www.myvize.com.tr\/portekiz\/vize-islemleri\/portekiz-vatandaslik-islemleri\/","title":{"rendered":"Portekiz Vatanda\u015fl\u0131k \u0130\u015flemleri"},"content":{"rendered":"<h2><strong><span style=\"font-size: 27px; font-family: Roboto;\">Portekiz Vatanda\u015fl\u0131k \u0130\u015flemleri Hakk\u0131nda<\/span><\/strong><\/h2>\n<p><span style=\"font-family: Roboto; font-size: 14px;\"><strong>Portekiz vatanda\u015f\u0131<\/strong> olmak isteyenlerin bunun i\u00e7in vatanda\u015fl\u0131k i\u015flemlerini yapmas\u0131 gerekir. 2012 y\u0131l\u0131ndan sonra yap\u0131lan d\u00fczenlemeyle birlikte vatanda\u015flar\u0131n Alt\u0131n vize almas\u0131 gerekir. Alt\u0131n vize sayesinde yat\u0131r\u0131m sistemiyle Portekiz\u2019e gidebilmek ve oran\u0131n vatanda\u015f\u0131 olabilmek m\u00fcmk\u00fcnd\u00fcr.\u00a0\u00a0<span style=\"color: #2acec2;\"><strong><a style=\"color: #2acec2;\" href=\"https:\/\/www.myvize.com.tr\/portekiz\/vize-islemleri\/portekiz-vizesi\/\" target=\"_blank\" rel=\"noopener\">Portekiz vizesi\u00a0<\/a><\/strong><\/span>almas\u0131 gerekmeksizin,\u00a0 Portekiz\u2019de s\u00fcresiz olarak oturum sa\u011flamak bu sistemle m\u00fcmk\u00fcnd\u00fcr.\u00a0 2012 y\u0131l\u0131nda getirilen bu uygulamaya, 2015 y\u0131l\u0131nda baz\u0131 de\u011fi\u015fiklikler yap\u0131lm\u0131\u015ft\u0131r. Getirilen de\u011fi\u015fiklikler ki\u015filerin yat\u0131r\u0131mlar\u0131yla alakal\u0131d\u0131r.\u00a0<strong>Portekiz konsoloslu\u011fu<\/strong>\u00a0\u00fczerinden al\u0131nan Portekiz vizelerindeki \u015fartlara g\u00f6re, alt\u0131n vize uygulamas\u0131 daha esnektir. Bunun i\u00e7in gerekli yat\u0131r\u0131mlar\u0131n olmas\u0131 yeterlidir.<\/span><\/p>\n<p><span style=\"font-family: Roboto; font-size: 14px;\">Alt\u0131n vize ya da <strong>Golden visa<\/strong> almaya hak kazanan ki\u015filer, baz\u0131 \u015fartlar\u0131 yerine getirmelidir. Bu vizeyi almaya hak kazananlar\u0131n ilk olarak 7 g\u00fcn ikamet etmesi gerekir. Avrupa \u00fclkeleri i\u00e7erisinde en s\u0131k tercih edilen \u00fclkelerden birisi Portekiz\u2019dir. Portekiz\u2019de vatanda\u015fl\u0131k kazanan ki\u015filer ayr\u0131ca bir\u00e7ok Avrupa \u00fclkesinde de ya\u015fayabilme \u015fans\u0131na sahiptir. Ba\u015fvurulardan \u00f6nce ki\u015filerin az seviyede de olsa, Portekizce bilmesi gerekir.\u00a0<\/span><\/p>\n<p><span style=\"font-family: Roboto; font-size: 14px;\">Ayr\u0131ca bunun i\u00e7in s\u0131nava da tabi tutulur ve s\u0131nav\u0131n ba\u015far\u0131l\u0131 sonu\u00e7lanmas\u0131 gerekir. Dil s\u0131nav\u0131ndan ge\u00e7ilemedi\u011fi takdirde yeniden girilmesi gerekir. Takip eden y\u0131lda bu i\u015flem yap\u0131labilir.\u00a0<span style=\"color: #2acec2;\"><strong><a style=\"color: #2acec2;\" href=\"https:\/\/www.myvize.com.tr\/portekiz\/vize-basvurusu\/\" target=\"_blank\" rel=\"noopener\">Portekiz vize ba\u015fvurusu\u00a0<\/a><\/strong><\/span>i\u015flemleriyle u\u011fra\u015fmak istemeyenler, bu y\u00f6nteme de \u00e7ok s\u0131k ba\u015fvururlar. <strong>Portekiz dil s\u0131navlar\u0131<\/strong> her birey i\u00e7in ayr\u0131 ayr\u0131 uygulan\u0131r. Her bireyin kendinin girmesi ve ba\u015far\u0131l\u0131 olmas\u0131 gerekir. Ancak bu \u015fekilde oturum izni ve vatanda\u015fl\u0131k i\u015flemleri yap\u0131labilir.<\/span><\/p>\n<p><img decoding=\"async\" src=\"https:\/\/www.myvize.com.tr\/portekiz\/wp-content\/uploads\/2021\/10\/23.jpg\" \/><\/p>\n<div>\n<h2><span style=\"font-family: Roboto; font-size: 27px;\"><strong>Portekiz Vatanda\u015fl\u0131\u011f\u0131 Alma<\/strong><\/span><\/h2>\n<p><span style=\"font-family: Roboto; font-size: 14px;\"><strong>Portekiz vatanda\u015fl\u0131\u011f\u0131 alma<\/strong>\u00a0konusunda belirli \u015fartlar bulunuyor. Bu \u015fartlar\u0131 yerine getirmeden vatanda\u015fl\u0131k alabilme imkan\u0131 bulunmuyor. Ayn\u0131 zamanda Portekiz vatanda\u015f\u0131 olabilmek i\u00e7in belli ba\u015fl\u0131 \u015fartlar bulunuyor. Bunlardan birisi yat\u0131r\u0131m yapmakt\u0131r. Belli miktarda yat\u0131r\u0131m yaparsan\u0131z vatanda\u015fl\u0131k kazanabilirsiniz. Ancak bu konuda da belirli \u015fartlar bulunmaktad\u0131r.<\/span><\/p>\n<p><span style=\"font-family: Roboto; font-size: 14px;\"><strong>Portekiz vatanda\u015fl\u0131\u011f\u0131 alma<\/strong> konusunda bir\u00e7ok alternatif bulunuyor. Vatanda\u015fl\u0131k ald\u0131\u011f\u0131n\u0131zda Portekiz vatanda\u015flar\u0131n\u0131n t\u00fcm haklar\u0131na sizler de sahip olabiliyorsunuz. En \u00e7ok tercih edilen vatanda\u015fl\u0131k alma y\u00f6ntemi<strong> Golden V\u0131sa<\/strong> yani Alt\u0131n Vize program\u0131d\u0131r. Bu i\u015flemler i\u00e7in mutlaka profesyonel olarak dan\u0131\u015fmanl\u0131k hizmetleri alman\u0131z gerekiyor.<\/span><\/p>\n<p><span style=\"font-family: Roboto; font-size: 14px;\">Portekiz\u2019de ya\u015fama hakk\u0131n\u0131 sizlere t\u00fcm haklar\u0131 ile birlikte veren vatanda\u015fl\u0131k i\u015flemlerinde yat\u0131r\u0131m y\u00f6ntemi, evlenme ya da do\u011fum ile vatanda\u015fl\u0131k kazan\u0131labilir. G\u00fcn\u00fcm\u00fczde bir\u00e7ok ki\u015fi <strong>Portekiz vatanda\u015fl\u0131\u011f\u0131<\/strong> i\u00e7in ba\u015fvuru yapabilmektedir. Bu s\u00fcre\u00e7te hem evrak haz\u0131rlamak hem de ilgili yerlere gerekli ba\u015fvurular\u0131 yapmak b\u00fcy\u00fck bir \u00f6nem ta\u015f\u0131r.<\/span><\/p>\n<h2><span style=\"font-family: Roboto; font-size: 27px;\"><strong>Portekiz Vatanda\u015fl\u0131\u011f\u0131 Nas\u0131l Al\u0131n\u0131r?<\/strong><\/span><\/h2>\n<p><span style=\"font-family: Roboto; font-size: 14px;\"><strong>Portekiz vatanda\u015fl\u0131\u011f\u0131 nas\u0131l al\u0131n\u0131r<\/strong>\u00a0sorusuna yan\u0131t vermek gerekirse ki\u015filerin bir\u00e7ok alternatifi bulunuyor. Bu a\u015famada en \u00e7ok tercih edilen y\u00f6ntem para yat\u0131r\u0131m\u0131 yapmakt\u0131r. Bir gayrimenkule yat\u0131r\u0131m yapmak ya da i\u015f kurmak<strong> Portekiz vatanda\u015f\u0131<\/strong> olman\u0131za olanak tan\u0131yor. G\u00fcn\u00fcm\u00fczde bir\u00e7ok ki\u015fi bu i\u015flemlerden yararlanarak vatanda\u015f olabilmektedir. Vatanda\u015fl\u0131k i\u00e7in yat\u0131r\u0131m yapacaksan\u0131z \u015fu \u015fartlardan birini yerine getirmelisiniz:<\/span><\/p>\n<ul>\n<li><span style=\"font-family: Roboto; font-size: 14px;\">En az 500 bin Euro de\u011ferinde bir ticari gayrimenkul alman\u0131z gerekir. Bu Portekiz\u2019de herhangi bir yerde olabilir.<\/span><\/li>\n<li><span style=\"font-family: Roboto; font-size: 14px;\">En az 400 bin Euro de\u011ferinde N\u00fcfus yo\u011funlu\u011fu az olan bir yerde ticari gayrimenkul alabilirsiniz.<\/span><\/li>\n<li><span style=\"font-family: Roboto; font-size: 14px;\">En az 300 bin Euro de\u011ferinde bir yat\u0131r\u0131m olabilir. Yenileme projeleri kapsam\u0131nda bir yerden olabilir.<\/span><\/li>\n<li><span style=\"font-family: Roboto; font-size: 14px;\">En az 280 bin Euro de\u011ferinde bir gayrimenkul yat\u0131r\u0131m\u0131 olabilir. Buras\u0131 n\u00fcfus yo\u011funlu\u011fu \u00e7ok d\u00fc\u015f\u00fck olan bir yerde olabilir.<\/span><\/li>\n<li><span style=\"font-family: Roboto; font-size: 14px;\">Net olarak <strong>500 bin Euro<\/strong> Portekiz fon yat\u0131r\u0131m\u0131 yap\u0131labilir.<\/span><\/li>\n<\/ul>\n<p><span style=\"font-family: Roboto; font-size: 14px;\">Bu \u015fekilde bir vatanda\u015fl\u0131k kazanma \u015fans\u0131n\u0131z bulunur.<\/span><\/p>\n<h2><span style=\"font-family: Roboto; font-size: 27px;\"><strong>Portekiz Vatanda\u015fl\u0131k Ba\u015fvurusu<\/strong><\/span><\/h2>\n<p><span style=\"font-family: Roboto; font-size: 14px;\">Portekiz\u2019de uzun y\u0131llar ya\u015fayan ki\u015filer de belirli \u015fartlar dahilinde rahatl\u0131kla vatanda\u015fl\u0131k alabilme hakk\u0131na sahip olabiliyor. Ancak bu i\u015f i\u00e7in mutlaka\u00a0<strong>Portekiz vatanda\u015fl\u0131k ba\u015fvurusu<\/strong>\u00a0yap\u0131lmas\u0131 gerekiyor. Ba\u015fvuru s\u0131ras\u0131nda belirli d\u00fczeyde evraklar haz\u0131rlanmas\u0131 gerekiyor. Bu \u00fclkede hapis cezas\u0131 almamak ve yat\u0131r\u0131mlar\u0131n\u0131z\u0131 en az 5 sene tutmak gibi bir durum s\u00f6z konusudur. Ba\u015fvuru i\u015flemleri \u00f6ncesinde mutlaka <strong>Portekizce<\/strong> dilini ak\u0131c\u0131 bir \u015fekilde konu\u015fman\u0131z gerekiyor.<\/span><\/p>\n<p><span style=\"font-family: Roboto; font-size: 14px;\">Bunun yan\u0131nda dan\u0131\u015fmanl\u0131k hizmeti almak bu konuda daha rahat i\u015flem yapabilmeniz a\u00e7\u0131s\u0131ndan b\u00fcy\u00fck bir \u00f6nem ta\u015f\u0131maktad\u0131r.<strong> Portekiz vatanda\u015fl\u0131k i\u015flemleri<\/strong> bekledi\u011finizden uzun s\u00fcrebilmektedir. Ancak bu i\u015flemlerin hepsi tamamland\u0131ktan sonra pasaportun \u00e7\u0131kmas\u0131 yakla\u015f\u0131k olarak 5 i\u015f g\u00fcn\u00fc s\u00fcrmektedir. Bir\u00e7ok farkl\u0131 belge haz\u0131rlaman\u0131z bu s\u00fcre\u00e7te sizleri biraz yan\u0131ltan durumlar ortaya \u00e7\u0131kmas\u0131na neden olabilir. Bu nedenle profesyonellerden hizmet almak bu s\u00fcre\u00e7te vatanda\u015fl\u0131k i\u015flemlerinin daha kolay ve h\u0131zl\u0131 bir \u015fekilde y\u00fcr\u00fct\u00fclmesinde son derece etkilidir.<\/span><\/p>\n<h3><span style=\"font-family: Roboto; font-size: 24px;\"><strong>Portekiz Vatanda\u015fl\u0131k Randevusu<\/strong><\/span><\/h3>\n<p><span style=\"font-family: Roboto; font-size: 14px;\"><strong>Portekiz vatanda\u015fl\u0131k randevusu<\/strong>\u00a0almadan kesinlikle i\u015flemlere ba\u015flaman\u0131z gerekiyor. Randevu s\u0131ras\u0131nda sizlere birtak\u0131m m\u00fclakatlar yap\u0131labilir. Bu m\u00fclakatlara mutlaka uygun bir \u015fekilde kat\u0131lman\u0131z gerekiyor. Portekizcenizin iyi olmas\u0131 sizin i\u00e7in \u00f6nemli bir avantaj olacakt\u0131r. Bunun yan\u0131nda mutlaka gerekli evraklar\u0131n\u0131z da yan\u0131n\u0131zda olmal\u0131d\u0131r. Evraklar aras\u0131nda \u015funlar mutlaka olmal\u0131d\u0131r:<\/span><\/p>\n<ul>\n<li><span style=\"font-family: Roboto; font-size: 14px;\">\u0130mzal\u0131 \u00f6zge\u00e7mi\u015f ve dilek\u00e7e<\/span><\/li>\n<li><span style=\"font-family: Roboto; font-size: 14px;\">\u0130kametinize kay\u0131tl\u0131 olan son 3 ayl\u0131k ad\u0131n\u0131za bir fatura<\/span><\/li>\n<li><span style=\"font-family: Roboto; font-size: 14px;\">Evlenme ve sab\u0131ka kayd\u0131<\/span><\/li>\n<li><span style=\"font-family: Roboto; font-size: 14px;\">Pasaport tasdikli \u00f6rnekler<\/span><\/li>\n<li><span style=\"font-family: Roboto; font-size: 14px;\">Avukata verilecek bir vekaletname<\/span><\/li>\n<li><span style=\"font-family: Roboto; font-size: 14px;\">N\u00fcfus kay\u0131t \u00f6rnek belgesi<\/span><\/li>\n<li><span style=\"font-family: Roboto; font-size: 14px;\">Do\u011fum kay\u0131t \u00f6rnek belgesi<\/span><\/li>\n<li><span style=\"font-family: Roboto; font-size: 14px;\">\u00c7al\u0131\u015fma belgesi<\/span><\/li>\n<li><span style=\"font-family: Roboto; font-size: 14px;\">E\u015flerden istenilen belgeler<\/span><\/li>\n<\/ul>\n<p><span style=\"font-family: Roboto; font-size: 14px;\">Gibi bir\u00e7ok farkl\u0131 belge t\u00fcr\u00fc istenilmektedir. Dil seviyenizin de bu s\u00fcre\u00e7te mutlaka A2 seviyesinde olmas\u0131 gerekiyor. Bunun yan\u0131nda dan\u0131\u015fmanl\u0131k hizmeti ald\u0131\u011f\u0131n\u0131zda dil konusunda dan\u0131\u015fmanlar sizlere destek vereceklerdir.<strong> Dil s\u0131navlar\u0131<\/strong> bilgisayarl\u0131 ortamda yap\u0131l\u0131r ve s\u0131navlar 75 dakika s\u00fcrer. S\u00f6zl\u00fc m\u00fclakat s\u0131ras\u0131nda ise s\u0131navlar bir j\u00fcri \u00f6n\u00fcnde ger\u00e7ekle\u015ftirilmektedir. Yakla\u015f\u0131k 15 dakika s\u00fcrmektedir.<\/span><\/p>\n<\/div>\n","protected":false},"excerpt":{"rendered":"<p>Portekiz Vatanda\u015fl\u0131k \u0130\u015flemleri Hakk\u0131nda Portekiz vatanda\u015f\u0131 olmak isteyenlerin bunun i\u00e7in vatanda\u015fl\u0131k i\u015flemlerini yapmas\u0131 gerekir. 2012 y\u0131l\u0131ndan sonra yap\u0131lan d\u00fczenlemeyle birlikte vatanda\u015flar\u0131n Alt\u0131n vize almas\u0131 gerekir. Alt\u0131n vize sayesinde yat\u0131r\u0131m sistemiyle Portekiz\u2019e gidebilmek ve oran\u0131n vatanda\u015f\u0131 olabilmek m\u00fcmk\u00fcnd\u00fcr.\u00a0\u00a0Portekiz vizesi\u00a0almas\u0131 gerekmeksizin,\u00a0 Portekiz\u2019de s\u00fcresiz olarak oturum sa\u011flamak bu sistemle m\u00fcmk\u00fcnd\u00fcr.\u00a0 2012 y\u0131l\u0131nda getirilen bu uygulamaya, 2015 y\u0131l\u0131nda baz\u0131<\/p>\n","protected":false},"author":1,"featured_media":0,"parent":18,"menu_order":0,"comment_status":"open","ping_status":"closed","template":"","meta":{"footnotes":""},"class_list":["post-51","page","type-page","status-publish","hentry"],"yoast_head":"<!-- This site is optimized with the Yoast SEO plugin v24.0 - https:\/\/yoast.com\/wordpress\/plugins\/seo\/ -->\n<title>Portekiz Vatanda\u015fl\u0131k \u0130\u015flemleri - Portekiz Vize - MyVize<\/title>\n<meta name=\"description\" content=\"Portekiz vatanda\u015fl\u0131\u011f\u0131 ba\u015fvuru belgeleri. Portekiz vatanda\u015fl\u0131\u011f\u0131 i\u00e7in gerekli \u015fartlar. Portekiz vatanda\u015fl\u0131k i\u015flemleri.\" \/>\n<meta name=\"robots\" content=\"index, follow, max-snippet:-1, max-image-preview:large, max-video-preview:-1\" \/>\n<link rel=\"canonical\" href=\"https:\/\/www.myvize.com.tr\/portekiz\/vize-islemleri\/portekiz-vatandaslik-islemleri\/\" \/>\n<meta property=\"og:locale\" content=\"tr_TR\" \/>\n<meta property=\"og:type\" content=\"article\" \/>\n<meta property=\"og:title\" content=\"Portekiz Vatanda\u015fl\u0131k \u0130\u015flemleri - Portekiz Vize - MyVize\" \/>\n<meta property=\"og:description\" content=\"Portekiz vatanda\u015fl\u0131\u011f\u0131 ba\u015fvuru belgeleri. Portekiz vatanda\u015fl\u0131\u011f\u0131 i\u00e7in gerekli \u015fartlar. Portekiz vatanda\u015fl\u0131k i\u015flemleri.\" \/>\n<meta property=\"og:url\" content=\"https:\/\/www.myvize.com.tr\/portekiz\/vize-islemleri\/portekiz-vatandaslik-islemleri\/\" \/>\n<meta property=\"og:site_name\" content=\"Portekiz Vize \u0130\u015flemleri &amp; Portekiz Vize Ba\u015fvurusu\" \/>\n<meta property=\"article:modified_time\" content=\"2022-03-17T09:18:41+00:00\" \/>\n<meta property=\"og:image\" content=\"https:\/\/www.myvize.com.tr\/portekiz\/wp-content\/uploads\/2021\/10\/23.jpg\" \/>\n<meta name=\"twitter:card\" content=\"summary_large_image\" \/>\n<meta name=\"twitter:label1\" content=\"Tahmini okuma s\u00fcresi\" \/>\n\t<meta name=\"twitter:data1\" content=\"4 dakika\" \/>\n<script type=\"application\/ld+json\" class=\"yoast-schema-graph\">{\"@context\":\"https:\/\/schema.org\",\"@graph\":[{\"@type\":\"WebPage\",\"@id\":\"https:\/\/www.myvize.com.tr\/portekiz\/vize-islemleri\/portekiz-vatandaslik-islemleri\/\",\"url\":\"https:\/\/www.myvize.com.tr\/portekiz\/vize-islemleri\/portekiz-vatandaslik-islemleri\/\",\"name\":\"Portekiz Vatanda\u015fl\u0131k \u0130\u015flemleri - Portekiz Vize - MyVize\",\"isPartOf\":{\"@id\":\"https:\/\/www.myvize.com.tr\/portekiz\/#website\"},\"primaryImageOfPage\":{\"@id\":\"https:\/\/www.myvize.com.tr\/portekiz\/vize-islemleri\/portekiz-vatandaslik-islemleri\/#primaryimage\"},\"image\":{\"@id\":\"https:\/\/www.myvize.com.tr\/portekiz\/vize-islemleri\/portekiz-vatandaslik-islemleri\/#primaryimage\"},\"thumbnailUrl\":\"https:\/\/www.myvize.com.tr\/portekiz\/wp-content\/uploads\/2021\/10\/23.jpg\",\"datePublished\":\"2020-11-30T09:49:31+00:00\",\"dateModified\":\"2022-03-17T09:18:41+00:00\",\"description\":\"Portekiz vatanda\u015fl\u0131\u011f\u0131 ba\u015fvuru belgeleri. Portekiz vatanda\u015fl\u0131\u011f\u0131 i\u00e7in gerekli \u015fartlar. Portekiz vatanda\u015fl\u0131k i\u015flemleri.\",\"breadcrumb\":{\"@id\":\"https:\/\/www.myvize.com.tr\/portekiz\/vize-islemleri\/portekiz-vatandaslik-islemleri\/#breadcrumb\"},\"inLanguage\":\"tr\",\"potentialAction\":[{\"@type\":\"ReadAction\",\"target\":[\"https:\/\/www.myvize.com.tr\/portekiz\/vize-islemleri\/portekiz-vatandaslik-islemleri\/\"]}]},{\"@type\":\"ImageObject\",\"inLanguage\":\"tr\",\"@id\":\"https:\/\/www.myvize.com.tr\/portekiz\/vize-islemleri\/portekiz-vatandaslik-islemleri\/#primaryimage\",\"url\":\"https:\/\/www.myvize.com.tr\/portekiz\/wp-content\/uploads\/2021\/10\/23.jpg\",\"contentUrl\":\"https:\/\/www.myvize.com.tr\/portekiz\/wp-content\/uploads\/2021\/10\/23.jpg\",\"width\":800,\"height\":500,\"caption\":\"Portekiz Vatanda\u015fl\u0131k \u0130\u015flemleri\"},{\"@type\":\"BreadcrumbList\",\"@id\":\"https:\/\/www.myvize.com.tr\/portekiz\/vize-islemleri\/portekiz-vatandaslik-islemleri\/#breadcrumb\",\"itemListElement\":[{\"@type\":\"ListItem\",\"position\":1,\"name\":\"Anasayfa\",\"item\":\"https:\/\/www.myvize.com.tr\/portekiz\/\"},{\"@type\":\"ListItem\",\"position\":2,\"name\":\"PORTEK\u0130Z V\u0130ZE \u0130\u015eLEMLER\u0130\",\"item\":\"https:\/\/www.myvize.com.tr\/portekiz\/vize-islemleri\/\"},{\"@type\":\"ListItem\",\"position\":3,\"name\":\"Portekiz Vatanda\u015fl\u0131k \u0130\u015flemleri\"}]},{\"@type\":\"WebSite\",\"@id\":\"https:\/\/www.myvize.com.tr\/portekiz\/#website\",\"url\":\"https:\/\/www.myvize.com.tr\/portekiz\/\",\"name\":\"Portekiz Vize \u0130\u015flemleri &amp; Portekiz Vize Ba\u015fvurusu\",\"description\":\"\",\"potentialAction\":[{\"@type\":\"SearchAction\",\"target\":{\"@type\":\"EntryPoint\",\"urlTemplate\":\"https:\/\/www.myvize.com.tr\/portekiz\/?s={search_term_string}\"},\"query-input\":{\"@type\":\"PropertyValueSpecification\",\"valueRequired\":true,\"valueName\":\"search_term_string\"}}],\"inLanguage\":\"tr\"}]}<\/script>\n<!-- \/ Yoast SEO plugin. -->","yoast_head_json":{"title":"Portekiz Vatanda\u015fl\u0131k \u0130\u015flemleri - Portekiz Vize - MyVize","description":"Portekiz vatanda\u015fl\u0131\u011f\u0131 ba\u015fvuru belgeleri. Portekiz vatanda\u015fl\u0131\u011f\u0131 i\u00e7in gerekli \u015fartlar. Portekiz vatanda\u015fl\u0131k i\u015flemleri.","robots":{"index":"index","follow":"follow","max-snippet":"max-snippet:-1","max-image-preview":"max-image-preview:large","max-video-preview":"max-video-preview:-1"},"canonical":"https:\/\/www.myvize.com.tr\/portekiz\/vize-islemleri\/portekiz-vatandaslik-islemleri\/","og_locale":"tr_TR","og_type":"article","og_title":"Portekiz Vatanda\u015fl\u0131k \u0130\u015flemleri - Portekiz Vize - MyVize","og_description":"Portekiz vatanda\u015fl\u0131\u011f\u0131 ba\u015fvuru belgeleri. Portekiz vatanda\u015fl\u0131\u011f\u0131 i\u00e7in gerekli \u015fartlar. Portekiz vatanda\u015fl\u0131k i\u015flemleri.","og_url":"https:\/\/www.myvize.com.tr\/portekiz\/vize-islemleri\/portekiz-vatandaslik-islemleri\/","og_site_name":"Portekiz Vize \u0130\u015flemleri &amp; Portekiz Vize Ba\u015fvurusu","article_modified_time":"2022-03-17T09:18:41+00:00","og_image":[{"url":"https:\/\/www.myvize.com.tr\/portekiz\/wp-content\/uploads\/2021\/10\/23.jpg","type":"","width":"","height":""}],"twitter_card":"summary_large_image","twitter_misc":{"Tahmini okuma s\u00fcresi":"4 dakika"},"schema":{"@context":"https:\/\/schema.org","@graph":[{"@type":"WebPage","@id":"https:\/\/www.myvize.com.tr\/portekiz\/vize-islemleri\/portekiz-vatandaslik-islemleri\/","url":"https:\/\/www.myvize.com.tr\/portekiz\/vize-islemleri\/portekiz-vatandaslik-islemleri\/","name":"Portekiz Vatanda\u015fl\u0131k \u0130\u015flemleri - Portekiz Vize - MyVize","isPartOf":{"@id":"https:\/\/www.myvize.com.tr\/portekiz\/#website"},"primaryImageOfPage":{"@id":"https:\/\/www.myvize.com.tr\/portekiz\/vize-islemleri\/portekiz-vatandaslik-islemleri\/#primaryimage"},"image":{"@id":"https:\/\/www.myvize.com.tr\/portekiz\/vize-islemleri\/portekiz-vatandaslik-islemleri\/#primaryimage"},"thumbnailUrl":"https:\/\/www.myvize.com.tr\/portekiz\/wp-content\/uploads\/2021\/10\/23.jpg","datePublished":"2020-11-30T09:49:31+00:00","dateModified":"2022-03-17T09:18:41+00:00","description":"Portekiz vatanda\u015fl\u0131\u011f\u0131 ba\u015fvuru belgeleri. Portekiz vatanda\u015fl\u0131\u011f\u0131 i\u00e7in gerekli \u015fartlar. Portekiz vatanda\u015fl\u0131k i\u015flemleri.","breadcrumb":{"@id":"https:\/\/www.myvize.com.tr\/portekiz\/vize-islemleri\/portekiz-vatandaslik-islemleri\/#breadcrumb"},"inLanguage":"tr","potentialAction":[{"@type":"ReadAction","target":["https:\/\/www.myvize.com.tr\/portekiz\/vize-islemleri\/portekiz-vatandaslik-islemleri\/"]}]},{"@type":"ImageObject","inLanguage":"tr","@id":"https:\/\/www.myvize.com.tr\/portekiz\/vize-islemleri\/portekiz-vatandaslik-islemleri\/#primaryimage","url":"https:\/\/www.myvize.com.tr\/portekiz\/wp-content\/uploads\/2021\/10\/23.jpg","contentUrl":"https:\/\/www.myvize.com.tr\/portekiz\/wp-content\/uploads\/2021\/10\/23.jpg","width":800,"height":500,"caption":"Portekiz Vatanda\u015fl\u0131k \u0130\u015flemleri"},{"@type":"BreadcrumbList","@id":"https:\/\/www.myvize.com.tr\/portekiz\/vize-islemleri\/portekiz-vatandaslik-islemleri\/#breadcrumb","itemListElement":[{"@type":"ListItem","position":1,"name":"Anasayfa","item":"https:\/\/www.myvize.com.tr\/portekiz\/"},{"@type":"ListItem","position":2,"name":"PORTEK\u0130Z V\u0130ZE \u0130\u015eLEMLER\u0130","item":"https:\/\/www.myvize.com.tr\/portekiz\/vize-islemleri\/"},{"@type":"ListItem","position":3,"name":"Portekiz Vatanda\u015fl\u0131k \u0130\u015flemleri"}]},{"@type":"WebSite","@id":"https:\/\/www.myvize.com.tr\/portekiz\/#website","url":"https:\/\/www.myvize.com.tr\/portekiz\/","name":"Portekiz Vize \u0130\u015flemleri &amp; Portekiz Vize Ba\u015fvurusu","description":"","potentialAction":[{"@type":"SearchAction","target":{"@type":"EntryPoint","urlTemplate":"https:\/\/www.myvize.com.tr\/portekiz\/?s={search_term_string}"},"query-input":{"@type":"PropertyValueSpecification","valueRequired":true,"valueName":"search_term_string"}}],"inLanguage":"tr"}]}},"_links":{"self":[{"href":"https:\/\/www.myvize.com.tr\/portekiz\/wp-json\/wp\/v2\/pages\/51","targetHints":{"allow":["GET"]}}],"collection":[{"href":"https:\/\/www.myvize.com.tr\/portekiz\/wp-json\/wp\/v2\/pages"}],"about":[{"href":"https:\/\/www.myvize.com.tr\/portekiz\/wp-json\/wp\/v2\/types\/page"}],"author":[{"embeddable":true,"href":"https:\/\/www.myvize.com.tr\/portekiz\/wp-json\/wp\/v2\/users\/1"}],"replies":[{"embeddable":true,"href":"https:\/\/www.myvize.com.tr\/portekiz\/wp-json\/wp\/v2\/comments?post=51"}],"version-history":[{"count":7,"href":"https:\/\/www.myvize.com.tr\/portekiz\/wp-json\/wp\/v2\/pages\/51\/revisions"}],"predecessor-version":[{"id":710,"href":"https:\/\/www.myvize.com.tr\/portekiz\/wp-json\/wp\/v2\/pages\/51\/revisions\/710"}],"up":[{"embeddable":true,"href":"https:\/\/www.myvize.com.tr\/portekiz\/wp-json\/wp\/v2\/pages\/18"}],"wp:attachment":[{"href":"https:\/\/www.myvize.com.tr\/portekiz\/wp-json\/wp\/v2\/media?parent=51"}],"curies":[{"name":"wp","href":"https:\/\/api.w.org\/{rel}","templated":true}]}}