{"id":69,"date":"2021-06-08T12:00:37","date_gmt":"2021-06-08T09:00:37","guid":{"rendered":"https:\/\/www.myvize.com.tr\/portekiz\/?page_id=69"},"modified":"2022-04-27T16:48:16","modified_gmt":"2022-04-27T13:48:16","slug":"konsolosluklar","status":"publish","type":"page","link":"https:\/\/www.myvize.com.tr\/portekiz\/konsolosluklar\/","title":{"rendered":"KONSOLOSLUKLAR"},"content":{"rendered":"<p><span style=\"font-family: Roboto;\"><\/span><\/p>\r\n<p><span style=\"font-family: Roboto; font-size: 14px;\">Portekiz Konsoloslu\u011fu, Portekiz H\u00fck\u00fcmeti taraf\u0131ndan yetkilendirilen kurumlardand\u0131r. Konsolosluk bir\u00e7ok alanda g\u00f6revlendirilmi\u015f olup geni\u015f yetkilere sahiptir. T\u00fcrkiye\u2019de ya\u015fayan Portekiz vatanda\u015flar\u0131n\u0131n t\u00fcm yasal haklar\u0131n\u0131n korunmas\u0131 bu kurumun g\u00f6rev alan\u0131 i\u00e7erisinde yer almaktad\u0131r. Bunlara ek olarak uluslararas\u0131 alanda Portekiz\u2019in haklar\u0131n\u0131n korunmas\u0131, temsil edilmesi konular\u0131nda da \u00e7e\u015fitli organizasyonlar d\u00fczenleme yetkisine sahiptir.<\/span><\/p>\r\n<p><span style=\"font-family: Roboto; font-size: 14px;\">\r\n\r\n<\/span><\/p>\r\n<p><span style=\"font-family: Roboto; font-size: 14px;\">Konsolosluk yurt d\u0131\u015f\u0131ndan gelen t\u00fcm heyetleri kar\u015f\u0131lamak ve diplomatik ili\u015fkileri geli\u015ftirmekten sorumludur. T\u00fcrkiye\u2019de ki geli\u015fmeleri takip ederek kendi \u00fclkesini bilgilendirmek ve burada yat\u0131r\u0131m yapmak isteyen Portekiz vatanda\u015flar\u0131na gerekli ticari dan\u0131\u015fmanl\u0131k hizmetlerini vermekle y\u00fck\u00fcml\u00fcd\u00fcr. Portekiz Konsolosluklar\u0131 kendi hizmet b\u00f6lgelerinde g\u00f6rev ve sorumluluklar\u0131n\u0131 yerine getirmek durumundad\u0131rlar. Bu b\u00f6lge d\u0131\u015f\u0131nda g\u00f6rev ve yetkileri bulunmamaktad\u0131r.<\/span><\/p>\r\n<p><span style=\"font-family: Roboto; font-size: 14px;\">\r\n\r\n<\/span><\/p>\r\n<h2><span style=\"font-family: Roboto; font-size: 27px;\"><strong>Portekiz Konsoloslu\u011fu G\u00f6revleri ve Yetkileri<\/strong><\/span><\/h2>\r\n<p><span style=\"font-family: Roboto; font-size: 14px;\">\r\n\r\n<\/span><\/p>\r\n<p><span style=\"font-family: Roboto; font-size: 14px;\">Portekiz Konsoloslu\u011funun en birincil g\u00f6revi kendi vatanda\u015flar\u0131n\u0131n resmi i\u015flemlerini yapmakt\u0131r. Bu i\u015flemler i\u00e7erisinde evlenme, bo\u015fanma, do\u011fum, \u00f6l\u00fcm, askerlik i\u015flemleri gibi bir\u00e7ok alan bulunmaktad\u0131r. T\u00fcm bu resmi i\u015flemler s\u0131ras\u0131nda gerekli kolan evraklar konsolosluklar taraf\u0131ndan haz\u0131rlanmaktad\u0131r. Bunlar\u0131n yan\u0131nda yeni bir kimlik \u00e7\u0131kar\u0131lmas\u0131, de\u011fi\u015ftirilmesi ya da pasaport i\u015flemleri konular\u0131nda da yine Portekiz vatanda\u015flar\u0131na hizmetler verilmektedir.<\/span><\/p>\r\n<p><span style=\"font-family: Roboto; font-size: 14px;\">\r\n\r\n<\/span><\/p>\r\n<p><span style=\"font-family: Roboto; font-size: 14px;\">Portekiz Konsoloslu\u011fu T\u00fcrk vatanda\u015flar\u0131na ve T\u00fcrkiye\u2019de konaklayan ya da ikamet eden di\u011fer \u00fclkelerin vatanda\u015flar\u0131na da hizmetler vermektedir. Turistik, ticari, aile ve arkada\u015f ziyareti, \u00e7al\u0131\u015fma ve e\u011fitim vizeleri gibi vize t\u00fcrlerinde bu ki\u015filere hizmetler vermektedir. Ancak vize i\u015flemlerinde dikkat edilmesi gereken kurumlar\u0131n istemi\u015f oldu\u011fu evraklar\u0131n\u0131 eksiksiz olarak haz\u0131rlamak olacakt\u0131r. Vize har\u00e7 bedelleri ile evrak listeleri her y\u0131l g\u00fcncellendi\u011finden kurumlardan bu bilgileri g\u00fcncel olarak alabilirsiniz. Vize kabl ve ret karar\u0131 konsolosluklar\u0131n inisiyatifine b\u0131rak\u0131lm\u0131\u015ft\u0131r.<\/span><\/p>\r\n<p><span style=\"font-family: Roboto; font-size: 14px;\">\r\n\r\n<\/span><\/p>\r\n<p><span style=\"font-family: Roboto; font-size: 14px;\">Konsolosluklar iki \u00fclke aras\u0131nda ki ili\u015fkilerin geli\u015ftirilmesi konular\u0131nda da son derece iyi hizmetler vermektedir. Bu hizmetler kapsam\u0131nda \u00e7e\u015fitli organizasyonlar\u0131n d\u00fczenlenmesi, k\u00fclt\u00fcr ve sanat etkinliklerinin yap\u0131lmas\u0131 gibi konularda g\u00f6revlerini yerine getirmek durumundad\u0131rlar.<\/span><\/p>\r\n<p><span style=\"font-family: Roboto;\"><\/span><\/p>","protected":false},"excerpt":{"rendered":"<p>Portekiz Konsoloslu\u011fu, Portekiz H\u00fck\u00fcmeti taraf\u0131ndan yetkilendirilen kurumlardand\u0131r. Konsolosluk bir\u00e7ok alanda g\u00f6revlendirilmi\u015f olup geni\u015f yetkilere sahiptir. T\u00fcrkiye\u2019de ya\u015fayan Portekiz vatanda\u015flar\u0131n\u0131n t\u00fcm yasal haklar\u0131n\u0131n korunmas\u0131 bu kurumun g\u00f6rev alan\u0131 i\u00e7erisinde yer almaktad\u0131r. Bunlara ek olarak uluslararas\u0131 alanda Portekiz\u2019in haklar\u0131n\u0131n korunmas\u0131, temsil edilmesi konular\u0131nda da \u00e7e\u015fitli organizasyonlar d\u00fczenleme yetkisine sahiptir. Konsolosluk yurt d\u0131\u015f\u0131ndan gelen t\u00fcm heyetleri kar\u015f\u0131lamak ve<\/p>\n","protected":false},"author":1,"featured_media":0,"parent":0,"menu_order":0,"comment_status":"closed","ping_status":"closed","template":"","meta":{"footnotes":""},"class_list":["post-69","page","type-page","status-publish","hentry"],"yoast_head":"<!-- This site is optimized with the Yoast SEO plugin v24.0 - https:\/\/yoast.com\/wordpress\/plugins\/seo\/ -->\n<title>Portekiz Konsolosluk \u0130\u015flem Ba\u015fvurusu - MyVize<\/title>\n<meta name=\"description\" content=\"Portekiz Konsolosluklar\u0131n harital\u0131 a\u00e7\u0131k adresleri, Portekiz Konsolosluklar ve El\u00e7ilik listeleri. Portekiz Konsolosluklar ve yetki alanlar\u0131.\" \/>\n<meta name=\"robots\" content=\"index, follow, max-snippet:-1, max-image-preview:large, max-video-preview:-1\" \/>\n<link rel=\"canonical\" href=\"https:\/\/www.myvize.com.tr\/portekiz\/konsolosluklar\/\" \/>\n<meta property=\"og:locale\" content=\"tr_TR\" \/>\n<meta property=\"og:type\" content=\"article\" \/>\n<meta property=\"og:title\" content=\"Portekiz Konsolosluk \u0130\u015flem Ba\u015fvurusu - MyVize\" \/>\n<meta property=\"og:description\" content=\"Portekiz Konsolosluklar\u0131n harital\u0131 a\u00e7\u0131k adresleri, Portekiz Konsolosluklar ve El\u00e7ilik listeleri. Portekiz Konsolosluklar ve yetki alanlar\u0131.\" \/>\n<meta property=\"og:url\" content=\"https:\/\/www.myvize.com.tr\/portekiz\/konsolosluklar\/\" \/>\n<meta property=\"og:site_name\" content=\"Portekiz Vize \u0130\u015flemleri &amp; Portekiz Vize Ba\u015fvurusu\" \/>\n<meta property=\"article:modified_time\" content=\"2022-04-27T13:48:16+00:00\" \/>\n<meta name=\"twitter:card\" content=\"summary_large_image\" \/>\n<meta name=\"twitter:label1\" content=\"Tahmini okuma s\u00fcresi\" \/>\n\t<meta name=\"twitter:data1\" content=\"2 dakika\" \/>\n<script type=\"application\/ld+json\" class=\"yoast-schema-graph\">{\"@context\":\"https:\/\/schema.org\",\"@graph\":[{\"@type\":\"WebPage\",\"@id\":\"https:\/\/www.myvize.com.tr\/portekiz\/konsolosluklar\/\",\"url\":\"https:\/\/www.myvize.com.tr\/portekiz\/konsolosluklar\/\",\"name\":\"Portekiz Konsolosluk \u0130\u015flem Ba\u015fvurusu - MyVize\",\"isPartOf\":{\"@id\":\"https:\/\/www.myvize.com.tr\/portekiz\/#website\"},\"datePublished\":\"2021-06-08T09:00:37+00:00\",\"dateModified\":\"2022-04-27T13:48:16+00:00\",\"description\":\"Portekiz Konsolosluklar\u0131n harital\u0131 a\u00e7\u0131k adresleri, Portekiz Konsolosluklar ve El\u00e7ilik listeleri. Portekiz Konsolosluklar ve yetki alanlar\u0131.\",\"breadcrumb\":{\"@id\":\"https:\/\/www.myvize.com.tr\/portekiz\/konsolosluklar\/#breadcrumb\"},\"inLanguage\":\"tr\",\"potentialAction\":[{\"@type\":\"ReadAction\",\"target\":[\"https:\/\/www.myvize.com.tr\/portekiz\/konsolosluklar\/\"]}]},{\"@type\":\"BreadcrumbList\",\"@id\":\"https:\/\/www.myvize.com.tr\/portekiz\/konsolosluklar\/#breadcrumb\",\"itemListElement\":[{\"@type\":\"ListItem\",\"position\":1,\"name\":\"Anasayfa\",\"item\":\"https:\/\/www.myvize.com.tr\/portekiz\/\"},{\"@type\":\"ListItem\",\"position\":2,\"name\":\"KONSOLOSLUKLAR\"}]},{\"@type\":\"WebSite\",\"@id\":\"https:\/\/www.myvize.com.tr\/portekiz\/#website\",\"url\":\"https:\/\/www.myvize.com.tr\/portekiz\/\",\"name\":\"Portekiz Vize \u0130\u015flemleri &amp; Portekiz Vize Ba\u015fvurusu\",\"description\":\"\",\"potentialAction\":[{\"@type\":\"SearchAction\",\"target\":{\"@type\":\"EntryPoint\",\"urlTemplate\":\"https:\/\/www.myvize.com.tr\/portekiz\/?s={search_term_string}\"},\"query-input\":{\"@type\":\"PropertyValueSpecification\",\"valueRequired\":true,\"valueName\":\"search_term_string\"}}],\"inLanguage\":\"tr\"}]}<\/script>\n<!-- \/ Yoast SEO plugin. -->","yoast_head_json":{"title":"Portekiz Konsolosluk \u0130\u015flem Ba\u015fvurusu - MyVize","description":"Portekiz Konsolosluklar\u0131n harital\u0131 a\u00e7\u0131k adresleri, Portekiz Konsolosluklar ve El\u00e7ilik listeleri. Portekiz Konsolosluklar ve yetki alanlar\u0131.","robots":{"index":"index","follow":"follow","max-snippet":"max-snippet:-1","max-image-preview":"max-image-preview:large","max-video-preview":"max-video-preview:-1"},"canonical":"https:\/\/www.myvize.com.tr\/portekiz\/konsolosluklar\/","og_locale":"tr_TR","og_type":"article","og_title":"Portekiz Konsolosluk \u0130\u015flem Ba\u015fvurusu - MyVize","og_description":"Portekiz Konsolosluklar\u0131n harital\u0131 a\u00e7\u0131k adresleri, Portekiz Konsolosluklar ve El\u00e7ilik listeleri. Portekiz Konsolosluklar ve yetki alanlar\u0131.","og_url":"https:\/\/www.myvize.com.tr\/portekiz\/konsolosluklar\/","og_site_name":"Portekiz Vize \u0130\u015flemleri &amp; Portekiz Vize Ba\u015fvurusu","article_modified_time":"2022-04-27T13:48:16+00:00","twitter_card":"summary_large_image","twitter_misc":{"Tahmini okuma s\u00fcresi":"2 dakika"},"schema":{"@context":"https:\/\/schema.org","@graph":[{"@type":"WebPage","@id":"https:\/\/www.myvize.com.tr\/portekiz\/konsolosluklar\/","url":"https:\/\/www.myvize.com.tr\/portekiz\/konsolosluklar\/","name":"Portekiz Konsolosluk \u0130\u015flem Ba\u015fvurusu - MyVize","isPartOf":{"@id":"https:\/\/www.myvize.com.tr\/portekiz\/#website"},"datePublished":"2021-06-08T09:00:37+00:00","dateModified":"2022-04-27T13:48:16+00:00","description":"Portekiz Konsolosluklar\u0131n harital\u0131 a\u00e7\u0131k adresleri, Portekiz Konsolosluklar ve El\u00e7ilik listeleri. Portekiz Konsolosluklar ve yetki alanlar\u0131.","breadcrumb":{"@id":"https:\/\/www.myvize.com.tr\/portekiz\/konsolosluklar\/#breadcrumb"},"inLanguage":"tr","potentialAction":[{"@type":"ReadAction","target":["https:\/\/www.myvize.com.tr\/portekiz\/konsolosluklar\/"]}]},{"@type":"BreadcrumbList","@id":"https:\/\/www.myvize.com.tr\/portekiz\/konsolosluklar\/#breadcrumb","itemListElement":[{"@type":"ListItem","position":1,"name":"Anasayfa","item":"https:\/\/www.myvize.com.tr\/portekiz\/"},{"@type":"ListItem","position":2,"name":"KONSOLOSLUKLAR"}]},{"@type":"WebSite","@id":"https:\/\/www.myvize.com.tr\/portekiz\/#website","url":"https:\/\/www.myvize.com.tr\/portekiz\/","name":"Portekiz Vize \u0130\u015flemleri &amp; Portekiz Vize Ba\u015fvurusu","description":"","potentialAction":[{"@type":"SearchAction","target":{"@type":"EntryPoint","urlTemplate":"https:\/\/www.myvize.com.tr\/portekiz\/?s={search_term_string}"},"query-input":{"@type":"PropertyValueSpecification","valueRequired":true,"valueName":"search_term_string"}}],"inLanguage":"tr"}]}},"_links":{"self":[{"href":"https:\/\/www.myvize.com.tr\/portekiz\/wp-json\/wp\/v2\/pages\/69","targetHints":{"allow":["GET"]}}],"collection":[{"href":"https:\/\/www.myvize.com.tr\/portekiz\/wp-json\/wp\/v2\/pages"}],"about":[{"href":"https:\/\/www.myvize.com.tr\/portekiz\/wp-json\/wp\/v2\/types\/page"}],"author":[{"embeddable":true,"href":"https:\/\/www.myvize.com.tr\/portekiz\/wp-json\/wp\/v2\/users\/1"}],"replies":[{"embeddable":true,"href":"https:\/\/www.myvize.com.tr\/portekiz\/wp-json\/wp\/v2\/comments?post=69"}],"version-history":[{"count":5,"href":"https:\/\/www.myvize.com.tr\/portekiz\/wp-json\/wp\/v2\/pages\/69\/revisions"}],"predecessor-version":[{"id":752,"href":"https:\/\/www.myvize.com.tr\/portekiz\/wp-json\/wp\/v2\/pages\/69\/revisions\/752"}],"wp:attachment":[{"href":"https:\/\/www.myvize.com.tr\/portekiz\/wp-json\/wp\/v2\/media?parent=69"}],"curies":[{"name":"wp","href":"https:\/\/api.w.org\/{rel}","templated":true}]}}