{"id":86,"date":"2020-11-30T13:05:31","date_gmt":"2020-11-30T10:05:31","guid":{"rendered":"https:\/\/www.myvize.com.tr\/portekiz\/?page_id=86"},"modified":"2022-04-27T16:56:51","modified_gmt":"2022-04-27T13:56:51","slug":"edirne-fahri-konsoloslugu","status":"publish","type":"page","link":"https:\/\/www.myvize.com.tr\/portekiz\/konsolosluklar\/edirne-fahri-konsoloslugu\/","title":{"rendered":"Portekiz Edirne Fahri Konsoloslu\u011fu"},"content":{"rendered":"<h2><span style=\"font-family: Roboto; font-size: 27px;\"><b>Edirne Fahri Konsoloslu\u011fu Ula\u015f\u0131m<\/b><\/span><\/h2>\n<p><span style=\"font-family: Roboto; font-size: 14px;\"><strong>Portekiz Edirne Fahri Konsoloslu\u011fu<\/strong> olarak bilinen <strong>Edirne Portekiz Konsoloslu\u011fu<\/strong> Portekiz\u2019in T\u00fcrkiye\u2019de yer alan diplomatik nitelikte olmayan fahri temsilcilikleri aras\u0131nda yer almaktad\u0131r. Portekiz Edirne Fahri Konsoloslu\u011fu\u2019nun g\u00f6rev, yetkileri ve sorumluluklar\u0131 aras\u0131nda <span style=\"color: #2acec2;\"><strong><a style=\"color: #2acec2;\" href=\"https:\/\/www.myvize.com.tr\/portekiz\/subelerimiz\/edirne\/\" target=\"_blank\" rel=\"noopener\">Edirne<\/a><\/strong><\/span> ve \u00e7evre illerde ya\u015fayan Portekiz vatanda\u015flar\u0131n\u0131n vefat, do\u011fum, noter i\u015flemleri, pasaport ve kimlik yenileme, kay\u0131p-\u00e7al\u0131nt\u0131 bildirimi ile evlilik gibi i\u015flemler i\u00e7in ba\u015fvuru yap\u0131lmas\u0131 ile y\u00fcr\u00fct\u00fclmesi vard\u0131r.<\/span><\/p>\n<p><span style=\"font-family: Roboto; font-size: 14px;\"><strong>Edirne Portekiz Fahri Konsoloslu\u011fu<\/strong> diplomatik olarak yetkilendirilmeyen bir kurum oldu\u011fu i\u00e7in vize ba\u015fvurular\u0131na onay verme konusunda bir yetkisi yoktur. Portekiz B\u00fcy\u00fckel\u00e7ili\u011fi\u2019ne ba\u011fl\u0131 olarak faaliyet g\u00f6sterebilmektedir. B\u00fcy\u00fckel\u00e7ili\u011fe ba\u011fl\u0131 olarak faaliyet g\u00f6sterdi\u011finden b\u00fcy\u00fckel\u00e7ilik taraf\u0131ndan tan\u0131mlanan ve g\u00f6revlendirilen konularda gerekli i\u015flemleri yerine getirmekle y\u00fck\u00fcml\u00fcd\u00fcr. Ayr\u0131ca san\u0131lan\u0131n aksine vize verme veya onaylama yetkileri de yoktur. Yaln\u0131zca \u00e7ok acil durumlarda belge tasdiki i\u015flemleri yap\u0131labilmektedir.<\/span><\/p>\n<p><span style=\"font-family: Roboto; font-size: 14px;\"><strong>Portekiz Edirne Fahri Konsoloslu\u011fu<\/strong>, T\u00fcrkiye Cumhuriyeti\u2019nde bulunan veya ya\u015fayan Portekiz vatanda\u015flar\u0131 ile T\u00fcrkiye vatanda\u015flar\u0131 aras\u0131ndaki ticari ili\u015fkilerin d\u00fczenlenmesi ve destek olunmas\u0131 ile baz\u0131 konularda da <strong>Portekiz vatanda\u015flar\u0131na<\/strong> rehberlik yap\u0131lmas\u0131 i\u00e7in kurulmu\u015f bir temsilciliktir. Edirne ve \u00e7evre \u015fehirlerde i\u015f kuran, i\u015f faaliyeti y\u00fcr\u00fcten Portekiz vatanda\u015flar\u0131na destek sunmaktad\u0131r.<\/span><\/p>\n<p><span style=\"font-family: Roboto; font-size: 14px;\"><strong>Edirne Fahri Konsoloslu\u011fu ula\u015f\u0131m\u00a0<\/strong>bilgisi \u015e\u00fckr\u00fcpa\u015fa Mahallesi, Turan Dursun Caddesi, No: 74, Daire: 2, Edirne Merkez\/Edirne olarak tan\u0131mlanm\u0131\u015ft\u0131r.<\/span><\/p>\n<p><span style=\"font-family: Roboto; font-size: 14px;\"><span style=\"color: #2acec2;\"><strong><a style=\"color: #2acec2;\" href=\"https:\/\/www.myvize.com.tr\/portekiz\/vize-islemleri\/portekiz-vize-randevusu\/\" target=\"_blank\" rel=\"noopener\">Portekiz Vize Randevusu <\/a><\/strong><\/span>ile ilgili bilgi almak i\u00e7in bizi aray\u0131n.<\/span><\/p>\n","protected":false},"excerpt":{"rendered":"<p>Edirne Fahri Konsoloslu\u011fu Ula\u015f\u0131m Portekiz Edirne Fahri Konsoloslu\u011fu olarak bilinen Edirne Portekiz Konsoloslu\u011fu Portekiz\u2019in T\u00fcrkiye\u2019de yer alan diplomatik nitelikte olmayan fahri temsilcilikleri aras\u0131nda yer almaktad\u0131r. Portekiz Edirne Fahri Konsoloslu\u011fu\u2019nun g\u00f6rev, yetkileri ve sorumluluklar\u0131 aras\u0131nda Edirne ve \u00e7evre illerde ya\u015fayan Portekiz vatanda\u015flar\u0131n\u0131n vefat, do\u011fum, noter i\u015flemleri, pasaport ve kimlik yenileme, kay\u0131p-\u00e7al\u0131nt\u0131 bildirimi ile evlilik gibi i\u015flemler<\/p>\n","protected":false},"author":1,"featured_media":0,"parent":69,"menu_order":0,"comment_status":"open","ping_status":"closed","template":"","meta":{"footnotes":""},"class_list":["post-86","page","type-page","status-publish","hentry"],"yoast_head":"<!-- This site is optimized with the Yoast SEO plugin v24.0 - https:\/\/yoast.com\/wordpress\/plugins\/seo\/ -->\n<title>Portekiz Konsoloslu\u011fu Edirne Vize \u0130\u015flemleri - MyVize<\/title>\n<meta name=\"description\" content=\"Portekiz Edirne Fahri Konsoloslu\u011fu \u00e7al\u0131\u015fma saatleri. Portekiz Edirne Fahri Konsoloslu\u011fu ula\u015f\u0131m, ileti\u015fim bilgileri ve faaliyet alan\u0131.\" \/>\n<meta name=\"robots\" content=\"index, follow, max-snippet:-1, max-image-preview:large, max-video-preview:-1\" \/>\n<link rel=\"canonical\" href=\"https:\/\/www.myvize.com.tr\/portekiz\/konsolosluklar\/edirne-fahri-konsoloslugu\/\" \/>\n<meta property=\"og:locale\" content=\"tr_TR\" \/>\n<meta property=\"og:type\" content=\"article\" \/>\n<meta property=\"og:title\" content=\"Portekiz Konsoloslu\u011fu Edirne Vize \u0130\u015flemleri - MyVize\" \/>\n<meta property=\"og:description\" content=\"Portekiz Edirne Fahri Konsoloslu\u011fu \u00e7al\u0131\u015fma saatleri. Portekiz Edirne Fahri Konsoloslu\u011fu ula\u015f\u0131m, ileti\u015fim bilgileri ve faaliyet alan\u0131.\" \/>\n<meta property=\"og:url\" content=\"https:\/\/www.myvize.com.tr\/portekiz\/konsolosluklar\/edirne-fahri-konsoloslugu\/\" \/>\n<meta property=\"og:site_name\" content=\"Portekiz Vize \u0130\u015flemleri &amp; Portekiz Vize Ba\u015fvurusu\" \/>\n<meta property=\"article:modified_time\" content=\"2022-04-27T13:56:51+00:00\" \/>\n<meta name=\"twitter:card\" content=\"summary_large_image\" \/>\n<meta name=\"twitter:label1\" content=\"Tahmini okuma s\u00fcresi\" \/>\n\t<meta name=\"twitter:data1\" content=\"1 dakika\" \/>\n<script type=\"application\/ld+json\" class=\"yoast-schema-graph\">{\"@context\":\"https:\/\/schema.org\",\"@graph\":[{\"@type\":\"WebPage\",\"@id\":\"https:\/\/www.myvize.com.tr\/portekiz\/konsolosluklar\/edirne-fahri-konsoloslugu\/\",\"url\":\"https:\/\/www.myvize.com.tr\/portekiz\/konsolosluklar\/edirne-fahri-konsoloslugu\/\",\"name\":\"Portekiz Konsoloslu\u011fu Edirne Vize \u0130\u015flemleri - MyVize\",\"isPartOf\":{\"@id\":\"https:\/\/www.myvize.com.tr\/portekiz\/#website\"},\"datePublished\":\"2020-11-30T10:05:31+00:00\",\"dateModified\":\"2022-04-27T13:56:51+00:00\",\"description\":\"Portekiz Edirne Fahri Konsoloslu\u011fu \u00e7al\u0131\u015fma saatleri. Portekiz Edirne Fahri Konsoloslu\u011fu ula\u015f\u0131m, ileti\u015fim bilgileri ve faaliyet alan\u0131.\",\"breadcrumb\":{\"@id\":\"https:\/\/www.myvize.com.tr\/portekiz\/konsolosluklar\/edirne-fahri-konsoloslugu\/#breadcrumb\"},\"inLanguage\":\"tr\",\"potentialAction\":[{\"@type\":\"ReadAction\",\"target\":[\"https:\/\/www.myvize.com.tr\/portekiz\/konsolosluklar\/edirne-fahri-konsoloslugu\/\"]}]},{\"@type\":\"BreadcrumbList\",\"@id\":\"https:\/\/www.myvize.com.tr\/portekiz\/konsolosluklar\/edirne-fahri-konsoloslugu\/#breadcrumb\",\"itemListElement\":[{\"@type\":\"ListItem\",\"position\":1,\"name\":\"Anasayfa\",\"item\":\"https:\/\/www.myvize.com.tr\/portekiz\/\"},{\"@type\":\"ListItem\",\"position\":2,\"name\":\"KONSOLOSLUKLAR\",\"item\":\"https:\/\/www.myvize.com.tr\/portekiz\/konsolosluklar\/\"},{\"@type\":\"ListItem\",\"position\":3,\"name\":\"Portekiz Edirne Fahri Konsoloslu\u011fu\"}]},{\"@type\":\"WebSite\",\"@id\":\"https:\/\/www.myvize.com.tr\/portekiz\/#website\",\"url\":\"https:\/\/www.myvize.com.tr\/portekiz\/\",\"name\":\"Portekiz Vize \u0130\u015flemleri &amp; Portekiz Vize Ba\u015fvurusu\",\"description\":\"\",\"potentialAction\":[{\"@type\":\"SearchAction\",\"target\":{\"@type\":\"EntryPoint\",\"urlTemplate\":\"https:\/\/www.myvize.com.tr\/portekiz\/?s={search_term_string}\"},\"query-input\":{\"@type\":\"PropertyValueSpecification\",\"valueRequired\":true,\"valueName\":\"search_term_string\"}}],\"inLanguage\":\"tr\"}]}<\/script>\n<!-- \/ Yoast SEO plugin. -->","yoast_head_json":{"title":"Portekiz Konsoloslu\u011fu Edirne Vize \u0130\u015flemleri - MyVize","description":"Portekiz Edirne Fahri Konsoloslu\u011fu \u00e7al\u0131\u015fma saatleri. Portekiz Edirne Fahri Konsoloslu\u011fu ula\u015f\u0131m, ileti\u015fim bilgileri ve faaliyet alan\u0131.","robots":{"index":"index","follow":"follow","max-snippet":"max-snippet:-1","max-image-preview":"max-image-preview:large","max-video-preview":"max-video-preview:-1"},"canonical":"https:\/\/www.myvize.com.tr\/portekiz\/konsolosluklar\/edirne-fahri-konsoloslugu\/","og_locale":"tr_TR","og_type":"article","og_title":"Portekiz Konsoloslu\u011fu Edirne Vize \u0130\u015flemleri - MyVize","og_description":"Portekiz Edirne Fahri Konsoloslu\u011fu \u00e7al\u0131\u015fma saatleri. Portekiz Edirne Fahri Konsoloslu\u011fu ula\u015f\u0131m, ileti\u015fim bilgileri ve faaliyet alan\u0131.","og_url":"https:\/\/www.myvize.com.tr\/portekiz\/konsolosluklar\/edirne-fahri-konsoloslugu\/","og_site_name":"Portekiz Vize \u0130\u015flemleri &amp; Portekiz Vize Ba\u015fvurusu","article_modified_time":"2022-04-27T13:56:51+00:00","twitter_card":"summary_large_image","twitter_misc":{"Tahmini okuma s\u00fcresi":"1 dakika"},"schema":{"@context":"https:\/\/schema.org","@graph":[{"@type":"WebPage","@id":"https:\/\/www.myvize.com.tr\/portekiz\/konsolosluklar\/edirne-fahri-konsoloslugu\/","url":"https:\/\/www.myvize.com.tr\/portekiz\/konsolosluklar\/edirne-fahri-konsoloslugu\/","name":"Portekiz Konsoloslu\u011fu Edirne Vize \u0130\u015flemleri - MyVize","isPartOf":{"@id":"https:\/\/www.myvize.com.tr\/portekiz\/#website"},"datePublished":"2020-11-30T10:05:31+00:00","dateModified":"2022-04-27T13:56:51+00:00","description":"Portekiz Edirne Fahri Konsoloslu\u011fu \u00e7al\u0131\u015fma saatleri. Portekiz Edirne Fahri Konsoloslu\u011fu ula\u015f\u0131m, ileti\u015fim bilgileri ve faaliyet alan\u0131.","breadcrumb":{"@id":"https:\/\/www.myvize.com.tr\/portekiz\/konsolosluklar\/edirne-fahri-konsoloslugu\/#breadcrumb"},"inLanguage":"tr","potentialAction":[{"@type":"ReadAction","target":["https:\/\/www.myvize.com.tr\/portekiz\/konsolosluklar\/edirne-fahri-konsoloslugu\/"]}]},{"@type":"BreadcrumbList","@id":"https:\/\/www.myvize.com.tr\/portekiz\/konsolosluklar\/edirne-fahri-konsoloslugu\/#breadcrumb","itemListElement":[{"@type":"ListItem","position":1,"name":"Anasayfa","item":"https:\/\/www.myvize.com.tr\/portekiz\/"},{"@type":"ListItem","position":2,"name":"KONSOLOSLUKLAR","item":"https:\/\/www.myvize.com.tr\/portekiz\/konsolosluklar\/"},{"@type":"ListItem","position":3,"name":"Portekiz Edirne Fahri Konsoloslu\u011fu"}]},{"@type":"WebSite","@id":"https:\/\/www.myvize.com.tr\/portekiz\/#website","url":"https:\/\/www.myvize.com.tr\/portekiz\/","name":"Portekiz Vize \u0130\u015flemleri &amp; Portekiz Vize Ba\u015fvurusu","description":"","potentialAction":[{"@type":"SearchAction","target":{"@type":"EntryPoint","urlTemplate":"https:\/\/www.myvize.com.tr\/portekiz\/?s={search_term_string}"},"query-input":{"@type":"PropertyValueSpecification","valueRequired":true,"valueName":"search_term_string"}}],"inLanguage":"tr"}]}},"_links":{"self":[{"href":"https:\/\/www.myvize.com.tr\/portekiz\/wp-json\/wp\/v2\/pages\/86","targetHints":{"allow":["GET"]}}],"collection":[{"href":"https:\/\/www.myvize.com.tr\/portekiz\/wp-json\/wp\/v2\/pages"}],"about":[{"href":"https:\/\/www.myvize.com.tr\/portekiz\/wp-json\/wp\/v2\/types\/page"}],"author":[{"embeddable":true,"href":"https:\/\/www.myvize.com.tr\/portekiz\/wp-json\/wp\/v2\/users\/1"}],"replies":[{"embeddable":true,"href":"https:\/\/www.myvize.com.tr\/portekiz\/wp-json\/wp\/v2\/comments?post=86"}],"version-history":[{"count":6,"href":"https:\/\/www.myvize.com.tr\/portekiz\/wp-json\/wp\/v2\/pages\/86\/revisions"}],"predecessor-version":[{"id":765,"href":"https:\/\/www.myvize.com.tr\/portekiz\/wp-json\/wp\/v2\/pages\/86\/revisions\/765"}],"up":[{"embeddable":true,"href":"https:\/\/www.myvize.com.tr\/portekiz\/wp-json\/wp\/v2\/pages\/69"}],"wp:attachment":[{"href":"https:\/\/www.myvize.com.tr\/portekiz\/wp-json\/wp\/v2\/media?parent=86"}],"curies":[{"name":"wp","href":"https:\/\/api.w.org\/{rel}","templated":true}]}}