{"id":167,"date":"2020-12-22T14:51:27","date_gmt":"2020-12-22T11:51:27","guid":{"rendered":"https:\/\/www.myvize.com.tr\/romanya\/?page_id=167"},"modified":"2022-07-25T16:26:20","modified_gmt":"2022-07-25T13:26:20","slug":"vatandaslik","status":"publish","type":"page","link":"https:\/\/www.myvize.com.tr\/romanya\/vatandaslik\/","title":{"rendered":"VATANDA\u015eLIK"},"content":{"rendered":"","protected":false},"excerpt":{"rendered":"","protected":false},"author":1,"featured_media":0,"parent":0,"menu_order":0,"comment_status":"open","ping_status":"closed","template":"","meta":{"footnotes":""},"class_list":["post-167","page","type-page","status-publish","hentry"],"yoast_head":"<!-- This site is optimized with the Yoast SEO plugin v26.8 - https:\/\/yoast.com\/product\/yoast-seo-wordpress\/ -->\n<title>Romanya Vatanda\u015fl\u0131\u011f\u0131 Nas\u0131l Al\u0131n\u0131r? - MyVize<\/title>\n<meta name=\"description\" content=\"Romanya vatanda\u015fl\u0131\u011f\u0131 11. madde, Soyba\u011f\u0131 ile Romanya vatanda\u015fl\u0131\u011f\u0131, Romanya vatanda\u015f\u0131 olman\u0131n avantajlar\u0131, Romanya g\u00f6\u00e7menlerine \u00e7ifte vat...\" \/>\n<meta name=\"robots\" content=\"index, follow, max-snippet:-1, max-image-preview:large, max-video-preview:-1\" \/>\n<link rel=\"canonical\" href=\"https:\/\/www.myvize.com.tr\/romanya\/vatandaslik\/\" \/>\n<meta property=\"og:locale\" content=\"tr_TR\" \/>\n<meta property=\"og:type\" content=\"article\" \/>\n<meta property=\"og:title\" content=\"Romanya Vatanda\u015fl\u0131\u011f\u0131 Nas\u0131l Al\u0131n\u0131r? - MyVize\" \/>\n<meta property=\"og:description\" content=\"Romanya vatanda\u015fl\u0131\u011f\u0131 11. madde, Soyba\u011f\u0131 ile Romanya vatanda\u015fl\u0131\u011f\u0131, Romanya vatanda\u015f\u0131 olman\u0131n avantajlar\u0131, Romanya g\u00f6\u00e7menlerine \u00e7ifte vat...\" \/>\n<meta property=\"og:url\" content=\"https:\/\/www.myvize.com.tr\/romanya\/vatandaslik\/\" \/>\n<meta property=\"og:site_name\" content=\"Romanya Vize Dan\u0131\u015fmanl\u0131k | MyVize\" \/>\n<meta property=\"article:modified_time\" content=\"2022-07-25T13:26:20+00:00\" \/>\n<meta name=\"twitter:card\" content=\"summary_large_image\" \/>\n<meta name=\"twitter:label1\" content=\"Tahmini okuma s\u00fcresi\" \/>\n\t<meta name=\"twitter:data1\" content=\"7 dakika\" \/>\n<script type=\"application\/ld+json\" class=\"yoast-schema-graph\">{\"@context\":\"https:\/\/schema.org\",\"@graph\":[{\"@type\":\"WebPage\",\"@id\":\"https:\/\/www.myvize.com.tr\/romanya\/vatandaslik\/\",\"url\":\"https:\/\/www.myvize.com.tr\/romanya\/vatandaslik\/\",\"name\":\"Romanya Vatanda\u015fl\u0131\u011f\u0131 Nas\u0131l Al\u0131n\u0131r? - MyVize\",\"isPartOf\":{\"@id\":\"https:\/\/www.myvize.com.tr\/romanya\/#website\"},\"datePublished\":\"2020-12-22T11:51:27+00:00\",\"dateModified\":\"2022-07-25T13:26:20+00:00\",\"description\":\"Romanya vatanda\u015fl\u0131\u011f\u0131 11. madde, Soyba\u011f\u0131 ile Romanya vatanda\u015fl\u0131\u011f\u0131, Romanya vatanda\u015f\u0131 olman\u0131n avantajlar\u0131, Romanya g\u00f6\u00e7menlerine \u00e7ifte vat...\",\"breadcrumb\":{\"@id\":\"https:\/\/www.myvize.com.tr\/romanya\/vatandaslik\/#breadcrumb\"},\"inLanguage\":\"tr\",\"potentialAction\":[{\"@type\":\"ReadAction\",\"target\":[\"https:\/\/www.myvize.com.tr\/romanya\/vatandaslik\/\"]}]},{\"@type\":\"BreadcrumbList\",\"@id\":\"https:\/\/www.myvize.com.tr\/romanya\/vatandaslik\/#breadcrumb\",\"itemListElement\":[{\"@type\":\"ListItem\",\"position\":1,\"name\":\"Anasayfa\",\"item\":\"https:\/\/www.myvize.com.tr\/romanya\/\"},{\"@type\":\"ListItem\",\"position\":2,\"name\":\"VATANDA\u015eLIK\"}]},{\"@type\":\"WebSite\",\"@id\":\"https:\/\/www.myvize.com.tr\/romanya\/#website\",\"url\":\"https:\/\/www.myvize.com.tr\/romanya\/\",\"name\":\"Romanya Vize Dan\u0131\u015fmanl\u0131k | MyVize\",\"description\":\"\",\"potentialAction\":[{\"@type\":\"SearchAction\",\"target\":{\"@type\":\"EntryPoint\",\"urlTemplate\":\"https:\/\/www.myvize.com.tr\/romanya\/?s={search_term_string}\"},\"query-input\":{\"@type\":\"PropertyValueSpecification\",\"valueRequired\":true,\"valueName\":\"search_term_string\"}}],\"inLanguage\":\"tr\"}]}<\/script>\n<!-- \/ Yoast SEO plugin. -->","yoast_head_json":{"title":"Romanya Vatanda\u015fl\u0131\u011f\u0131 Nas\u0131l Al\u0131n\u0131r? - MyVize","description":"Romanya vatanda\u015fl\u0131\u011f\u0131 11. madde, Soyba\u011f\u0131 ile Romanya vatanda\u015fl\u0131\u011f\u0131, Romanya vatanda\u015f\u0131 olman\u0131n avantajlar\u0131, Romanya g\u00f6\u00e7menlerine \u00e7ifte vat...","robots":{"index":"index","follow":"follow","max-snippet":"max-snippet:-1","max-image-preview":"max-image-preview:large","max-video-preview":"max-video-preview:-1"},"canonical":"https:\/\/www.myvize.com.tr\/romanya\/vatandaslik\/","og_locale":"tr_TR","og_type":"article","og_title":"Romanya Vatanda\u015fl\u0131\u011f\u0131 Nas\u0131l Al\u0131n\u0131r? - MyVize","og_description":"Romanya vatanda\u015fl\u0131\u011f\u0131 11. madde, Soyba\u011f\u0131 ile Romanya vatanda\u015fl\u0131\u011f\u0131, Romanya vatanda\u015f\u0131 olman\u0131n avantajlar\u0131, Romanya g\u00f6\u00e7menlerine \u00e7ifte vat...","og_url":"https:\/\/www.myvize.com.tr\/romanya\/vatandaslik\/","og_site_name":"Romanya Vize Dan\u0131\u015fmanl\u0131k | MyVize","article_modified_time":"2022-07-25T13:26:20+00:00","twitter_card":"summary_large_image","twitter_misc":{"Tahmini okuma s\u00fcresi":"7 dakika"},"schema":{"@context":"https:\/\/schema.org","@graph":[{"@type":"WebPage","@id":"https:\/\/www.myvize.com.tr\/romanya\/vatandaslik\/","url":"https:\/\/www.myvize.com.tr\/romanya\/vatandaslik\/","name":"Romanya Vatanda\u015fl\u0131\u011f\u0131 Nas\u0131l Al\u0131n\u0131r? - MyVize","isPartOf":{"@id":"https:\/\/www.myvize.com.tr\/romanya\/#website"},"datePublished":"2020-12-22T11:51:27+00:00","dateModified":"2022-07-25T13:26:20+00:00","description":"Romanya vatanda\u015fl\u0131\u011f\u0131 11. madde, Soyba\u011f\u0131 ile Romanya vatanda\u015fl\u0131\u011f\u0131, Romanya vatanda\u015f\u0131 olman\u0131n avantajlar\u0131, Romanya g\u00f6\u00e7menlerine \u00e7ifte vat...","breadcrumb":{"@id":"https:\/\/www.myvize.com.tr\/romanya\/vatandaslik\/#breadcrumb"},"inLanguage":"tr","potentialAction":[{"@type":"ReadAction","target":["https:\/\/www.myvize.com.tr\/romanya\/vatandaslik\/"]}]},{"@type":"BreadcrumbList","@id":"https:\/\/www.myvize.com.tr\/romanya\/vatandaslik\/#breadcrumb","itemListElement":[{"@type":"ListItem","position":1,"name":"Anasayfa","item":"https:\/\/www.myvize.com.tr\/romanya\/"},{"@type":"ListItem","position":2,"name":"VATANDA\u015eLIK"}]},{"@type":"WebSite","@id":"https:\/\/www.myvize.com.tr\/romanya\/#website","url":"https:\/\/www.myvize.com.tr\/romanya\/","name":"Romanya Vize Dan\u0131\u015fmanl\u0131k | MyVize","description":"","potentialAction":[{"@type":"SearchAction","target":{"@type":"EntryPoint","urlTemplate":"https:\/\/www.myvize.com.tr\/romanya\/?s={search_term_string}"},"query-input":{"@type":"PropertyValueSpecification","valueRequired":true,"valueName":"search_term_string"}}],"inLanguage":"tr"}]}},"_links":{"self":[{"href":"https:\/\/www.myvize.com.tr\/romanya\/wp-json\/wp\/v2\/pages\/167","targetHints":{"allow":["GET"]}}],"collection":[{"href":"https:\/\/www.myvize.com.tr\/romanya\/wp-json\/wp\/v2\/pages"}],"about":[{"href":"https:\/\/www.myvize.com.tr\/romanya\/wp-json\/wp\/v2\/types\/page"}],"author":[{"embeddable":true,"href":"https:\/\/www.myvize.com.tr\/romanya\/wp-json\/wp\/v2\/users\/1"}],"replies":[{"embeddable":true,"href":"https:\/\/www.myvize.com.tr\/romanya\/wp-json\/wp\/v2\/comments?post=167"}],"version-history":[{"count":6,"href":"https:\/\/www.myvize.com.tr\/romanya\/wp-json\/wp\/v2\/pages\/167\/revisions"}],"predecessor-version":[{"id":1249,"href":"https:\/\/www.myvize.com.tr\/romanya\/wp-json\/wp\/v2\/pages\/167\/revisions\/1249"}],"wp:attachment":[{"href":"https:\/\/www.myvize.com.tr\/romanya\/wp-json\/wp\/v2\/media?parent=167"}],"curies":[{"name":"wp","href":"https:\/\/api.w.org\/{rel}","templated":true}]}}