{"id":222,"date":"2020-12-28T12:33:18","date_gmt":"2020-12-28T09:33:18","guid":{"rendered":"https:\/\/www.myvize.com.tr\/romanya\/?page_id=222"},"modified":"2022-03-21T16:25:48","modified_gmt":"2022-03-21T13:25:48","slug":"istanbul","status":"publish","type":"page","link":"https:\/\/www.myvize.com.tr\/romanya\/subelerimiz\/istanbul\/","title":{"rendered":"\u0130stanbul"},"content":{"rendered":"<h2><strong><span style=\"font-family: Roboto; font-size: 27px;\">\u0130stanbul Romanya Vize Ba\u015fvuru Merkezi<\/span><\/strong><\/h2>\n<p><span style=\"font-family: Roboto; font-size: 14px;\"><span style=\"color: #2acec2;\"><strong><a style=\"color: #2acec2;\" href=\"https:\/\/www.myvize.com.tr\/romanya\/vize-islemleri\/romanya-vize-basvurusu\/\" target=\"_blank\" rel=\"noopener\">Romanya vize ba\u015fvurusu<\/a><\/strong><\/span> yapacaksan\u0131z bu durum i\u00e7in ba\u015fvuraca\u011f\u0131n\u0131z <strong>\u0130stanbul Konsoloslu\u011fu<\/strong> resmi bir kurumdur ancak yetki sahibi de\u011fildir.<\/span><br \/>\n<span style=\"font-family: Roboto; font-size: 14px;\"><strong>\u0130stanbul Konsoloslu\u011fu<\/strong> yaln\u0131zca T\u00fcrkiye i\u00e7erisinde bulunan, T\u00fcrkiye&#8217;nin \u00e7\u0131karlar\u0131n\u0131 koruyan ve baz\u0131 resmi i\u015fleri y\u00fcr\u00fcten bir kurumdur.<\/span><br \/>\n<span style=\"font-family: Roboto; font-size: 14px;\">Romanya \u0130stanbul Konsoloslu\u011fu&#8217;nun genel olarak amac\u0131 ise pasaport yenileme i\u015flemleri, kar\u015f\u0131daki \u00fclkeler ile ileti\u015fim kurma, yurt d\u0131\u015f\u0131nda\u00a0<\/span><br \/>\n<span style=\"font-family: Roboto; font-size: 14px;\">\u00f6l\u00fcm, do\u011fum, ayr\u0131l\u0131k gibi olaylarla ilgilenmesidir.\u00a0<\/span><\/p>\n<h2><strong><span style=\"font-family: Roboto; font-size: 27px;\">Romanya \u0130stanbul Ba\u015fkonsoloslu\u011fu G\u00f6rev B\u00f6lgesi Nedir?<\/span><\/strong><\/h2>\n<p><span style=\"font-family: Roboto; font-size: 14px;\">Bart\u0131n, Bal\u0131kesir, Bilecik, Bursa, Bolu, \u00c7anakkale, D\u00fczce, Karab\u00fck, K\u0131rklareli, Kocaeli, K\u00fctahya, Sakarya, Tekirda\u011f,\u00a0<\/span><br \/>\n<span style=\"font-family: Roboto; font-size: 14px;\">Yalova, Zonguldak ve <strong>\u0130stanbul<\/strong> \u00e7evresinde ya\u015fayan T\u00fcrkiye Cumhuriyeti vatanda\u015f\u0131ysan\u0131z ya da \u00a03. \u00fclke vatanda\u015f\u0131ysan\u0131z, <span style=\"color: #2acec2;\"><a style=\"color: #2acec2;\" href=\"https:\/\/www.myvize.com.tr\/romanya\/\" target=\"_blank\" rel=\"noopener\"><strong>Romanya<\/strong><\/a><\/span><\/span><span style=\"font-family: Roboto; font-size: 14px;\"><strong><span style=\"color: #2acec2;\">\u00a0<\/span><\/strong>vize ba\u015fvurular\u0131n\u0131z i\u00e7in i\u015flemlerinizi Romanya \u0130stanbul Ba\u015fkonsoloslu\u011fu\u2019na yapabiliyorsunuz. Ayr\u0131ca vize dan\u0131\u015fmanl\u0131\u011f\u0131 yap\u0131yor olan \u015firketimizi de 7\/24 aray\u0131p bilgi ve hizmet alabilirsiniz.<\/span><\/p>\n<p><img decoding=\"async\" src=\"https:\/\/www.myvize.com.tr\/romanya\/wp-content\/uploads\/2021\/09\/2-1.jpg\" \/><\/p>\n<h2><strong><span style=\"font-family: Roboto; font-size: 27px;\">\u0130stanbul Romanya Konsoloslu\u011fu \u00c7al\u0131\u015fma Saatleri Nedir?<\/span><\/strong><\/h2>\n<p><strong><span style=\"font-family: Roboto; font-size: 14px;\">Romanya \u0130stanbul Ba\u015fkonsoloslu\u011fu\u00a0<\/span><\/strong><br \/>\n<span style=\"font-family: Roboto; font-size: 14px;\">Pazartesi- Per\u015fembe: 09.00 &#8211; 13.00\u00a0<\/span><br \/>\n<span style=\"font-family: Roboto; font-size: 14px;\">Cuma: 09.00 &#8211; 12.00 saatleri aras\u0131nda vize ba\u015fvurular\u0131n\u0131z i\u00e7in hizmet veriyor.<\/span><\/p>\n<p><span style=\"font-family: Roboto; font-size: 14px;\">Evrak Teslimi i\u00e7in: Hafta i\u00e7i her g\u00fcn Saat: 09.00-13.00<\/span><br \/>\n<span style=\"font-family: Roboto; font-size: 14px;\">Evrak Al\u0131m\u0131 i\u00e7in \u00a0: Hafta i\u00e7i her g\u00fcn Saat: 13.00-15.00 aras\u0131nda yap\u0131l\u0131yor.<\/span><\/p>\n<h2><strong><span style=\"font-family: Roboto; font-size: 27px;\">Romanya Konsoloslu\u011fu Vize Ba\u015fvurusu Nas\u0131l Yap\u0131l\u0131r?<\/span><\/strong><\/h2>\n<p><span style=\"font-family: Roboto; font-size: 14px;\">Romanya&#8217;ya seyahat edecekseniz bunun i\u00e7in <strong>Romanya Konsoloslu\u011funa<\/strong> vize ba\u015fvurusunda bulunman\u0131z gerekiyor. Vize ba\u015fvurunuzu\u00a0<\/span><br \/>\n<span style=\"font-family: Roboto; font-size: 14px;\">\u0130stanbul Romanya Ba\u015fkonsoloslu\u011fu&#8217;na direkt sizin gidip ba\u015fvuru yapman\u0131z gerekiyor ya da vize dan\u0131\u015fmanl\u0131k hizmeti veriyor oldu\u011fumuz\u00a0<\/span><br \/>\n<span style=\"font-family: Roboto; font-size: 14px;\">\u015firketimiz arac\u0131l\u0131\u011f\u0131 ile eksiksiz ve sorunsuz bir \u015fekilde<strong> vize ba\u015fvuru<\/strong> s\u00fcrecinizi ilerletebilirsiniz.<\/span><\/p>\n<h3><span style=\"font-family: Roboto; font-size: 24px;\"><b>\u0130stanbul Romanya Vize Ba\u015fvurusu<\/b><\/span><\/h3>\n<p><span style=\"font-family: Roboto; font-size: 14px;\"><strong>\u0130stanbul Romanya Konsoloslu\u011funda,<\/strong> bir\u00e7ok i\u015flem yapma \u015fans\u0131n\u0131z bulunmaktad\u0131r. Konsoloslukta, pasaport, pasaport i\u015flemleri, evlilik, vergi i\u015flemleri, evlilik, sat\u0131n alma, evlatl\u0131k edinme, vatanda\u015fl\u0131k,\u00a0<strong>vize<\/strong>\u00a0<strong>ba\u015fvuru<\/strong>\u00a0ve vize i\u015flemleri yap\u0131lmaktad\u0131r. <strong>\u0130stanbul Romanya Konsoloslu\u011fu<\/strong>, Romanya vatanda\u015flar\u0131n\u0131n da ayr\u0131ca sorunlar\u0131n\u0131, ihtiya\u00e7lar\u0131n\u0131 ve gerekli resmi i\u015flemlerini kontrol etmekle ve ilgilenmekle g\u00f6revlidir. Konsoloslu\u011fun yegane ama\u00e7lar\u0131n\u0131n aras\u0131nda, <span style=\"color: #2acec2;\"><strong><a style=\"color: #2acec2;\" href=\"https:\/\/www.myvize.com.tr\/romanya\/vize-islemleri\/\" target=\"_blank\" rel=\"noopener\">Romanya vize i\u015flemleri<\/a><\/strong><\/span> ve <strong>vize<\/strong>\u00a0<strong>ba\u015fvurular\u0131n\u0131<\/strong>\u00a0kabul etme durumu bulunmaktad\u0131r. Bu durumlar\u0131n aras\u0131nda i\u015fleyece\u011fimiz, <strong>\u0130stanbul Romanya vize<\/strong> ba\u015fvurusu konusu, Romanya\u2019ya seyahat etmek isteyen T\u00fcrkiye Cumhuriyeti Devleti vatanda\u015fl\u0131\u011f\u0131na mensup ki\u015filer i\u00e7in olduk\u00e7a \u00f6nem arz etmektedir. \u00c7o\u011fu yerin <strong>vize ba\u015fvuru \u015fekli<\/strong> ve sistemi neredeyse ayn\u0131 olmak \u00fczere, baz\u0131 de\u011fi\u015fikliklere maruz kalabiliyor. Bu temsilcili\u011fe vize ba\u015fvurusunda bulunabilmek i\u00e7in, konsoloslu\u011fun web sitesine girip; vize ba\u015fvuru formu se\u00e7ene\u011fini se\u00e7ebilirsiniz. Se\u00e7ene\u011fe t\u0131klad\u0131ktan sonra, kar\u015f\u0131n\u0131za \u00e7\u0131kan sayfada bulunan formu, eksiksiz ve ayr\u0131nt\u0131l\u0131 bir \u015fekilde tamamlaman\u0131z \u00f6ng\u00f6r\u00fcl\u00fcyor. Ki\u015fisel bilgilerinizin istendi\u011fi k\u0131s\u0131mda bulunan, ad\u0131n\u0131z, kimlik bilgileriniz, kart numaran\u0131z gibi bilgilerinizi eksiksiz bir \u015fekilde girdikten sonra, seyahat bilgilerinizi ve evrak i\u015flemlerinizi de girmeniz gerekmektedir. Adresinizi ve gerekli olan i\u015flemleri de hallettikten sonra <strong>vize ba\u015fvuru formunu<\/strong> konsoloslu\u011fa g\u00f6ndermi\u015f olacaks\u0131n\u0131z. Ba\u015fvuru sonucunuz ise, 5 ila 7 g\u00fcn aras\u0131nda belirlenmektedir.<\/span><\/p>\n","protected":false},"excerpt":{"rendered":"<p>\u0130stanbul Romanya Vize Ba\u015fvuru Merkezi Romanya vize ba\u015fvurusu yapacaksan\u0131z bu durum i\u00e7in ba\u015fvuraca\u011f\u0131n\u0131z \u0130stanbul Konsoloslu\u011fu resmi bir kurumdur ancak yetki sahibi de\u011fildir. \u0130stanbul Konsoloslu\u011fu yaln\u0131zca T\u00fcrkiye i\u00e7erisinde bulunan, T\u00fcrkiye&#8217;nin \u00e7\u0131karlar\u0131n\u0131 koruyan ve baz\u0131 resmi i\u015fleri y\u00fcr\u00fcten bir kurumdur. Romanya \u0130stanbul Konsoloslu\u011fu&#8217;nun genel olarak amac\u0131 ise pasaport yenileme i\u015flemleri, kar\u015f\u0131daki \u00fclkeler ile ileti\u015fim kurma, yurt d\u0131\u015f\u0131nda\u00a0<\/p>\n","protected":false},"author":1,"featured_media":0,"parent":219,"menu_order":0,"comment_status":"open","ping_status":"closed","template":"","meta":{"footnotes":""},"class_list":["post-222","page","type-page","status-publish","hentry"],"yoast_head":"<!-- This site is optimized with the Yoast SEO plugin v26.8 - https:\/\/yoast.com\/product\/yoast-seo-wordpress\/ -->\n<title>Romanya Vize Ba\u015fvuru \u015eubesi \u0130stanbul - MyVize<\/title>\n<meta name=\"description\" content=\"Romanya Vizesi \u0130stanbul Vize Ba\u015fvuru Merkezi. Romanya Vizesi Nas\u0131l Al\u0131n\u0131r? Ba\u015fvuru Yapmak \u0130\u00e7in \u0130stanbul \u015eubemizi Aray\u0131n: 0850 346 84 93\" \/>\n<meta name=\"robots\" content=\"index, follow, max-snippet:-1, max-image-preview:large, max-video-preview:-1\" \/>\n<link rel=\"canonical\" href=\"https:\/\/www.myvize.com.tr\/romanya\/subelerimiz\/istanbul\/\" \/>\n<meta property=\"og:locale\" content=\"tr_TR\" \/>\n<meta property=\"og:type\" content=\"article\" \/>\n<meta property=\"og:title\" content=\"Romanya Vize Ba\u015fvuru \u015eubesi \u0130stanbul - MyVize\" \/>\n<meta property=\"og:description\" content=\"Romanya Vizesi \u0130stanbul Vize Ba\u015fvuru Merkezi. Romanya Vizesi Nas\u0131l Al\u0131n\u0131r? Ba\u015fvuru Yapmak \u0130\u00e7in \u0130stanbul \u015eubemizi Aray\u0131n: 0850 346 84 93\" \/>\n<meta property=\"og:url\" content=\"https:\/\/www.myvize.com.tr\/romanya\/subelerimiz\/istanbul\/\" \/>\n<meta property=\"og:site_name\" content=\"Romanya Vize Dan\u0131\u015fmanl\u0131k | MyVize\" \/>\n<meta property=\"article:modified_time\" content=\"2022-03-21T13:25:48+00:00\" \/>\n<meta property=\"og:image\" content=\"https:\/\/www.myvize.com.tr\/romanya\/wp-content\/uploads\/2021\/09\/2-1.jpg\" \/>\n<meta name=\"twitter:card\" content=\"summary_large_image\" \/>\n<meta name=\"twitter:label1\" content=\"Tahmini okuma s\u00fcresi\" \/>\n\t<meta name=\"twitter:data1\" content=\"2 dakika\" \/>\n<script type=\"application\/ld+json\" class=\"yoast-schema-graph\">{\"@context\":\"https:\/\/schema.org\",\"@graph\":[{\"@type\":\"WebPage\",\"@id\":\"https:\/\/www.myvize.com.tr\/romanya\/subelerimiz\/istanbul\/\",\"url\":\"https:\/\/www.myvize.com.tr\/romanya\/subelerimiz\/istanbul\/\",\"name\":\"Romanya Vize Ba\u015fvuru \u015eubesi \u0130stanbul - MyVize\",\"isPartOf\":{\"@id\":\"https:\/\/www.myvize.com.tr\/romanya\/#website\"},\"primaryImageOfPage\":{\"@id\":\"https:\/\/www.myvize.com.tr\/romanya\/subelerimiz\/istanbul\/#primaryimage\"},\"image\":{\"@id\":\"https:\/\/www.myvize.com.tr\/romanya\/subelerimiz\/istanbul\/#primaryimage\"},\"thumbnailUrl\":\"https:\/\/www.myvize.com.tr\/romanya\/wp-content\/uploads\/2021\/09\/2-1.jpg\",\"datePublished\":\"2020-12-28T09:33:18+00:00\",\"dateModified\":\"2022-03-21T13:25:48+00:00\",\"description\":\"Romanya Vizesi \u0130stanbul Vize Ba\u015fvuru Merkezi. Romanya Vizesi Nas\u0131l Al\u0131n\u0131r? Ba\u015fvuru Yapmak \u0130\u00e7in \u0130stanbul \u015eubemizi Aray\u0131n: 0850 346 84 93\",\"breadcrumb\":{\"@id\":\"https:\/\/www.myvize.com.tr\/romanya\/subelerimiz\/istanbul\/#breadcrumb\"},\"inLanguage\":\"tr\",\"potentialAction\":[{\"@type\":\"ReadAction\",\"target\":[\"https:\/\/www.myvize.com.tr\/romanya\/subelerimiz\/istanbul\/\"]}]},{\"@type\":\"ImageObject\",\"inLanguage\":\"tr\",\"@id\":\"https:\/\/www.myvize.com.tr\/romanya\/subelerimiz\/istanbul\/#primaryimage\",\"url\":\"https:\/\/www.myvize.com.tr\/romanya\/wp-content\/uploads\/2021\/09\/2-1.jpg\",\"contentUrl\":\"https:\/\/www.myvize.com.tr\/romanya\/wp-content\/uploads\/2021\/09\/2-1.jpg\",\"width\":800,\"height\":500,\"caption\":\"Romanya \u015eubelerimiz \u0130stanbul\"},{\"@type\":\"BreadcrumbList\",\"@id\":\"https:\/\/www.myvize.com.tr\/romanya\/subelerimiz\/istanbul\/#breadcrumb\",\"itemListElement\":[{\"@type\":\"ListItem\",\"position\":1,\"name\":\"Anasayfa\",\"item\":\"https:\/\/www.myvize.com.tr\/romanya\/\"},{\"@type\":\"ListItem\",\"position\":2,\"name\":\"\u015eUBELER\u0130M\u0130Z\",\"item\":\"https:\/\/www.myvize.com.tr\/romanya\/subelerimiz\/\"},{\"@type\":\"ListItem\",\"position\":3,\"name\":\"\u0130stanbul\"}]},{\"@type\":\"WebSite\",\"@id\":\"https:\/\/www.myvize.com.tr\/romanya\/#website\",\"url\":\"https:\/\/www.myvize.com.tr\/romanya\/\",\"name\":\"Romanya Vize Dan\u0131\u015fmanl\u0131k | MyVize\",\"description\":\"\",\"potentialAction\":[{\"@type\":\"SearchAction\",\"target\":{\"@type\":\"EntryPoint\",\"urlTemplate\":\"https:\/\/www.myvize.com.tr\/romanya\/?s={search_term_string}\"},\"query-input\":{\"@type\":\"PropertyValueSpecification\",\"valueRequired\":true,\"valueName\":\"search_term_string\"}}],\"inLanguage\":\"tr\"}]}<\/script>\n<!-- \/ Yoast SEO plugin. -->","yoast_head_json":{"title":"Romanya Vize Ba\u015fvuru \u015eubesi \u0130stanbul - MyVize","description":"Romanya Vizesi \u0130stanbul Vize Ba\u015fvuru Merkezi. Romanya Vizesi Nas\u0131l Al\u0131n\u0131r? Ba\u015fvuru Yapmak \u0130\u00e7in \u0130stanbul \u015eubemizi Aray\u0131n: 0850 346 84 93","robots":{"index":"index","follow":"follow","max-snippet":"max-snippet:-1","max-image-preview":"max-image-preview:large","max-video-preview":"max-video-preview:-1"},"canonical":"https:\/\/www.myvize.com.tr\/romanya\/subelerimiz\/istanbul\/","og_locale":"tr_TR","og_type":"article","og_title":"Romanya Vize Ba\u015fvuru \u015eubesi \u0130stanbul - MyVize","og_description":"Romanya Vizesi \u0130stanbul Vize Ba\u015fvuru Merkezi. Romanya Vizesi Nas\u0131l Al\u0131n\u0131r? Ba\u015fvuru Yapmak \u0130\u00e7in \u0130stanbul \u015eubemizi Aray\u0131n: 0850 346 84 93","og_url":"https:\/\/www.myvize.com.tr\/romanya\/subelerimiz\/istanbul\/","og_site_name":"Romanya Vize Dan\u0131\u015fmanl\u0131k | MyVize","article_modified_time":"2022-03-21T13:25:48+00:00","og_image":[{"url":"https:\/\/www.myvize.com.tr\/romanya\/wp-content\/uploads\/2021\/09\/2-1.jpg","type":"","width":"","height":""}],"twitter_card":"summary_large_image","twitter_misc":{"Tahmini okuma s\u00fcresi":"2 dakika"},"schema":{"@context":"https:\/\/schema.org","@graph":[{"@type":"WebPage","@id":"https:\/\/www.myvize.com.tr\/romanya\/subelerimiz\/istanbul\/","url":"https:\/\/www.myvize.com.tr\/romanya\/subelerimiz\/istanbul\/","name":"Romanya Vize Ba\u015fvuru \u015eubesi \u0130stanbul - MyVize","isPartOf":{"@id":"https:\/\/www.myvize.com.tr\/romanya\/#website"},"primaryImageOfPage":{"@id":"https:\/\/www.myvize.com.tr\/romanya\/subelerimiz\/istanbul\/#primaryimage"},"image":{"@id":"https:\/\/www.myvize.com.tr\/romanya\/subelerimiz\/istanbul\/#primaryimage"},"thumbnailUrl":"https:\/\/www.myvize.com.tr\/romanya\/wp-content\/uploads\/2021\/09\/2-1.jpg","datePublished":"2020-12-28T09:33:18+00:00","dateModified":"2022-03-21T13:25:48+00:00","description":"Romanya Vizesi \u0130stanbul Vize Ba\u015fvuru Merkezi. Romanya Vizesi Nas\u0131l Al\u0131n\u0131r? Ba\u015fvuru Yapmak \u0130\u00e7in \u0130stanbul \u015eubemizi Aray\u0131n: 0850 346 84 93","breadcrumb":{"@id":"https:\/\/www.myvize.com.tr\/romanya\/subelerimiz\/istanbul\/#breadcrumb"},"inLanguage":"tr","potentialAction":[{"@type":"ReadAction","target":["https:\/\/www.myvize.com.tr\/romanya\/subelerimiz\/istanbul\/"]}]},{"@type":"ImageObject","inLanguage":"tr","@id":"https:\/\/www.myvize.com.tr\/romanya\/subelerimiz\/istanbul\/#primaryimage","url":"https:\/\/www.myvize.com.tr\/romanya\/wp-content\/uploads\/2021\/09\/2-1.jpg","contentUrl":"https:\/\/www.myvize.com.tr\/romanya\/wp-content\/uploads\/2021\/09\/2-1.jpg","width":800,"height":500,"caption":"Romanya \u015eubelerimiz \u0130stanbul"},{"@type":"BreadcrumbList","@id":"https:\/\/www.myvize.com.tr\/romanya\/subelerimiz\/istanbul\/#breadcrumb","itemListElement":[{"@type":"ListItem","position":1,"name":"Anasayfa","item":"https:\/\/www.myvize.com.tr\/romanya\/"},{"@type":"ListItem","position":2,"name":"\u015eUBELER\u0130M\u0130Z","item":"https:\/\/www.myvize.com.tr\/romanya\/subelerimiz\/"},{"@type":"ListItem","position":3,"name":"\u0130stanbul"}]},{"@type":"WebSite","@id":"https:\/\/www.myvize.com.tr\/romanya\/#website","url":"https:\/\/www.myvize.com.tr\/romanya\/","name":"Romanya Vize Dan\u0131\u015fmanl\u0131k | MyVize","description":"","potentialAction":[{"@type":"SearchAction","target":{"@type":"EntryPoint","urlTemplate":"https:\/\/www.myvize.com.tr\/romanya\/?s={search_term_string}"},"query-input":{"@type":"PropertyValueSpecification","valueRequired":true,"valueName":"search_term_string"}}],"inLanguage":"tr"}]}},"_links":{"self":[{"href":"https:\/\/www.myvize.com.tr\/romanya\/wp-json\/wp\/v2\/pages\/222","targetHints":{"allow":["GET"]}}],"collection":[{"href":"https:\/\/www.myvize.com.tr\/romanya\/wp-json\/wp\/v2\/pages"}],"about":[{"href":"https:\/\/www.myvize.com.tr\/romanya\/wp-json\/wp\/v2\/types\/page"}],"author":[{"embeddable":true,"href":"https:\/\/www.myvize.com.tr\/romanya\/wp-json\/wp\/v2\/users\/1"}],"replies":[{"embeddable":true,"href":"https:\/\/www.myvize.com.tr\/romanya\/wp-json\/wp\/v2\/comments?post=222"}],"version-history":[{"count":5,"href":"https:\/\/www.myvize.com.tr\/romanya\/wp-json\/wp\/v2\/pages\/222\/revisions"}],"predecessor-version":[{"id":1138,"href":"https:\/\/www.myvize.com.tr\/romanya\/wp-json\/wp\/v2\/pages\/222\/revisions\/1138"}],"up":[{"embeddable":true,"href":"https:\/\/www.myvize.com.tr\/romanya\/wp-json\/wp\/v2\/pages\/219"}],"wp:attachment":[{"href":"https:\/\/www.myvize.com.tr\/romanya\/wp-json\/wp\/v2\/media?parent=222"}],"curies":[{"name":"wp","href":"https:\/\/api.w.org\/{rel}","templated":true}]}}