{"id":244,"date":"2020-12-28T12:36:56","date_gmt":"2020-12-28T09:36:56","guid":{"rendered":"https:\/\/www.myvize.com.tr\/romanya\/?page_id=244"},"modified":"2022-06-27T12:15:56","modified_gmt":"2022-06-27T09:15:56","slug":"izmir","status":"publish","type":"page","link":"https:\/\/www.myvize.com.tr\/romanya\/subelerimiz\/izmir\/","title":{"rendered":"\u0130zmir"},"content":{"rendered":"<h2><span style=\"font-family: Roboto; font-size: 27px;\"><b>\u0130zmir Romanya Vize Ba\u015fvurusu<\/b><\/span><\/h2>\n<p><span style=\"font-family: Roboto; font-size: 14px;\"><strong>\u0130zmir Romanya\u00a0Konsoloslu\u011fu<\/strong>, iki \u00fclke aras\u0131nda var olan ve bulunan ba\u011f i\u00e7in,\u00a0\u00a0\u00fclke\u00a0menfaatleri i\u00e7in bulunan ekonomik, siyasal durumlar\u0131 taze tutmaya \u00e7al\u0131\u015fmak\u00a0\u00a0ve gerekti\u011finde g\u00fc\u00e7lendirmek, canland\u0131rmak amac\u0131yla \u0130zmir\u2019de bulunan Romanya\u00a0temsilcili\u011fidir. Bu temsilcili\u011fin ayr\u0131ca olan bir\u00e7ok g\u00f6revi, hizmeti ve i\u015flemleri\u00a0bulunmaktad\u0131r. Bulunduklar\u0131 yerde olmalar\u0131n\u0131n sebebi, <strong>Romanya\u00a0vatanda\u015flar\u0131n\u0131n<\/strong> sosyal haklar\u0131na sahip \u00e7\u0131kmay\u0131 hedeflemek, sosyal g\u00fcvenliklerini sa\u011flamak ve resmi i\u015flemlerini yapmakt\u0131r. Romanya vatanda\u015flar\u0131n\u0131n yan\u0131 s\u0131ra, T\u00fcrkiye Cumhuriyeti Devletine mensup vatanda\u015flar i\u00e7inse,\u00a0<strong>vize i\u015flemlerinde\u00a0<\/strong>ve pasaport, pasaport yenileme i\u015flemlerinde, vatanda\u015fl\u0131k durumlar\u0131nda, yard\u0131mc\u0131 olmakta ve hedeflemektedirler.\u00a0\u00a0<strong>\u0130zmir\u00a0Romanya\u00a0<\/strong>Konsoloslu\u011fu,\u00a0<strong>vize ba\u015fvurusu\u00a0<\/strong>i\u015flemlerini, kendi ba\u015fvurunuz arac\u0131l\u0131\u011f\u0131yla yapmak i\u00e7in, dilek\u00e7e ve vize davetiyesine ihtiyac\u0131n\u0131z bulunmaktad\u0131r. Bunun aksine olursa, Romanya\u00a0\u00fclkesinin, anla\u015fmal\u0131 oldu\u011fu firmalar arac\u0131l\u0131\u011f\u0131yla buraya <strong>vize ba\u015fvurusunda<\/strong> bulunabilirsiniz. Vize ba\u015fvurusunda bulunacak ki\u015filer, elektronik bir \u015fekilde, ki\u015fisel bilgilerini, seyahat bilgilerini ve ayr\u0131nt\u0131l\u0131 bilgilerini do\u011fru ve eksiksiz bir \u015fekilde doldurmalar\u0131 gerekiyor. Bunlar\u0131n hepsini hallettikten sonra ba\u015fvuru formunuzun s\u00fcrecini ve sonucunu beklemeye ba\u015flayabilirsiniz. Ba\u015fvuru sonucunuzun durumu ise, konsoloslu\u011fun i\u015f g\u00fcnleri aras\u0131nda\u00a0\u00a0ba\u015fvuruyu yapt\u0131ktan sonra, 5 ila 7 i\u015f g\u00fcn\u00fc a\u00e7\u0131klanmaktad\u0131r. <strong>Vize ba\u015fvurusunda<\/strong> bulunan ki\u015filerin, ayr\u0131 bir durum da dikkat etmeleri gereken konu ise, bu temsilcili\u011fin \u00e7al\u0131\u015fma saatleridir. Bu temsilcilik yani <span style=\"color: #2acec2;\"><strong><a style=\"color: #2acec2;\" href=\"https:\/\/www.myvize.com.tr\/romanya\/konsolosluklar\/izmir-baskonsoloslugu\/\" target=\"_blank\" rel=\"noopener\">Romanya \u0130zmir konsoloslu\u011fu <\/a><\/strong><\/span>hafta i\u00e7i 08:30 ila 17:30 saatleri aras\u0131nda hizmet vermektedir.\u00a0<\/span><\/p>\n<p><span style=\"font-family: Roboto; font-size: 14px;\"><img decoding=\"async\" src=\"https:\/\/www.myvize.com.tr\/romanya\/wp-content\/uploads\/2021\/09\/2-13.jpg\" \/><\/span><\/p>\n","protected":false},"excerpt":{"rendered":"<p>\u0130zmir Romanya Vize Ba\u015fvurusu \u0130zmir Romanya\u00a0Konsoloslu\u011fu, iki \u00fclke aras\u0131nda var olan ve bulunan ba\u011f i\u00e7in,\u00a0\u00a0\u00fclke\u00a0menfaatleri i\u00e7in bulunan ekonomik, siyasal durumlar\u0131 taze tutmaya \u00e7al\u0131\u015fmak\u00a0\u00a0ve gerekti\u011finde g\u00fc\u00e7lendirmek, canland\u0131rmak amac\u0131yla \u0130zmir\u2019de bulunan Romanya\u00a0temsilcili\u011fidir. Bu temsilcili\u011fin ayr\u0131ca olan bir\u00e7ok g\u00f6revi, hizmeti ve i\u015flemleri\u00a0bulunmaktad\u0131r. Bulunduklar\u0131 yerde olmalar\u0131n\u0131n sebebi, Romanya\u00a0vatanda\u015flar\u0131n\u0131n sosyal haklar\u0131na sahip \u00e7\u0131kmay\u0131 hedeflemek, sosyal g\u00fcvenliklerini sa\u011flamak ve resmi i\u015flemlerini<\/p>\n","protected":false},"author":1,"featured_media":0,"parent":219,"menu_order":0,"comment_status":"open","ping_status":"closed","template":"","meta":{"footnotes":""},"class_list":["post-244","page","type-page","status-publish","hentry"],"yoast_head":"<!-- This site is optimized with the Yoast SEO plugin v26.8 - https:\/\/yoast.com\/product\/yoast-seo-wordpress\/ -->\n<title>Romanya Vize Ba\u015fvuru \u015eubesi \u0130zmir - MyVize<\/title>\n<meta name=\"description\" content=\"Romanya Vizesi \u0130zmir Vize Ba\u015fvuru Merkezi. Romanya Vizesi Nas\u0131l Al\u0131n\u0131r? Ba\u015fvuru Yapmak \u0130\u00e7in \u0130zmir \u015eubemizi Aray\u0131n: 0850 346 84 93\" \/>\n<meta name=\"robots\" content=\"index, follow, max-snippet:-1, max-image-preview:large, max-video-preview:-1\" \/>\n<link rel=\"canonical\" href=\"https:\/\/www.myvize.com.tr\/romanya\/subelerimiz\/izmir\/\" \/>\n<meta property=\"og:locale\" content=\"tr_TR\" \/>\n<meta property=\"og:type\" content=\"article\" \/>\n<meta property=\"og:title\" content=\"Romanya Vize Ba\u015fvuru \u015eubesi \u0130zmir - MyVize\" \/>\n<meta property=\"og:description\" content=\"Romanya Vizesi \u0130zmir Vize Ba\u015fvuru Merkezi. Romanya Vizesi Nas\u0131l Al\u0131n\u0131r? Ba\u015fvuru Yapmak \u0130\u00e7in \u0130zmir \u015eubemizi Aray\u0131n: 0850 346 84 93\" \/>\n<meta property=\"og:url\" content=\"https:\/\/www.myvize.com.tr\/romanya\/subelerimiz\/izmir\/\" \/>\n<meta property=\"og:site_name\" content=\"Romanya Vize Dan\u0131\u015fmanl\u0131k | MyVize\" \/>\n<meta property=\"article:modified_time\" content=\"2022-06-27T09:15:56+00:00\" \/>\n<meta property=\"og:image\" content=\"https:\/\/www.myvize.com.tr\/romanya\/wp-content\/uploads\/2021\/09\/2-13.jpg\" \/>\n<meta name=\"twitter:card\" content=\"summary_large_image\" \/>\n<meta name=\"twitter:label1\" content=\"Tahmini okuma s\u00fcresi\" \/>\n\t<meta name=\"twitter:data1\" content=\"2 dakika\" \/>\n<script type=\"application\/ld+json\" class=\"yoast-schema-graph\">{\"@context\":\"https:\/\/schema.org\",\"@graph\":[{\"@type\":\"WebPage\",\"@id\":\"https:\/\/www.myvize.com.tr\/romanya\/subelerimiz\/izmir\/\",\"url\":\"https:\/\/www.myvize.com.tr\/romanya\/subelerimiz\/izmir\/\",\"name\":\"Romanya Vize Ba\u015fvuru \u015eubesi \u0130zmir - MyVize\",\"isPartOf\":{\"@id\":\"https:\/\/www.myvize.com.tr\/romanya\/#website\"},\"primaryImageOfPage\":{\"@id\":\"https:\/\/www.myvize.com.tr\/romanya\/subelerimiz\/izmir\/#primaryimage\"},\"image\":{\"@id\":\"https:\/\/www.myvize.com.tr\/romanya\/subelerimiz\/izmir\/#primaryimage\"},\"thumbnailUrl\":\"https:\/\/www.myvize.com.tr\/romanya\/wp-content\/uploads\/2021\/09\/2-13.jpg\",\"datePublished\":\"2020-12-28T09:36:56+00:00\",\"dateModified\":\"2022-06-27T09:15:56+00:00\",\"description\":\"Romanya Vizesi \u0130zmir Vize Ba\u015fvuru Merkezi. Romanya Vizesi Nas\u0131l Al\u0131n\u0131r? Ba\u015fvuru Yapmak \u0130\u00e7in \u0130zmir \u015eubemizi Aray\u0131n: 0850 346 84 93\",\"breadcrumb\":{\"@id\":\"https:\/\/www.myvize.com.tr\/romanya\/subelerimiz\/izmir\/#breadcrumb\"},\"inLanguage\":\"tr\",\"potentialAction\":[{\"@type\":\"ReadAction\",\"target\":[\"https:\/\/www.myvize.com.tr\/romanya\/subelerimiz\/izmir\/\"]}]},{\"@type\":\"ImageObject\",\"inLanguage\":\"tr\",\"@id\":\"https:\/\/www.myvize.com.tr\/romanya\/subelerimiz\/izmir\/#primaryimage\",\"url\":\"https:\/\/www.myvize.com.tr\/romanya\/wp-content\/uploads\/2021\/09\/2-13.jpg\",\"contentUrl\":\"https:\/\/www.myvize.com.tr\/romanya\/wp-content\/uploads\/2021\/09\/2-13.jpg\",\"width\":800,\"height\":500,\"caption\":\"Romanya \u015eubelerimiz \u0130zmir\"},{\"@type\":\"BreadcrumbList\",\"@id\":\"https:\/\/www.myvize.com.tr\/romanya\/subelerimiz\/izmir\/#breadcrumb\",\"itemListElement\":[{\"@type\":\"ListItem\",\"position\":1,\"name\":\"Anasayfa\",\"item\":\"https:\/\/www.myvize.com.tr\/romanya\/\"},{\"@type\":\"ListItem\",\"position\":2,\"name\":\"\u015eUBELER\u0130M\u0130Z\",\"item\":\"https:\/\/www.myvize.com.tr\/romanya\/subelerimiz\/\"},{\"@type\":\"ListItem\",\"position\":3,\"name\":\"\u0130zmir\"}]},{\"@type\":\"WebSite\",\"@id\":\"https:\/\/www.myvize.com.tr\/romanya\/#website\",\"url\":\"https:\/\/www.myvize.com.tr\/romanya\/\",\"name\":\"Romanya Vize Dan\u0131\u015fmanl\u0131k | MyVize\",\"description\":\"\",\"potentialAction\":[{\"@type\":\"SearchAction\",\"target\":{\"@type\":\"EntryPoint\",\"urlTemplate\":\"https:\/\/www.myvize.com.tr\/romanya\/?s={search_term_string}\"},\"query-input\":{\"@type\":\"PropertyValueSpecification\",\"valueRequired\":true,\"valueName\":\"search_term_string\"}}],\"inLanguage\":\"tr\"}]}<\/script>\n<!-- \/ Yoast SEO plugin. -->","yoast_head_json":{"title":"Romanya Vize Ba\u015fvuru \u015eubesi \u0130zmir - MyVize","description":"Romanya Vizesi \u0130zmir Vize Ba\u015fvuru Merkezi. Romanya Vizesi Nas\u0131l Al\u0131n\u0131r? Ba\u015fvuru Yapmak \u0130\u00e7in \u0130zmir \u015eubemizi Aray\u0131n: 0850 346 84 93","robots":{"index":"index","follow":"follow","max-snippet":"max-snippet:-1","max-image-preview":"max-image-preview:large","max-video-preview":"max-video-preview:-1"},"canonical":"https:\/\/www.myvize.com.tr\/romanya\/subelerimiz\/izmir\/","og_locale":"tr_TR","og_type":"article","og_title":"Romanya Vize Ba\u015fvuru \u015eubesi \u0130zmir - MyVize","og_description":"Romanya Vizesi \u0130zmir Vize Ba\u015fvuru Merkezi. Romanya Vizesi Nas\u0131l Al\u0131n\u0131r? Ba\u015fvuru Yapmak \u0130\u00e7in \u0130zmir \u015eubemizi Aray\u0131n: 0850 346 84 93","og_url":"https:\/\/www.myvize.com.tr\/romanya\/subelerimiz\/izmir\/","og_site_name":"Romanya Vize Dan\u0131\u015fmanl\u0131k | MyVize","article_modified_time":"2022-06-27T09:15:56+00:00","og_image":[{"url":"https:\/\/www.myvize.com.tr\/romanya\/wp-content\/uploads\/2021\/09\/2-13.jpg","type":"","width":"","height":""}],"twitter_card":"summary_large_image","twitter_misc":{"Tahmini okuma s\u00fcresi":"2 dakika"},"schema":{"@context":"https:\/\/schema.org","@graph":[{"@type":"WebPage","@id":"https:\/\/www.myvize.com.tr\/romanya\/subelerimiz\/izmir\/","url":"https:\/\/www.myvize.com.tr\/romanya\/subelerimiz\/izmir\/","name":"Romanya Vize Ba\u015fvuru \u015eubesi \u0130zmir - MyVize","isPartOf":{"@id":"https:\/\/www.myvize.com.tr\/romanya\/#website"},"primaryImageOfPage":{"@id":"https:\/\/www.myvize.com.tr\/romanya\/subelerimiz\/izmir\/#primaryimage"},"image":{"@id":"https:\/\/www.myvize.com.tr\/romanya\/subelerimiz\/izmir\/#primaryimage"},"thumbnailUrl":"https:\/\/www.myvize.com.tr\/romanya\/wp-content\/uploads\/2021\/09\/2-13.jpg","datePublished":"2020-12-28T09:36:56+00:00","dateModified":"2022-06-27T09:15:56+00:00","description":"Romanya Vizesi \u0130zmir Vize Ba\u015fvuru Merkezi. Romanya Vizesi Nas\u0131l Al\u0131n\u0131r? Ba\u015fvuru Yapmak \u0130\u00e7in \u0130zmir \u015eubemizi Aray\u0131n: 0850 346 84 93","breadcrumb":{"@id":"https:\/\/www.myvize.com.tr\/romanya\/subelerimiz\/izmir\/#breadcrumb"},"inLanguage":"tr","potentialAction":[{"@type":"ReadAction","target":["https:\/\/www.myvize.com.tr\/romanya\/subelerimiz\/izmir\/"]}]},{"@type":"ImageObject","inLanguage":"tr","@id":"https:\/\/www.myvize.com.tr\/romanya\/subelerimiz\/izmir\/#primaryimage","url":"https:\/\/www.myvize.com.tr\/romanya\/wp-content\/uploads\/2021\/09\/2-13.jpg","contentUrl":"https:\/\/www.myvize.com.tr\/romanya\/wp-content\/uploads\/2021\/09\/2-13.jpg","width":800,"height":500,"caption":"Romanya \u015eubelerimiz \u0130zmir"},{"@type":"BreadcrumbList","@id":"https:\/\/www.myvize.com.tr\/romanya\/subelerimiz\/izmir\/#breadcrumb","itemListElement":[{"@type":"ListItem","position":1,"name":"Anasayfa","item":"https:\/\/www.myvize.com.tr\/romanya\/"},{"@type":"ListItem","position":2,"name":"\u015eUBELER\u0130M\u0130Z","item":"https:\/\/www.myvize.com.tr\/romanya\/subelerimiz\/"},{"@type":"ListItem","position":3,"name":"\u0130zmir"}]},{"@type":"WebSite","@id":"https:\/\/www.myvize.com.tr\/romanya\/#website","url":"https:\/\/www.myvize.com.tr\/romanya\/","name":"Romanya Vize Dan\u0131\u015fmanl\u0131k | MyVize","description":"","potentialAction":[{"@type":"SearchAction","target":{"@type":"EntryPoint","urlTemplate":"https:\/\/www.myvize.com.tr\/romanya\/?s={search_term_string}"},"query-input":{"@type":"PropertyValueSpecification","valueRequired":true,"valueName":"search_term_string"}}],"inLanguage":"tr"}]}},"_links":{"self":[{"href":"https:\/\/www.myvize.com.tr\/romanya\/wp-json\/wp\/v2\/pages\/244","targetHints":{"allow":["GET"]}}],"collection":[{"href":"https:\/\/www.myvize.com.tr\/romanya\/wp-json\/wp\/v2\/pages"}],"about":[{"href":"https:\/\/www.myvize.com.tr\/romanya\/wp-json\/wp\/v2\/types\/page"}],"author":[{"embeddable":true,"href":"https:\/\/www.myvize.com.tr\/romanya\/wp-json\/wp\/v2\/users\/1"}],"replies":[{"embeddable":true,"href":"https:\/\/www.myvize.com.tr\/romanya\/wp-json\/wp\/v2\/comments?post=244"}],"version-history":[{"count":6,"href":"https:\/\/www.myvize.com.tr\/romanya\/wp-json\/wp\/v2\/pages\/244\/revisions"}],"predecessor-version":[{"id":1185,"href":"https:\/\/www.myvize.com.tr\/romanya\/wp-json\/wp\/v2\/pages\/244\/revisions\/1185"}],"up":[{"embeddable":true,"href":"https:\/\/www.myvize.com.tr\/romanya\/wp-json\/wp\/v2\/pages\/219"}],"wp:attachment":[{"href":"https:\/\/www.myvize.com.tr\/romanya\/wp-json\/wp\/v2\/media?parent=244"}],"curies":[{"name":"wp","href":"https:\/\/api.w.org\/{rel}","templated":true}]}}