{"id":309,"date":"2021-06-13T12:00:00","date_gmt":"2021-06-13T09:00:00","guid":{"rendered":"https:\/\/www.myvize.com.tr\/romanya\/?page_id=309"},"modified":"2022-06-27T21:12:53","modified_gmt":"2022-06-27T18:12:53","slug":"romanya-vize-ucreti","status":"publish","type":"page","link":"https:\/\/www.myvize.com.tr\/romanya\/romanya-vize-ucreti\/","title":{"rendered":"Romanya Vize \u00dccreti"},"content":{"rendered":"\r\n<p>Romanya seyahati i\u00e7in T\u00fcrk vatanda\u015flar\u0131n\u0131n vize almas\u0131 zorunlu durumlardand\u0131r. Hususi, Diplomatik ve Hizmet pasaportu olan ki\u015filerin 90 g\u00fcn\u00fc ge\u00e7meyen seyahatleri i\u00e7in vize almas\u0131na gerek yoktur. Ancak bu pasaport sahipleri e\u011fer 180 g\u00fcn i\u00e7erisinde seyahati tekrarlamak isterse vize almas\u0131 gereklidir. Bordo pasaport sahiplerinin ise her durumda vize alma \u015fart\u0131 bulunmaktad\u0131r.<\/p>\r\n\r\n\r\n\r\n<p>Romanya vizesi i\u00e7in ki\u015filerin hem evrak haz\u0131rlamas\u0131 hem de belirtilen miktarda \u00fccret \u00f6demesi gerekmektedir. Bu s\u00fcre\u00e7te en \u00f6nemli evraklardan birisi de pasaporttur. Pasaportun mutlaka g\u00fcncel olmas\u0131 ve i\u00e7inde bo\u015f yapra\u011f\u0131 bulunmas\u0131 gerekiyor. E\u011fer bir pasaportunuz yoksa alman\u0131z gereklidir. S\u00fcresi ge\u00e7mi\u015f ise yenilemez gerekmektedir.<\/p>\r\n\r\n\r\n\r\n<p>B\u00f6yle durumlarda pasaport i\u00e7in de \u00f6demeniz gereken birtak\u0131m tutarlar bulunuyor. En az 6 ayl\u0131k bir pasaport alabilirsiniz. Bu pasaportun \u00fccreti 407,20 TL\u2019dir. Ancak 10 y\u0131ll\u0131k almak isterseniz 1265,40 TL \u00f6demeniz gereklidir. Pasaportlar\u0131 10 y\u0131ldan daha fazla s\u00fcre i\u00e7in verilmiyor.<\/p>\r\n\r\n<p><img decoding=\"async\" src=\"https:\/\/www.myvize.com.tr\/romanya\/wp-content\/uploads\/2021\/09\/41.jpg\" \/><\/p>\r\n\r\n<p><strong>Romanya Vize Evraklar\u0131 Nelerdir?<\/strong><\/p>\r\n\r\n\r\n\r\n<p>Romanya vize evraklar\u0131 haz\u0131rlanmadan ba\u015fvurunuzu ger\u00e7ekle\u015ftirme \u015fans\u0131 yoktur. Vize evraklar\u0131n\u0131z i\u00e7erisinde en \u00f6nemlisi ba\u015fvuru formudur. Ba\u015fvuru formunu hangi dilde istenmi\u015fse mutlaka o dilde doldurmal\u0131s\u0131n\u0131z. Bunun yan\u0131nda dikkat etmeniz gereken en \u00f6nemli nokta vize t\u00fcr\u00fcd\u00fcr. Vize t\u00fcr\u00fcne ili\u015fkin bilgiler vermedi\u011finiz takdirde Romanya vizenizin ba\u015fvurusu iptal edilebilir.<\/p>\r\n\r\n\r\n\r\n<p>Romanya vize i\u015flemlerinde dikkat etmeniz gereken \u00f6nemli detaylardan birisi de vize dilek\u00e7enizdir. Vize dilek\u00e7enizin mutlaka istenilen kriterlerde olmas\u0131na \u00f6zen g\u00f6sterin. Her bilginin yer almas\u0131 \u00f6nemlidir. Bunun yan\u0131nda vize \u00fccretlerini de g\u00fcncel veriler \u00fczerinden yat\u0131rmaya \u00f6zen g\u00f6stermelisiniz. Romanya vize evraklar\u0131 konusunda kusursuz bir dosya haz\u0131rlad\u0131ysan\u0131z yapman\u0131z gereken \u00fccretleri yat\u0131rmakt\u0131r.<\/p>\r\n\r\n\r\n\r\n<p><strong>Romanya Vize \u00dccretleri Ne Kadar?<\/strong><\/p>\r\n\r\n\r\n\r\n<p>Romanya vize \u00fccretlerinin yat\u0131r\u0131lmas\u0131 i\u00e7in ki\u015filerin ya\u015f\u0131 \u00f6nemlidir. 6 ya\u015f alt\u0131 \u00e7ocuklar i\u00e7in vize \u00fccreti \u00f6denmiyor. Ancak 6 ya\u015f \u00fczeri olanlar\u0131n 60 Euro \u00f6denmesi \u015fart\u0131 bulunmaktad\u0131r. Vize \u00fccreti \u00f6dendi\u011finde mutlaka kar\u015f\u0131l\u0131\u011f\u0131nda ilgili bankadan dekont alman\u0131z gereklidir. Bu dekontun \u00fczerinde para yat\u0131rd\u0131\u011f\u0131n\u0131z kurumun ismi ve \u0131slak imza bulunmas\u0131 \u00f6nemlidir.<\/p>\r\n\r\n\r\n\r\n<p>Romanya vizesi i\u00e7in 30.000 Euro teminatl\u0131 bir seyahat sa\u011fl\u0131k sigortas\u0131 da yapt\u0131rman\u0131z gerekiyor. Seyahat sa\u011fl\u0131k sigortas\u0131n\u0131n al\u0131nmas\u0131nda mutlaka t\u00fcm seyahati kapsayacak bir sigorta olmas\u0131 son derece \u00f6nemlidir.<\/p>\r\n","protected":false},"excerpt":{"rendered":"<p>Romanya seyahati i\u00e7in T\u00fcrk vatanda\u015flar\u0131n\u0131n vize almas\u0131 zorunlu durumlardand\u0131r. Hususi, Diplomatik ve Hizmet pasaportu olan ki\u015filerin 90 g\u00fcn\u00fc ge\u00e7meyen seyahatleri i\u00e7in vize almas\u0131na gerek yoktur. Ancak bu pasaport sahipleri e\u011fer 180 g\u00fcn i\u00e7erisinde seyahati tekrarlamak isterse vize almas\u0131 gereklidir. Bordo pasaport sahiplerinin ise her durumda vize alma \u015fart\u0131 bulunmaktad\u0131r. Romanya vizesi i\u00e7in ki\u015filerin hem evrak<\/p>\n","protected":false},"author":1,"featured_media":0,"parent":0,"menu_order":0,"comment_status":"open","ping_status":"closed","template":"","meta":{"footnotes":""},"class_list":["post-309","page","type-page","status-publish","hentry"],"yoast_head":"<!-- This site is optimized with the Yoast SEO plugin v26.8 - https:\/\/yoast.com\/product\/yoast-seo-wordpress\/ -->\n<title>Romanya Vize \u00dccreti Ne Kadar? - Romanya Vize Harc\u0131 2021<\/title>\n<meta name=\"description\" content=\"Romanya Vize \u00dccretleri i\u00e7in Hemen T\u0131kla! Romanya Vize Randevusu i\u00e7in hemen ara!\" \/>\n<meta name=\"robots\" content=\"index, follow, max-snippet:-1, max-image-preview:large, max-video-preview:-1\" \/>\n<link rel=\"canonical\" href=\"https:\/\/www.myvize.com.tr\/romanya\/romanya-vize-ucreti\/\" \/>\n<meta property=\"og:locale\" content=\"tr_TR\" \/>\n<meta property=\"og:type\" content=\"article\" \/>\n<meta property=\"og:title\" content=\"Romanya Vize \u00dccreti Ne Kadar? - Romanya Vize Harc\u0131 2021\" \/>\n<meta property=\"og:description\" content=\"Romanya Vize \u00dccretleri i\u00e7in Hemen T\u0131kla! Romanya Vize Randevusu i\u00e7in hemen ara!\" \/>\n<meta property=\"og:url\" content=\"https:\/\/www.myvize.com.tr\/romanya\/romanya-vize-ucreti\/\" \/>\n<meta property=\"og:site_name\" content=\"Romanya Vize Dan\u0131\u015fmanl\u0131k | MyVize\" \/>\n<meta property=\"article:modified_time\" content=\"2022-06-27T18:12:53+00:00\" \/>\n<meta property=\"og:image\" content=\"https:\/\/www.myvize.com.tr\/romanya\/wp-content\/uploads\/2021\/09\/41.jpg\" \/>\n<meta name=\"twitter:card\" content=\"summary_large_image\" \/>\n<meta name=\"twitter:label1\" content=\"Tahmini okuma s\u00fcresi\" \/>\n\t<meta name=\"twitter:data1\" content=\"2 dakika\" \/>\n<script type=\"application\/ld+json\" class=\"yoast-schema-graph\">{\"@context\":\"https:\/\/schema.org\",\"@graph\":[{\"@type\":\"WebPage\",\"@id\":\"https:\/\/www.myvize.com.tr\/romanya\/romanya-vize-ucreti\/\",\"url\":\"https:\/\/www.myvize.com.tr\/romanya\/romanya-vize-ucreti\/\",\"name\":\"Romanya Vize \u00dccreti Ne Kadar? - Romanya Vize Harc\u0131 2021\",\"isPartOf\":{\"@id\":\"https:\/\/www.myvize.com.tr\/romanya\/#website\"},\"primaryImageOfPage\":{\"@id\":\"https:\/\/www.myvize.com.tr\/romanya\/romanya-vize-ucreti\/#primaryimage\"},\"image\":{\"@id\":\"https:\/\/www.myvize.com.tr\/romanya\/romanya-vize-ucreti\/#primaryimage\"},\"thumbnailUrl\":\"https:\/\/www.myvize.com.tr\/romanya\/wp-content\/uploads\/2021\/09\/41.jpg\",\"datePublished\":\"2021-06-13T09:00:00+00:00\",\"dateModified\":\"2022-06-27T18:12:53+00:00\",\"description\":\"Romanya Vize \u00dccretleri i\u00e7in Hemen T\u0131kla! Romanya Vize Randevusu i\u00e7in hemen ara!\",\"breadcrumb\":{\"@id\":\"https:\/\/www.myvize.com.tr\/romanya\/romanya-vize-ucreti\/#breadcrumb\"},\"inLanguage\":\"tr\",\"potentialAction\":[{\"@type\":\"ReadAction\",\"target\":[\"https:\/\/www.myvize.com.tr\/romanya\/romanya-vize-ucreti\/\"]}]},{\"@type\":\"ImageObject\",\"inLanguage\":\"tr\",\"@id\":\"https:\/\/www.myvize.com.tr\/romanya\/romanya-vize-ucreti\/#primaryimage\",\"url\":\"https:\/\/www.myvize.com.tr\/romanya\/wp-content\/uploads\/2021\/09\/41.jpg\",\"contentUrl\":\"https:\/\/www.myvize.com.tr\/romanya\/wp-content\/uploads\/2021\/09\/41.jpg\",\"width\":800,\"height\":500,\"caption\":\"Romanya Vize \u00dccreti\"},{\"@type\":\"BreadcrumbList\",\"@id\":\"https:\/\/www.myvize.com.tr\/romanya\/romanya-vize-ucreti\/#breadcrumb\",\"itemListElement\":[{\"@type\":\"ListItem\",\"position\":1,\"name\":\"Anasayfa\",\"item\":\"https:\/\/www.myvize.com.tr\/romanya\/\"},{\"@type\":\"ListItem\",\"position\":2,\"name\":\"Romanya Vize \u00dccreti\"}]},{\"@type\":\"WebSite\",\"@id\":\"https:\/\/www.myvize.com.tr\/romanya\/#website\",\"url\":\"https:\/\/www.myvize.com.tr\/romanya\/\",\"name\":\"Romanya Vize Dan\u0131\u015fmanl\u0131k | MyVize\",\"description\":\"\",\"potentialAction\":[{\"@type\":\"SearchAction\",\"target\":{\"@type\":\"EntryPoint\",\"urlTemplate\":\"https:\/\/www.myvize.com.tr\/romanya\/?s={search_term_string}\"},\"query-input\":{\"@type\":\"PropertyValueSpecification\",\"valueRequired\":true,\"valueName\":\"search_term_string\"}}],\"inLanguage\":\"tr\"}]}<\/script>\n<!-- \/ Yoast SEO plugin. -->","yoast_head_json":{"title":"Romanya Vize \u00dccreti Ne Kadar? - Romanya Vize Harc\u0131 2021","description":"Romanya Vize \u00dccretleri i\u00e7in Hemen T\u0131kla! Romanya Vize Randevusu i\u00e7in hemen ara!","robots":{"index":"index","follow":"follow","max-snippet":"max-snippet:-1","max-image-preview":"max-image-preview:large","max-video-preview":"max-video-preview:-1"},"canonical":"https:\/\/www.myvize.com.tr\/romanya\/romanya-vize-ucreti\/","og_locale":"tr_TR","og_type":"article","og_title":"Romanya Vize \u00dccreti Ne Kadar? - Romanya Vize Harc\u0131 2021","og_description":"Romanya Vize \u00dccretleri i\u00e7in Hemen T\u0131kla! Romanya Vize Randevusu i\u00e7in hemen ara!","og_url":"https:\/\/www.myvize.com.tr\/romanya\/romanya-vize-ucreti\/","og_site_name":"Romanya Vize Dan\u0131\u015fmanl\u0131k | MyVize","article_modified_time":"2022-06-27T18:12:53+00:00","og_image":[{"url":"https:\/\/www.myvize.com.tr\/romanya\/wp-content\/uploads\/2021\/09\/41.jpg","type":"","width":"","height":""}],"twitter_card":"summary_large_image","twitter_misc":{"Tahmini okuma s\u00fcresi":"2 dakika"},"schema":{"@context":"https:\/\/schema.org","@graph":[{"@type":"WebPage","@id":"https:\/\/www.myvize.com.tr\/romanya\/romanya-vize-ucreti\/","url":"https:\/\/www.myvize.com.tr\/romanya\/romanya-vize-ucreti\/","name":"Romanya Vize \u00dccreti Ne Kadar? - Romanya Vize Harc\u0131 2021","isPartOf":{"@id":"https:\/\/www.myvize.com.tr\/romanya\/#website"},"primaryImageOfPage":{"@id":"https:\/\/www.myvize.com.tr\/romanya\/romanya-vize-ucreti\/#primaryimage"},"image":{"@id":"https:\/\/www.myvize.com.tr\/romanya\/romanya-vize-ucreti\/#primaryimage"},"thumbnailUrl":"https:\/\/www.myvize.com.tr\/romanya\/wp-content\/uploads\/2021\/09\/41.jpg","datePublished":"2021-06-13T09:00:00+00:00","dateModified":"2022-06-27T18:12:53+00:00","description":"Romanya Vize \u00dccretleri i\u00e7in Hemen T\u0131kla! Romanya Vize Randevusu i\u00e7in hemen ara!","breadcrumb":{"@id":"https:\/\/www.myvize.com.tr\/romanya\/romanya-vize-ucreti\/#breadcrumb"},"inLanguage":"tr","potentialAction":[{"@type":"ReadAction","target":["https:\/\/www.myvize.com.tr\/romanya\/romanya-vize-ucreti\/"]}]},{"@type":"ImageObject","inLanguage":"tr","@id":"https:\/\/www.myvize.com.tr\/romanya\/romanya-vize-ucreti\/#primaryimage","url":"https:\/\/www.myvize.com.tr\/romanya\/wp-content\/uploads\/2021\/09\/41.jpg","contentUrl":"https:\/\/www.myvize.com.tr\/romanya\/wp-content\/uploads\/2021\/09\/41.jpg","width":800,"height":500,"caption":"Romanya Vize \u00dccreti"},{"@type":"BreadcrumbList","@id":"https:\/\/www.myvize.com.tr\/romanya\/romanya-vize-ucreti\/#breadcrumb","itemListElement":[{"@type":"ListItem","position":1,"name":"Anasayfa","item":"https:\/\/www.myvize.com.tr\/romanya\/"},{"@type":"ListItem","position":2,"name":"Romanya Vize \u00dccreti"}]},{"@type":"WebSite","@id":"https:\/\/www.myvize.com.tr\/romanya\/#website","url":"https:\/\/www.myvize.com.tr\/romanya\/","name":"Romanya Vize Dan\u0131\u015fmanl\u0131k | MyVize","description":"","potentialAction":[{"@type":"SearchAction","target":{"@type":"EntryPoint","urlTemplate":"https:\/\/www.myvize.com.tr\/romanya\/?s={search_term_string}"},"query-input":{"@type":"PropertyValueSpecification","valueRequired":true,"valueName":"search_term_string"}}],"inLanguage":"tr"}]}},"_links":{"self":[{"href":"https:\/\/www.myvize.com.tr\/romanya\/wp-json\/wp\/v2\/pages\/309","targetHints":{"allow":["GET"]}}],"collection":[{"href":"https:\/\/www.myvize.com.tr\/romanya\/wp-json\/wp\/v2\/pages"}],"about":[{"href":"https:\/\/www.myvize.com.tr\/romanya\/wp-json\/wp\/v2\/types\/page"}],"author":[{"embeddable":true,"href":"https:\/\/www.myvize.com.tr\/romanya\/wp-json\/wp\/v2\/users\/1"}],"replies":[{"embeddable":true,"href":"https:\/\/www.myvize.com.tr\/romanya\/wp-json\/wp\/v2\/comments?post=309"}],"version-history":[{"count":6,"href":"https:\/\/www.myvize.com.tr\/romanya\/wp-json\/wp\/v2\/pages\/309\/revisions"}],"predecessor-version":[{"id":1235,"href":"https:\/\/www.myvize.com.tr\/romanya\/wp-json\/wp\/v2\/pages\/309\/revisions\/1235"}],"wp:attachment":[{"href":"https:\/\/www.myvize.com.tr\/romanya\/wp-json\/wp\/v2\/media?parent=309"}],"curies":[{"name":"wp","href":"https:\/\/api.w.org\/{rel}","templated":true}]}}