{"id":41,"date":"2020-11-30T12:46:51","date_gmt":"2020-11-30T09:46:51","guid":{"rendered":"https:\/\/www.myvize.com.tr\/romanya\/?page_id=41"},"modified":"2022-08-15T15:52:41","modified_gmt":"2022-08-15T12:52:41","slug":"romanya-dil-okulu-vizesi","status":"publish","type":"page","link":"https:\/\/www.myvize.com.tr\/romanya\/vize-islemleri\/romanya-dil-okulu-vizesi\/","title":{"rendered":"Romanya Dil Okulu Vizesi"},"content":{"rendered":"\r\n<p>Romanya dil e\u011fitimi alabilece\u011finiz \u00fclkeler aras\u0131nda yer almaktad\u0131r. Ancak dil e\u011fitimi alabilece\u011finiz kurumlar k\u0131s\u0131tl\u0131 say\u0131dad\u0131r.\u00a0<strong>Romanya Dil Okulu\u00a0<\/strong>ba\u015fvurusunda bulunmadan \u00f6nce dil kurumlar\u0131n\u0131 ara\u015ft\u0131rmak \u00e7ok ak\u0131ll\u0131ca bir karar olacakt\u0131r. \u00d6zellikle Romanya ana dili olan Rumence\u2019yi \u00f6\u011frenmek istiyorsan\u0131z Romanya tercih edebilece\u011finiz en iyi yerdir.\u00a0<strong>Romanya Dil Okulu\u00a0<\/strong>ile sosyal hayat\u0131n bir arada y\u00fcr\u00fct\u00fclmesi ile dil zaman i\u00e7inde \u00e7ok iyi bir \u015fekilde \u00f6\u011frenilmektedir. Telaffuz ve kelime bilgisi zenginle\u015ferek konu\u015fabilece\u011finiz bir k\u0131vama gelir.\u00a0<strong>Romanya Dil Okulu\u00a0<\/strong>olarak genelde \u00fcniversiteler e\u011fitim g\u00f6revini \u00fcstlenmektedir. \u00a0Brasov Transilvania, B\u00fckre\u015f, Babes Bolyai, Cluj Napoca, Alexandru Ioan Cuza, Timi\u015foara Bat\u0131\u00a0\u00fcniversiteleri Rumence ve di\u011fer d\u00fcnya \u00fclkelerini \u00f6\u011frenebilece\u011finiz e\u011fitim kurumlar\u0131 aras\u0131nda yer almaktad\u0131r.<\/p>\r\n\r\n\r\n\r\n<p><strong>Romanya Dil Okulu\u00a0<\/strong>ile dil e\u011fitimi alabilmek i\u00e7in vize ba\u015fvurusu yap\u0131lmas\u0131 \u015fartt\u0131r. E\u011fitim zaman\u0131 baz al\u0131narak k\u0131sa d\u00f6nem veya uzun d\u00f6nem vize ba\u015fvurusunda bulunmak gerekir. Uzun d\u00f6nem e\u011fitim g\u00f6recek \u00f6\u011frencilerin D t\u00fcr\u00fc vize ba\u015fvurusunda bulunmalar\u0131 \u00e7ok ak\u0131ll\u0131ca olacakt\u0131r.\u00a0<strong>Romanya Dil Okulu\u00a0<\/strong>ba\u015fvurunuzu yaparken okul kayd\u0131n\u0131z ve \u00f6deme dekontunuz dosyan\u0131zda belgelenmesi gerekir.<\/p>\r\n\r\n<p><img decoding=\"async\" src=\"https:\/\/www.myvize.com.tr\/romanya\/wp-content\/uploads\/2021\/09\/30.jpg\" \/><\/p>","protected":false},"excerpt":{"rendered":"<p>Romanya dil e\u011fitimi alabilece\u011finiz \u00fclkeler aras\u0131nda yer almaktad\u0131r. Ancak dil e\u011fitimi alabilece\u011finiz kurumlar k\u0131s\u0131tl\u0131 say\u0131dad\u0131r.\u00a0Romanya Dil Okulu\u00a0ba\u015fvurusunda bulunmadan \u00f6nce dil kurumlar\u0131n\u0131 ara\u015ft\u0131rmak \u00e7ok ak\u0131ll\u0131ca bir karar olacakt\u0131r. \u00d6zellikle Romanya ana dili olan Rumence\u2019yi \u00f6\u011frenmek istiyorsan\u0131z Romanya tercih edebilece\u011finiz en iyi yerdir.\u00a0Romanya Dil Okulu\u00a0ile sosyal hayat\u0131n bir arada y\u00fcr\u00fct\u00fclmesi ile dil zaman i\u00e7inde \u00e7ok iyi bir<\/p>\n","protected":false},"author":1,"featured_media":0,"parent":18,"menu_order":0,"comment_status":"open","ping_status":"closed","template":"","meta":{"footnotes":""},"class_list":["post-41","page","type-page","status-publish","hentry"],"yoast_head":"<!-- This site is optimized with the Yoast SEO plugin v26.8 - https:\/\/yoast.com\/product\/yoast-seo-wordpress\/ -->\n<title>Romanya Dil Okulu Vizesi Nas\u0131l Al\u0131n\u0131r? - MyVize<\/title>\n<meta name=\"description\" content=\"Romanya Dil Okulu Vizesi almak i\u00e7in gerekli t\u00fcm evraklar listesi 2022 hemen t\u0131kla! \u00dccretsiz Romanya Vize Randevusu i\u00e7in hemen ara!\" \/>\n<meta name=\"robots\" content=\"index, follow, max-snippet:-1, max-image-preview:large, max-video-preview:-1\" \/>\n<link rel=\"canonical\" href=\"https:\/\/www.myvize.com.tr\/romanya\/vize-islemleri\/romanya-dil-okulu-vizesi\/\" \/>\n<meta property=\"og:locale\" content=\"tr_TR\" \/>\n<meta property=\"og:type\" content=\"article\" \/>\n<meta property=\"og:title\" content=\"Romanya Dil Okulu Vizesi Nas\u0131l Al\u0131n\u0131r? - MyVize\" \/>\n<meta property=\"og:description\" content=\"Romanya Dil Okulu Vizesi almak i\u00e7in gerekli t\u00fcm evraklar listesi 2022 hemen t\u0131kla! \u00dccretsiz Romanya Vize Randevusu i\u00e7in hemen ara!\" \/>\n<meta property=\"og:url\" content=\"https:\/\/www.myvize.com.tr\/romanya\/vize-islemleri\/romanya-dil-okulu-vizesi\/\" \/>\n<meta property=\"og:site_name\" content=\"Romanya Vize Dan\u0131\u015fmanl\u0131k | MyVize\" \/>\n<meta property=\"article:modified_time\" content=\"2022-08-15T12:52:41+00:00\" \/>\n<meta property=\"og:image\" content=\"https:\/\/www.myvize.com.tr\/romanya\/wp-content\/uploads\/2021\/09\/30.jpg\" \/>\n<meta name=\"twitter:card\" content=\"summary_large_image\" \/>\n<meta name=\"twitter:label1\" content=\"Tahmini okuma s\u00fcresi\" \/>\n\t<meta name=\"twitter:data1\" content=\"1 dakika\" \/>\n<script type=\"application\/ld+json\" class=\"yoast-schema-graph\">{\"@context\":\"https:\/\/schema.org\",\"@graph\":[{\"@type\":\"WebPage\",\"@id\":\"https:\/\/www.myvize.com.tr\/romanya\/vize-islemleri\/romanya-dil-okulu-vizesi\/\",\"url\":\"https:\/\/www.myvize.com.tr\/romanya\/vize-islemleri\/romanya-dil-okulu-vizesi\/\",\"name\":\"Romanya Dil Okulu Vizesi Nas\u0131l Al\u0131n\u0131r? - MyVize\",\"isPartOf\":{\"@id\":\"https:\/\/www.myvize.com.tr\/romanya\/#website\"},\"primaryImageOfPage\":{\"@id\":\"https:\/\/www.myvize.com.tr\/romanya\/vize-islemleri\/romanya-dil-okulu-vizesi\/#primaryimage\"},\"image\":{\"@id\":\"https:\/\/www.myvize.com.tr\/romanya\/vize-islemleri\/romanya-dil-okulu-vizesi\/#primaryimage\"},\"thumbnailUrl\":\"https:\/\/www.myvize.com.tr\/romanya\/wp-content\/uploads\/2021\/09\/30.jpg\",\"datePublished\":\"2020-11-30T09:46:51+00:00\",\"dateModified\":\"2022-08-15T12:52:41+00:00\",\"description\":\"Romanya Dil Okulu Vizesi almak i\u00e7in gerekli t\u00fcm evraklar listesi 2022 hemen t\u0131kla! \u00dccretsiz Romanya Vize Randevusu i\u00e7in hemen ara!\",\"breadcrumb\":{\"@id\":\"https:\/\/www.myvize.com.tr\/romanya\/vize-islemleri\/romanya-dil-okulu-vizesi\/#breadcrumb\"},\"inLanguage\":\"tr\",\"potentialAction\":[{\"@type\":\"ReadAction\",\"target\":[\"https:\/\/www.myvize.com.tr\/romanya\/vize-islemleri\/romanya-dil-okulu-vizesi\/\"]}]},{\"@type\":\"ImageObject\",\"inLanguage\":\"tr\",\"@id\":\"https:\/\/www.myvize.com.tr\/romanya\/vize-islemleri\/romanya-dil-okulu-vizesi\/#primaryimage\",\"url\":\"https:\/\/www.myvize.com.tr\/romanya\/wp-content\/uploads\/2021\/09\/30.jpg\",\"contentUrl\":\"https:\/\/www.myvize.com.tr\/romanya\/wp-content\/uploads\/2021\/09\/30.jpg\",\"width\":800,\"height\":500,\"caption\":\"Romanya Turistik Vize\"},{\"@type\":\"BreadcrumbList\",\"@id\":\"https:\/\/www.myvize.com.tr\/romanya\/vize-islemleri\/romanya-dil-okulu-vizesi\/#breadcrumb\",\"itemListElement\":[{\"@type\":\"ListItem\",\"position\":1,\"name\":\"Anasayfa\",\"item\":\"https:\/\/www.myvize.com.tr\/romanya\/\"},{\"@type\":\"ListItem\",\"position\":2,\"name\":\"ROMANYA V\u0130ZE \u0130\u015eLEMLER\u0130\",\"item\":\"https:\/\/www.myvize.com.tr\/romanya\/vize-islemleri\/\"},{\"@type\":\"ListItem\",\"position\":3,\"name\":\"Romanya Dil Okulu Vizesi\"}]},{\"@type\":\"WebSite\",\"@id\":\"https:\/\/www.myvize.com.tr\/romanya\/#website\",\"url\":\"https:\/\/www.myvize.com.tr\/romanya\/\",\"name\":\"Romanya Vize Dan\u0131\u015fmanl\u0131k | MyVize\",\"description\":\"\",\"potentialAction\":[{\"@type\":\"SearchAction\",\"target\":{\"@type\":\"EntryPoint\",\"urlTemplate\":\"https:\/\/www.myvize.com.tr\/romanya\/?s={search_term_string}\"},\"query-input\":{\"@type\":\"PropertyValueSpecification\",\"valueRequired\":true,\"valueName\":\"search_term_string\"}}],\"inLanguage\":\"tr\"}]}<\/script>\n<!-- \/ Yoast SEO plugin. -->","yoast_head_json":{"title":"Romanya Dil Okulu Vizesi Nas\u0131l Al\u0131n\u0131r? - MyVize","description":"Romanya Dil Okulu Vizesi almak i\u00e7in gerekli t\u00fcm evraklar listesi 2022 hemen t\u0131kla! \u00dccretsiz Romanya Vize Randevusu i\u00e7in hemen ara!","robots":{"index":"index","follow":"follow","max-snippet":"max-snippet:-1","max-image-preview":"max-image-preview:large","max-video-preview":"max-video-preview:-1"},"canonical":"https:\/\/www.myvize.com.tr\/romanya\/vize-islemleri\/romanya-dil-okulu-vizesi\/","og_locale":"tr_TR","og_type":"article","og_title":"Romanya Dil Okulu Vizesi Nas\u0131l Al\u0131n\u0131r? - MyVize","og_description":"Romanya Dil Okulu Vizesi almak i\u00e7in gerekli t\u00fcm evraklar listesi 2022 hemen t\u0131kla! \u00dccretsiz Romanya Vize Randevusu i\u00e7in hemen ara!","og_url":"https:\/\/www.myvize.com.tr\/romanya\/vize-islemleri\/romanya-dil-okulu-vizesi\/","og_site_name":"Romanya Vize Dan\u0131\u015fmanl\u0131k | MyVize","article_modified_time":"2022-08-15T12:52:41+00:00","og_image":[{"url":"https:\/\/www.myvize.com.tr\/romanya\/wp-content\/uploads\/2021\/09\/30.jpg","type":"","width":"","height":""}],"twitter_card":"summary_large_image","twitter_misc":{"Tahmini okuma s\u00fcresi":"1 dakika"},"schema":{"@context":"https:\/\/schema.org","@graph":[{"@type":"WebPage","@id":"https:\/\/www.myvize.com.tr\/romanya\/vize-islemleri\/romanya-dil-okulu-vizesi\/","url":"https:\/\/www.myvize.com.tr\/romanya\/vize-islemleri\/romanya-dil-okulu-vizesi\/","name":"Romanya Dil Okulu Vizesi Nas\u0131l Al\u0131n\u0131r? - MyVize","isPartOf":{"@id":"https:\/\/www.myvize.com.tr\/romanya\/#website"},"primaryImageOfPage":{"@id":"https:\/\/www.myvize.com.tr\/romanya\/vize-islemleri\/romanya-dil-okulu-vizesi\/#primaryimage"},"image":{"@id":"https:\/\/www.myvize.com.tr\/romanya\/vize-islemleri\/romanya-dil-okulu-vizesi\/#primaryimage"},"thumbnailUrl":"https:\/\/www.myvize.com.tr\/romanya\/wp-content\/uploads\/2021\/09\/30.jpg","datePublished":"2020-11-30T09:46:51+00:00","dateModified":"2022-08-15T12:52:41+00:00","description":"Romanya Dil Okulu Vizesi almak i\u00e7in gerekli t\u00fcm evraklar listesi 2022 hemen t\u0131kla! \u00dccretsiz Romanya Vize Randevusu i\u00e7in hemen ara!","breadcrumb":{"@id":"https:\/\/www.myvize.com.tr\/romanya\/vize-islemleri\/romanya-dil-okulu-vizesi\/#breadcrumb"},"inLanguage":"tr","potentialAction":[{"@type":"ReadAction","target":["https:\/\/www.myvize.com.tr\/romanya\/vize-islemleri\/romanya-dil-okulu-vizesi\/"]}]},{"@type":"ImageObject","inLanguage":"tr","@id":"https:\/\/www.myvize.com.tr\/romanya\/vize-islemleri\/romanya-dil-okulu-vizesi\/#primaryimage","url":"https:\/\/www.myvize.com.tr\/romanya\/wp-content\/uploads\/2021\/09\/30.jpg","contentUrl":"https:\/\/www.myvize.com.tr\/romanya\/wp-content\/uploads\/2021\/09\/30.jpg","width":800,"height":500,"caption":"Romanya Turistik Vize"},{"@type":"BreadcrumbList","@id":"https:\/\/www.myvize.com.tr\/romanya\/vize-islemleri\/romanya-dil-okulu-vizesi\/#breadcrumb","itemListElement":[{"@type":"ListItem","position":1,"name":"Anasayfa","item":"https:\/\/www.myvize.com.tr\/romanya\/"},{"@type":"ListItem","position":2,"name":"ROMANYA V\u0130ZE \u0130\u015eLEMLER\u0130","item":"https:\/\/www.myvize.com.tr\/romanya\/vize-islemleri\/"},{"@type":"ListItem","position":3,"name":"Romanya Dil Okulu Vizesi"}]},{"@type":"WebSite","@id":"https:\/\/www.myvize.com.tr\/romanya\/#website","url":"https:\/\/www.myvize.com.tr\/romanya\/","name":"Romanya Vize Dan\u0131\u015fmanl\u0131k | MyVize","description":"","potentialAction":[{"@type":"SearchAction","target":{"@type":"EntryPoint","urlTemplate":"https:\/\/www.myvize.com.tr\/romanya\/?s={search_term_string}"},"query-input":{"@type":"PropertyValueSpecification","valueRequired":true,"valueName":"search_term_string"}}],"inLanguage":"tr"}]}},"_links":{"self":[{"href":"https:\/\/www.myvize.com.tr\/romanya\/wp-json\/wp\/v2\/pages\/41","targetHints":{"allow":["GET"]}}],"collection":[{"href":"https:\/\/www.myvize.com.tr\/romanya\/wp-json\/wp\/v2\/pages"}],"about":[{"href":"https:\/\/www.myvize.com.tr\/romanya\/wp-json\/wp\/v2\/types\/page"}],"author":[{"embeddable":true,"href":"https:\/\/www.myvize.com.tr\/romanya\/wp-json\/wp\/v2\/users\/1"}],"replies":[{"embeddable":true,"href":"https:\/\/www.myvize.com.tr\/romanya\/wp-json\/wp\/v2\/comments?post=41"}],"version-history":[{"count":6,"href":"https:\/\/www.myvize.com.tr\/romanya\/wp-json\/wp\/v2\/pages\/41\/revisions"}],"predecessor-version":[{"id":1272,"href":"https:\/\/www.myvize.com.tr\/romanya\/wp-json\/wp\/v2\/pages\/41\/revisions\/1272"}],"up":[{"embeddable":true,"href":"https:\/\/www.myvize.com.tr\/romanya\/wp-json\/wp\/v2\/pages\/18"}],"wp:attachment":[{"href":"https:\/\/www.myvize.com.tr\/romanya\/wp-json\/wp\/v2\/media?parent=41"}],"curies":[{"name":"wp","href":"https:\/\/api.w.org\/{rel}","templated":true}]}}