{"id":49,"date":"2020-11-30T12:48:56","date_gmt":"2020-11-30T09:48:56","guid":{"rendered":"https:\/\/www.myvize.com.tr\/romanya\/?page_id=49"},"modified":"2023-02-05T19:27:40","modified_gmt":"2023-02-05T16:27:40","slug":"romanya-vize-reddi","status":"publish","type":"page","link":"https:\/\/www.myvize.com.tr\/romanya\/vize-islemleri\/romanya-vize-reddi\/","title":{"rendered":"Romanya Vize Reddi"},"content":{"rendered":"<p><span style=\"font-family: Roboto;\"><\/span><\/p>\r\n<h2><strong><span style=\"font-family: Roboto; font-size: 27px;\">Romanya Vize Reddi Sebepleri<\/span><\/strong><\/h2>\r\n<p><span style=\"font-family: Roboto; font-size: 14px;\">Romanya \u2018ya T\u00fcrkiye\u2019den en \u00e7ok i\u015fsizlik ve i\u015f bulmak i\u00e7in yahut ba\u015fka nedenlerden dolay\u0131 gitmek gerekebilir. Buradaki en b\u00fcy\u00fck sorun belki de vize alma problemidir. \u00a0Vize almak bir\u00e7o\u011fumuzun yurt d\u0131\u015f\u0131na \u00e7\u0131kmak i\u00e7in kar\u015f\u0131la\u015ft\u0131\u011f\u0131m\u0131z en b\u00fcy\u00fck sorun olabiliyor. \u00c7\u00fcnk\u00fc vize alma durumunda \u00e7e\u015fitli nedenlerden dolay\u0131 y iptal ediliyor ya da gecikiyor.<\/span><\/p>\r\n<p><span style=\"font-family: Roboto; font-size: 14px;\">\r\n\r\n<\/span><\/p>\r\n<p><span style=\"font-family: Roboto; font-size: 14px;\">Romanya\u2019da da di\u011fer her \u00fclke gibi bu sorunu g\u00f6rmekteyiz. <strong>Romanya da vize reddi<\/strong> yine \u00e7e\u015fitli nedenlerden dolay\u0131 iptal olabiliyor. \u0130\u015fte baz\u0131<strong> Romanya vize reddi<\/strong> sebepleri ;<\/span><\/p>\r\n<p><span style=\"font-family: Roboto; font-size: 14px;\">\r\n\r\n<\/span><\/p>\r\n<ul class=\"wp-block-list\">\r\n<li><span style=\"font-family: Roboto; font-size: 14px;\">Evraklar\u0131n yanl\u0131\u015f doldurulmas\u0131<\/span><\/li>\r\n<li><span style=\"font-family: Roboto; font-size: 14px;\">Ekonomik durumlardan dolay\u0131 al\u0131nan ret<\/span><\/li>\r\n<li><span style=\"font-family: Roboto; font-size: 14px;\">Yanl\u0131\u015f vize t\u00fcr\u00fcne \u00f6denen har\u00e7<\/span><\/li>\r\n<li><span style=\"font-family: Roboto; font-size: 14px;\">Konaklama sorunundan olu\u015fan ret<\/span><\/li>\r\n<\/ul>\r\n<p><span style=\"font-family: Roboto; font-size: 14px;\">\r\n\r\n<\/span><\/p>\r\n<p><span style=\"font-family: Roboto; font-size: 14px;\">Gibi sebeplerden kaynaklanan sorunlar vard\u0131r. Bu da <strong>Romanya vize<\/strong> sonucunun olumsuz \u00e7\u0131kmas\u0131n\u0131 sa\u011flar. Gelelim \u015fimdi bu nedenleri yak\u0131ndan tan\u0131maya:<\/span><\/p>\r\n<p><span style=\"font-family: Roboto; font-size: 14px;\"><\/span><\/p>\r\n<p><span style=\"font-family: Roboto; font-size: 14px;\"><img decoding=\"async\" src=\"https:\/\/www.myvize.com.tr\/romanya\/wp-content\/uploads\/2021\/09\/44.jpg\" \/><\/span><\/p>\r\n<p><span style=\"font-family: Roboto; font-size: 18px;\"><strong>Evraklar\u0131n Yanl\u0131\u015f Doldurulmas\u0131<\/strong><\/span><\/p>\r\n<p><span style=\"font-family: Roboto; font-size: 14px;\"><\/span><\/p>\r\n<p><span style=\"font-family: Roboto; font-size: 14px;\">\r\n\r\n<\/span><\/p>\r\n<p><span style=\"font-family: Roboto; font-size: 14px;\"><span style=\"color: #2acec2;\"><strong><a style=\"color: #2acec2;\" href=\"https:\/\/www.myvize.com.tr\/romanya\/\">Romanya Vizesi<\/a><\/strong><\/span> al\u0131n\u0131rken size verilen evraklar\u0131 do\u011fru bir \u015fekilde doldurulmas\u0131 gerekir. Bu y\u00fczden de evraklar\u0131n\u0131z\u0131 veya di\u011fer ad\u0131yla formlar\u0131n\u0131z\u0131 tekrar tekrar kontrol ederek ilgili kuruma vermeniz tavsiye edilir. Aksi taktirde olu\u015facak durum Romanya vizenizin ret karar\u0131d\u0131r. \u00a0\u00a0\u00a0<\/span><\/p>\r\n<p><span style=\"font-family: Roboto; font-size: 14px;\">\r\n\r\n<\/span><\/p>\r\n<h2 class=\"wp-block-heading\"><span style=\"font-family: Roboto; font-size: 18px;\"><strong>Ekonomi Durum<\/strong><\/span><\/h2>\r\n<p><span style=\"font-family: Roboto; font-size: 14px;\">\r\n\r\n<\/span><\/p>\r\n<p><span style=\"font-family: Roboto; font-size: 14px;\"><strong>Romanya vizesi<\/strong> al\u0131rken ilgili kurum yahut kurulu\u015f elbette sizin ekonomik durumunuzu da bakmadan ge\u00e7mez. Romanya\u2019da gitti\u011finizde orada ne durumda ya\u015fayabileceksiniz ya da geri T\u00fcrkiye\u2019ye gelebilme imkan\u0131n\u0131z olacak m\u0131 gibi sorulara cevap arayarak sizin ekonomik durumunuzu kontrol ederler. E\u011fer ki geri T\u00fcrkiye\u2019ye gelememe gibi yahut orada ge\u00e7ime \u015fartlar\u0131 olumsuzlukla sonu\u00e7lan\u0131rsa bu da vize reddine sebep olabilecek bir durum ortaya koyar. \u00a0\u00a0<\/span><\/p>\r\n<p><span style=\"font-family: Roboto; font-size: 14px;\"><\/span><\/p>\r\n<p><span style=\"font-family: Roboto; font-size: 14px;\"><img decoding=\"async\" src=\"https:\/\/www.myvize.com.tr\/romanya\/wp-content\/uploads\/2021\/09\/45.jpg\" \/><\/span><\/p>\r\n<p><span style=\"font-family: Roboto; font-size: 18px;\"><strong>Yanl\u0131\u015f Vize T\u00fcr\u00fcne \u00d6denen Har\u00e7<\/strong><\/span><\/p>\r\n<p><span style=\"font-family: Roboto; font-size: 14px;\"><\/span><\/p>\r\n<p><span style=\"font-family: Roboto; font-size: 14px;\">\r\n\r\n<\/span><\/p>\r\n<p><span style=\"font-family: Roboto; font-size: 14px;\">Yanl\u0131\u015f bir vize t\u00fcr\u00fcne \u00f6denen har\u00e7 da Romanya vizesini olumsuzlukla sonu\u00e7lan\u0131r ve vizenizin ret karar\u0131 al\u0131n\u0131r.<\/span><\/p>\r\n<p><span style=\"font-family: Roboto; font-size: 14px;\">\r\n\r\n<\/span><\/p>\r\n<h3 class=\"wp-block-heading\"><span style=\"font-family: Roboto; font-size: 18px;\"><strong>Konaklama Sorunlar\u0131<\/strong><\/span><\/h3>\r\n<p><span style=\"font-family: Roboto; font-size: 14px;\">\r\n\r\n<\/span><\/p>\r\n<p><span style=\"font-family: Roboto; font-size: 14px;\">Bu madde de ekonomik sorunlardan kaynaklanan bir durumdur fakat vize i\u015flemlerin de bir ret karar\u0131yla sonu\u00e7lanabilir. O y\u00fczden biz bunu bir ba\u015fl\u0131k olarak yazmaya karar verdik. Konaklama sorunu Romanya\u2019ya vizesinde sorun olarak te\u015fkil edebilir. \u00c7\u00fcnk\u00fc e\u011fer bir konaklama yahut otelde kalma konusunda \u00e7eli\u015fkili durumlar\u0131n ortaya \u00e7\u0131kmas\u0131 vizenizin ret karar verilme olas\u0131l\u0131\u011f\u0131 \u00e7ok y\u00fcksektir. Bu y\u00fczden bu gibi hususlar\u0131 atlamadan olu\u015fabilecek durumlar\u0131 g\u00f6ze almal\u0131s\u0131n\u0131z ve ya \u00f6nlemeye \u00e7al\u0131\u015fmal\u0131s\u0131n\u0131z.<\/span><\/p>\r\n<p><span style=\"font-family: Roboto;\"><\/span><\/p>","protected":false},"excerpt":{"rendered":"<p>Romanya Vize Reddi Sebepleri Romanya \u2018ya T\u00fcrkiye\u2019den en \u00e7ok i\u015fsizlik ve i\u015f bulmak i\u00e7in yahut ba\u015fka nedenlerden dolay\u0131 gitmek gerekebilir. Buradaki en b\u00fcy\u00fck sorun belki de vize alma problemidir. \u00a0Vize almak bir\u00e7o\u011fumuzun yurt d\u0131\u015f\u0131na \u00e7\u0131kmak i\u00e7in kar\u015f\u0131la\u015ft\u0131\u011f\u0131m\u0131z en b\u00fcy\u00fck sorun olabiliyor. \u00c7\u00fcnk\u00fc vize alma durumunda \u00e7e\u015fitli nedenlerden dolay\u0131 y iptal ediliyor ya da gecikiyor. Romanya\u2019da<\/p>\n","protected":false},"author":1,"featured_media":0,"parent":18,"menu_order":0,"comment_status":"open","ping_status":"closed","template":"","meta":{"footnotes":""},"class_list":["post-49","page","type-page","status-publish","hentry"],"yoast_head":"<!-- This site is optimized with the Yoast SEO plugin v26.8 - https:\/\/yoast.com\/product\/yoast-seo-wordpress\/ -->\n<title>Romanya Vize Reddi Nas\u0131l Onaya \u00c7evrilir? - MyVize<\/title>\n<meta name=\"description\" content=\"Romanya Vize Reddini Onaya \u00c7evirmek \u0130\u00e7in Hemen T\u0131klay\u0131n\u0131z! Romanya Vize Reddi Mi Ald\u0131n\u0131z? Vize Dan\u0131\u015fman\u0131m\u0131za Ula\u015fmak \u0130\u00e7in Hemen Aray\u0131n!\" \/>\n<meta name=\"robots\" content=\"index, follow, max-snippet:-1, max-image-preview:large, max-video-preview:-1\" \/>\n<link rel=\"canonical\" href=\"https:\/\/www.myvize.com.tr\/romanya\/vize-islemleri\/romanya-vize-reddi\/\" \/>\n<meta property=\"og:locale\" content=\"tr_TR\" \/>\n<meta property=\"og:type\" content=\"article\" \/>\n<meta property=\"og:title\" content=\"Romanya Vize Reddi Nas\u0131l Onaya \u00c7evrilir? - MyVize\" \/>\n<meta property=\"og:description\" content=\"Romanya Vize Reddini Onaya \u00c7evirmek \u0130\u00e7in Hemen T\u0131klay\u0131n\u0131z! Romanya Vize Reddi Mi Ald\u0131n\u0131z? Vize Dan\u0131\u015fman\u0131m\u0131za Ula\u015fmak \u0130\u00e7in Hemen Aray\u0131n!\" \/>\n<meta property=\"og:url\" content=\"https:\/\/www.myvize.com.tr\/romanya\/vize-islemleri\/romanya-vize-reddi\/\" \/>\n<meta property=\"og:site_name\" content=\"Romanya Vize Dan\u0131\u015fmanl\u0131k | MyVize\" \/>\n<meta property=\"article:modified_time\" content=\"2023-02-05T16:27:40+00:00\" \/>\n<meta property=\"og:image\" content=\"https:\/\/www.myvize.com.tr\/romanya\/wp-content\/uploads\/2021\/09\/44.jpg\" \/>\n<meta name=\"twitter:card\" content=\"summary_large_image\" \/>\n<meta name=\"twitter:label1\" content=\"Tahmini okuma s\u00fcresi\" \/>\n\t<meta name=\"twitter:data1\" content=\"3 dakika\" \/>\n<script type=\"application\/ld+json\" class=\"yoast-schema-graph\">{\"@context\":\"https:\/\/schema.org\",\"@graph\":[{\"@type\":\"WebPage\",\"@id\":\"https:\/\/www.myvize.com.tr\/romanya\/vize-islemleri\/romanya-vize-reddi\/\",\"url\":\"https:\/\/www.myvize.com.tr\/romanya\/vize-islemleri\/romanya-vize-reddi\/\",\"name\":\"Romanya Vize Reddi Nas\u0131l Onaya \u00c7evrilir? - MyVize\",\"isPartOf\":{\"@id\":\"https:\/\/www.myvize.com.tr\/romanya\/#website\"},\"primaryImageOfPage\":{\"@id\":\"https:\/\/www.myvize.com.tr\/romanya\/vize-islemleri\/romanya-vize-reddi\/#primaryimage\"},\"image\":{\"@id\":\"https:\/\/www.myvize.com.tr\/romanya\/vize-islemleri\/romanya-vize-reddi\/#primaryimage\"},\"thumbnailUrl\":\"https:\/\/www.myvize.com.tr\/romanya\/wp-content\/uploads\/2021\/09\/44.jpg\",\"datePublished\":\"2020-11-30T09:48:56+00:00\",\"dateModified\":\"2023-02-05T16:27:40+00:00\",\"description\":\"Romanya Vize Reddini Onaya \u00c7evirmek \u0130\u00e7in Hemen T\u0131klay\u0131n\u0131z! Romanya Vize Reddi Mi Ald\u0131n\u0131z? Vize Dan\u0131\u015fman\u0131m\u0131za Ula\u015fmak \u0130\u00e7in Hemen Aray\u0131n!\",\"breadcrumb\":{\"@id\":\"https:\/\/www.myvize.com.tr\/romanya\/vize-islemleri\/romanya-vize-reddi\/#breadcrumb\"},\"inLanguage\":\"tr\",\"potentialAction\":[{\"@type\":\"ReadAction\",\"target\":[\"https:\/\/www.myvize.com.tr\/romanya\/vize-islemleri\/romanya-vize-reddi\/\"]}]},{\"@type\":\"ImageObject\",\"inLanguage\":\"tr\",\"@id\":\"https:\/\/www.myvize.com.tr\/romanya\/vize-islemleri\/romanya-vize-reddi\/#primaryimage\",\"url\":\"https:\/\/www.myvize.com.tr\/romanya\/wp-content\/uploads\/2021\/09\/44.jpg\",\"contentUrl\":\"https:\/\/www.myvize.com.tr\/romanya\/wp-content\/uploads\/2021\/09\/44.jpg\",\"width\":800,\"height\":500,\"caption\":\"Romanya Vize Reddi\"},{\"@type\":\"BreadcrumbList\",\"@id\":\"https:\/\/www.myvize.com.tr\/romanya\/vize-islemleri\/romanya-vize-reddi\/#breadcrumb\",\"itemListElement\":[{\"@type\":\"ListItem\",\"position\":1,\"name\":\"Anasayfa\",\"item\":\"https:\/\/www.myvize.com.tr\/romanya\/\"},{\"@type\":\"ListItem\",\"position\":2,\"name\":\"ROMANYA V\u0130ZE \u0130\u015eLEMLER\u0130\",\"item\":\"https:\/\/www.myvize.com.tr\/romanya\/vize-islemleri\/\"},{\"@type\":\"ListItem\",\"position\":3,\"name\":\"Romanya Vize Reddi\"}]},{\"@type\":\"WebSite\",\"@id\":\"https:\/\/www.myvize.com.tr\/romanya\/#website\",\"url\":\"https:\/\/www.myvize.com.tr\/romanya\/\",\"name\":\"Romanya Vize Dan\u0131\u015fmanl\u0131k | MyVize\",\"description\":\"\",\"potentialAction\":[{\"@type\":\"SearchAction\",\"target\":{\"@type\":\"EntryPoint\",\"urlTemplate\":\"https:\/\/www.myvize.com.tr\/romanya\/?s={search_term_string}\"},\"query-input\":{\"@type\":\"PropertyValueSpecification\",\"valueRequired\":true,\"valueName\":\"search_term_string\"}}],\"inLanguage\":\"tr\"}]}<\/script>\n<!-- \/ Yoast SEO plugin. -->","yoast_head_json":{"title":"Romanya Vize Reddi Nas\u0131l Onaya \u00c7evrilir? - MyVize","description":"Romanya Vize Reddini Onaya \u00c7evirmek \u0130\u00e7in Hemen T\u0131klay\u0131n\u0131z! Romanya Vize Reddi Mi Ald\u0131n\u0131z? Vize Dan\u0131\u015fman\u0131m\u0131za Ula\u015fmak \u0130\u00e7in Hemen Aray\u0131n!","robots":{"index":"index","follow":"follow","max-snippet":"max-snippet:-1","max-image-preview":"max-image-preview:large","max-video-preview":"max-video-preview:-1"},"canonical":"https:\/\/www.myvize.com.tr\/romanya\/vize-islemleri\/romanya-vize-reddi\/","og_locale":"tr_TR","og_type":"article","og_title":"Romanya Vize Reddi Nas\u0131l Onaya \u00c7evrilir? - MyVize","og_description":"Romanya Vize Reddini Onaya \u00c7evirmek \u0130\u00e7in Hemen T\u0131klay\u0131n\u0131z! Romanya Vize Reddi Mi Ald\u0131n\u0131z? Vize Dan\u0131\u015fman\u0131m\u0131za Ula\u015fmak \u0130\u00e7in Hemen Aray\u0131n!","og_url":"https:\/\/www.myvize.com.tr\/romanya\/vize-islemleri\/romanya-vize-reddi\/","og_site_name":"Romanya Vize Dan\u0131\u015fmanl\u0131k | MyVize","article_modified_time":"2023-02-05T16:27:40+00:00","og_image":[{"url":"https:\/\/www.myvize.com.tr\/romanya\/wp-content\/uploads\/2021\/09\/44.jpg","type":"","width":"","height":""}],"twitter_card":"summary_large_image","twitter_misc":{"Tahmini okuma s\u00fcresi":"3 dakika"},"schema":{"@context":"https:\/\/schema.org","@graph":[{"@type":"WebPage","@id":"https:\/\/www.myvize.com.tr\/romanya\/vize-islemleri\/romanya-vize-reddi\/","url":"https:\/\/www.myvize.com.tr\/romanya\/vize-islemleri\/romanya-vize-reddi\/","name":"Romanya Vize Reddi Nas\u0131l Onaya \u00c7evrilir? - MyVize","isPartOf":{"@id":"https:\/\/www.myvize.com.tr\/romanya\/#website"},"primaryImageOfPage":{"@id":"https:\/\/www.myvize.com.tr\/romanya\/vize-islemleri\/romanya-vize-reddi\/#primaryimage"},"image":{"@id":"https:\/\/www.myvize.com.tr\/romanya\/vize-islemleri\/romanya-vize-reddi\/#primaryimage"},"thumbnailUrl":"https:\/\/www.myvize.com.tr\/romanya\/wp-content\/uploads\/2021\/09\/44.jpg","datePublished":"2020-11-30T09:48:56+00:00","dateModified":"2023-02-05T16:27:40+00:00","description":"Romanya Vize Reddini Onaya \u00c7evirmek \u0130\u00e7in Hemen T\u0131klay\u0131n\u0131z! Romanya Vize Reddi Mi Ald\u0131n\u0131z? Vize Dan\u0131\u015fman\u0131m\u0131za Ula\u015fmak \u0130\u00e7in Hemen Aray\u0131n!","breadcrumb":{"@id":"https:\/\/www.myvize.com.tr\/romanya\/vize-islemleri\/romanya-vize-reddi\/#breadcrumb"},"inLanguage":"tr","potentialAction":[{"@type":"ReadAction","target":["https:\/\/www.myvize.com.tr\/romanya\/vize-islemleri\/romanya-vize-reddi\/"]}]},{"@type":"ImageObject","inLanguage":"tr","@id":"https:\/\/www.myvize.com.tr\/romanya\/vize-islemleri\/romanya-vize-reddi\/#primaryimage","url":"https:\/\/www.myvize.com.tr\/romanya\/wp-content\/uploads\/2021\/09\/44.jpg","contentUrl":"https:\/\/www.myvize.com.tr\/romanya\/wp-content\/uploads\/2021\/09\/44.jpg","width":800,"height":500,"caption":"Romanya Vize Reddi"},{"@type":"BreadcrumbList","@id":"https:\/\/www.myvize.com.tr\/romanya\/vize-islemleri\/romanya-vize-reddi\/#breadcrumb","itemListElement":[{"@type":"ListItem","position":1,"name":"Anasayfa","item":"https:\/\/www.myvize.com.tr\/romanya\/"},{"@type":"ListItem","position":2,"name":"ROMANYA V\u0130ZE \u0130\u015eLEMLER\u0130","item":"https:\/\/www.myvize.com.tr\/romanya\/vize-islemleri\/"},{"@type":"ListItem","position":3,"name":"Romanya Vize Reddi"}]},{"@type":"WebSite","@id":"https:\/\/www.myvize.com.tr\/romanya\/#website","url":"https:\/\/www.myvize.com.tr\/romanya\/","name":"Romanya Vize Dan\u0131\u015fmanl\u0131k | MyVize","description":"","potentialAction":[{"@type":"SearchAction","target":{"@type":"EntryPoint","urlTemplate":"https:\/\/www.myvize.com.tr\/romanya\/?s={search_term_string}"},"query-input":{"@type":"PropertyValueSpecification","valueRequired":true,"valueName":"search_term_string"}}],"inLanguage":"tr"}]}},"_links":{"self":[{"href":"https:\/\/www.myvize.com.tr\/romanya\/wp-json\/wp\/v2\/pages\/49","targetHints":{"allow":["GET"]}}],"collection":[{"href":"https:\/\/www.myvize.com.tr\/romanya\/wp-json\/wp\/v2\/pages"}],"about":[{"href":"https:\/\/www.myvize.com.tr\/romanya\/wp-json\/wp\/v2\/types\/page"}],"author":[{"embeddable":true,"href":"https:\/\/www.myvize.com.tr\/romanya\/wp-json\/wp\/v2\/users\/1"}],"replies":[{"embeddable":true,"href":"https:\/\/www.myvize.com.tr\/romanya\/wp-json\/wp\/v2\/comments?post=49"}],"version-history":[{"count":6,"href":"https:\/\/www.myvize.com.tr\/romanya\/wp-json\/wp\/v2\/pages\/49\/revisions"}],"predecessor-version":[{"id":1291,"href":"https:\/\/www.myvize.com.tr\/romanya\/wp-json\/wp\/v2\/pages\/49\/revisions\/1291"}],"up":[{"embeddable":true,"href":"https:\/\/www.myvize.com.tr\/romanya\/wp-json\/wp\/v2\/pages\/18"}],"wp:attachment":[{"href":"https:\/\/www.myvize.com.tr\/romanya\/wp-json\/wp\/v2\/media?parent=49"}],"curies":[{"name":"wp","href":"https:\/\/api.w.org\/{rel}","templated":true}]}}