{"id":55,"date":"2020-11-30T12:50:43","date_gmt":"2020-11-30T09:50:43","guid":{"rendered":"https:\/\/www.myvize.com.tr\/romanya\/?page_id=55"},"modified":"2022-06-27T21:19:51","modified_gmt":"2022-06-27T18:19:51","slug":"turkiyede-oturum-ve-calisma-izni","status":"publish","type":"page","link":"https:\/\/www.myvize.com.tr\/romanya\/vize-islemleri\/turkiyede-oturum-ve-calisma-izni\/","title":{"rendered":"Romanya T\u00fcrkiye&#8217;de Oturum ve \u00c7al\u0131\u015fma \u0130zni"},"content":{"rendered":"<p><span style=\"font-family: Roboto;\"><\/span><\/p>\r\n<h2><strong><span style=\"font-size: 27px; font-family: Roboto;\">Romanya T\u00fcrkiye&#8217;de Oturum ve \u00c7al\u0131\u015fma \u0130zni Hakk\u0131nda<\/span><\/strong><\/h2>\r\n<p><span style=\"font-family: Roboto; font-size: 14px;\">T\u00fcrkiye\u2019de oturum izni almak isteyen ve \u00e7al\u0131\u015fma izni almak isteyen Romanya vatanda\u015flar\u0131 bunun i\u00e7in Romanya\u2019daki T\u00fcrkiye Cumhuriyeti Konsoloslu\u011fu ile ileti\u015fime ge\u00e7melidir. Romanya vatanda\u015flar\u0131n\u0131n sahip oldu\u011fu \u00e7al\u0131\u015fma izni ya da \u00e7al\u0131\u015fma izni muafiyeti belgesi oturum izni yerine say\u0131labilir. Romanya vatanda\u015flar\u0131 vize s\u00fcresi sonras\u0131n T\u00fcrkiye\u2019de kalacak ise oturum izni almal\u0131d\u0131r.<\/span><\/p>\r\n<p><span style=\"font-family: Roboto; font-size: 14px;\">\r\n\r\n<\/span><\/p>\r\n<p><span style=\"font-family: Roboto; font-size: 14px;\">Romanya vatanda\u015flar\u0131 oturum izni i\u00e7in Romanya\u2019da bulunan T\u00fcrk temsilciliklerine ba\u015fvuruda bulunabilir. T\u00fcrkiye\u2019de bulunan Romanya vatanda\u015flar\u0131 ise oturum izni i\u00e7in valiliklere ba\u015fvurabilmektedir. Romanya vatanda\u015flar\u0131n\u0131n pasaportlar\u0131 oturum izni s\u00fcresinden 60 g\u00fcn daha fazla ge\u00e7erli olmal\u0131d\u0131r. Oturum izni ba\u015fvurular\u0131 en ge\u00e7 90 g\u00fcnde sonu\u00e7lanmaktad\u0131r.<\/span><\/p>\r\n<p><span style=\"font-family: Roboto; font-size: 14px;\">\r\n\r\n<\/span><\/p>\r\n<p><span style=\"font-family: Roboto; font-size: 14px;\">T\u00fcrkiye i\u00e7erisinde bulunan Romanya vatanda\u015flar\u0131 oturum izni uzatma i\u015flemlerini e-ikamet \u00fczerinden yapabilmektedir. Bunun i\u00e7in al\u0131nan randevu g\u00fcn ve saatinde \u0130l G\u00f6\u00e7 \u0130daresi\u2019nde bulunulmas\u0131 gerekmektedir.<\/span><\/p>\r\n<p><span style=\"font-family: Roboto; font-size: 14px;\"><\/span><\/p>\r\n<p><span style=\"font-family: Roboto; font-size: 14px;\"><img decoding=\"async\" src=\"https:\/\/www.myvize.com.tr\/romanya\/wp-content\/uploads\/2021\/09\/47.jpg\" \/><\/span><\/p>\r\n<p><span style=\"font-family: Roboto; font-size: 14px;\"><\/span><\/p>\r\n<p><span style=\"font-family: Roboto; font-size: 14px;\">T\u00fcrkiye oturum izni i\u00e7in gerekli belgeler;<\/span><\/p>\r\n<p><span style=\"font-family: Roboto; font-size: 14px;\">\r\n\r\n<\/span><\/p>\r\n<ul class=\"wp-block-list\">\r\n<li><span style=\"font-family: Roboto; font-size: 14px;\">Oturum izni ba\u015fvuru formu<\/span><\/li>\r\n<li><span style=\"font-family: Roboto; font-size: 14px;\">18 ya\u015f alt\u0131 i\u00e7in muvafakatname<\/span><\/li>\r\n<li><span style=\"font-family: Roboto; font-size: 14px;\">Pasaport<\/span><\/li>\r\n<li><span style=\"font-family: Roboto; font-size: 14px;\">4 adet biyometrik foto\u011fraf<\/span><\/li>\r\n<li><span style=\"font-family: Roboto; font-size: 14px;\">Finansal d\u00f6k\u00fcmleri g\u00f6steren belgeler<\/span><\/li>\r\n<li><span style=\"font-family: Roboto; font-size: 14px;\">Talep edilmesi durumunda \u015firketlerden al\u0131nm\u0131\u015f davet mektubu<\/span><\/li>\r\n<li><span style=\"font-family: Roboto; font-size: 14px;\">Yabanc\u0131lar Sa\u011fl\u0131k Sigortas\u0131<\/span><\/li>\r\n<li><span style=\"font-family: Roboto; font-size: 14px;\">SGK\u2019dan al\u0131nm\u0131\u015f Provizyon Belgesi<\/span><\/li>\r\n<li><span style=\"font-family: Roboto; font-size: 14px;\">T\u00fcrkiye\u2019de nerede konaklayaca\u011f\u0131n\u0131 g\u00f6steren belge<\/span><\/li>\r\n<li><span style=\"font-family: Roboto; font-size: 14px;\">Oturum izni \u00fccretinin \u00f6dendi\u011fini g\u00f6steren belge<\/span><\/li>\r\n<\/ul>\r\n<p><span style=\"font-family: Roboto; font-size: 14px;\">\r\n\r\n<\/span><\/p>\r\n<p><span style=\"font-family: Roboto; font-size: 14px;\"><strong>Romanya vatanda\u015flar\u0131 \u00e7al\u0131\u015fma izni<\/strong> i\u00e7inde Romanya\u2019da bulunan T\u00fcrk temsilciliklerine gitmek zorundad\u0131r. T\u00fcrkiye\u2019de \u00e7al\u0131\u015facak Romanya vatanda\u015flar\u0131 ayr\u0131ca T\u00fcrkiye \u00c7al\u0131\u015fma ve Sosyal G\u00fcvenlik Bakanl\u0131\u011f\u0131\u2019na ba\u015fvurmal\u0131d\u0131r. \u00c7SGB, \u00e7al\u0131\u015fma ba\u015fvurular\u0131 i\u00e7in karar verme yetkisine sahiptir. \u00c7al\u0131\u015fma izni alan bir Romanya vatanda\u015f\u0131 ayn\u0131 zamanda oturum izni de alm\u0131\u015f olur. \u00c7al\u0131\u015fma ba\u015fvurusu kabul edilen Romanya vatanda\u015f\u0131 giri\u015f vizesi harc\u0131, \u00c7al\u0131\u015fma izni belgesi harc\u0131 ve oturum izni harc\u0131 \u00f6demelidir.<\/span><\/p>\r\n<p><span style=\"font-family: Roboto; font-size: 14px;\">\r\n\r\n<\/span><\/p>\r\n<p><span style=\"font-family: Roboto; font-size: 14px;\">\u00c7al\u0131\u015fma iznine sahip olan Romanya vatanda\u015flar\u0131 T\u00fcrkiye\u2019ye giri\u015flerinden sonra 20 g\u00fcn i\u00e7erisinde giri\u015flerini \u0130l G\u00f6\u00e7 \u0130daresine bildirerek kay\u0131t yapt\u0131rmal\u0131d\u0131r. T\u00fcrkiye\u2019de e\u011fitim amac\u0131 ile bulunanlar \u00e7al\u0131\u015fma izni alma \u015fart\u0131 ile \u00e7al\u0131\u015fabilmektedir. Ancak \u00f6n lisans ve lisans \u00f6\u011frencileri i\u00e7in \u00e7al\u0131\u015fma hakk\u0131 ilk y\u0131ldan sonra ba\u015flamaktad\u0131r. Ba\u015fvurular \u00c7al\u0131\u015fma, Sosyal Hizmetler ve Aile Bakanl\u0131\u011f\u0131\u2019na yap\u0131lmal\u0131d\u0131r.<\/span><\/p>\r\n<p><span style=\"font-family: Roboto;\"><\/span><\/p>","protected":false},"excerpt":{"rendered":"<p>Romanya T\u00fcrkiye&#8217;de Oturum ve \u00c7al\u0131\u015fma \u0130zni Hakk\u0131nda T\u00fcrkiye\u2019de oturum izni almak isteyen ve \u00e7al\u0131\u015fma izni almak isteyen Romanya vatanda\u015flar\u0131 bunun i\u00e7in Romanya\u2019daki T\u00fcrkiye Cumhuriyeti Konsoloslu\u011fu ile ileti\u015fime ge\u00e7melidir. Romanya vatanda\u015flar\u0131n\u0131n sahip oldu\u011fu \u00e7al\u0131\u015fma izni ya da \u00e7al\u0131\u015fma izni muafiyeti belgesi oturum izni yerine say\u0131labilir. Romanya vatanda\u015flar\u0131 vize s\u00fcresi sonras\u0131n T\u00fcrkiye\u2019de kalacak ise oturum izni almal\u0131d\u0131r.<\/p>\n","protected":false},"author":1,"featured_media":0,"parent":18,"menu_order":0,"comment_status":"open","ping_status":"closed","template":"","meta":{"footnotes":""},"class_list":["post-55","page","type-page","status-publish","hentry"],"yoast_head":"<!-- This site is optimized with the Yoast SEO plugin v26.8 - https:\/\/yoast.com\/product\/yoast-seo-wordpress\/ -->\n<title>Romanya T\u00fcrkiye&#039;de Oturum ve \u00c7al\u0131\u015fma \u0130zni - MyVize<\/title>\n<meta name=\"description\" content=\"Romanya T\u00fcrkiye\u2019de Oturum ve \u00c7al\u0131\u015fma \u0130zni Ba\u015fvurusu i\u00e7in gerekli evraklar listesi i\u00e7in t\u0131kla! Vize Dan\u0131\u015fman\u0131m\u0131zdan Bilgi Almak \u0130\u00e7in Ara!\" \/>\n<meta name=\"robots\" content=\"index, follow, max-snippet:-1, max-image-preview:large, max-video-preview:-1\" \/>\n<link rel=\"canonical\" href=\"https:\/\/www.myvize.com.tr\/romanya\/vize-islemleri\/turkiyede-oturum-ve-calisma-izni\/\" \/>\n<meta property=\"og:locale\" content=\"tr_TR\" \/>\n<meta property=\"og:type\" content=\"article\" \/>\n<meta property=\"og:title\" content=\"Romanya T\u00fcrkiye&#039;de Oturum ve \u00c7al\u0131\u015fma \u0130zni - MyVize\" \/>\n<meta property=\"og:description\" content=\"Romanya T\u00fcrkiye\u2019de Oturum ve \u00c7al\u0131\u015fma \u0130zni Ba\u015fvurusu i\u00e7in gerekli evraklar listesi i\u00e7in t\u0131kla! Vize Dan\u0131\u015fman\u0131m\u0131zdan Bilgi Almak \u0130\u00e7in Ara!\" \/>\n<meta property=\"og:url\" content=\"https:\/\/www.myvize.com.tr\/romanya\/vize-islemleri\/turkiyede-oturum-ve-calisma-izni\/\" \/>\n<meta property=\"og:site_name\" content=\"Romanya Vize Dan\u0131\u015fmanl\u0131k | MyVize\" \/>\n<meta property=\"article:modified_time\" content=\"2022-06-27T18:19:51+00:00\" \/>\n<meta property=\"og:image\" content=\"https:\/\/www.myvize.com.tr\/romanya\/wp-content\/uploads\/2021\/09\/47.jpg\" \/>\n<meta name=\"twitter:card\" content=\"summary_large_image\" \/>\n<meta name=\"twitter:label1\" content=\"Tahmini okuma s\u00fcresi\" \/>\n\t<meta name=\"twitter:data1\" content=\"2 dakika\" \/>\n<script type=\"application\/ld+json\" class=\"yoast-schema-graph\">{\"@context\":\"https:\/\/schema.org\",\"@graph\":[{\"@type\":\"WebPage\",\"@id\":\"https:\/\/www.myvize.com.tr\/romanya\/vize-islemleri\/turkiyede-oturum-ve-calisma-izni\/\",\"url\":\"https:\/\/www.myvize.com.tr\/romanya\/vize-islemleri\/turkiyede-oturum-ve-calisma-izni\/\",\"name\":\"Romanya T\u00fcrkiye'de Oturum ve \u00c7al\u0131\u015fma \u0130zni - MyVize\",\"isPartOf\":{\"@id\":\"https:\/\/www.myvize.com.tr\/romanya\/#website\"},\"primaryImageOfPage\":{\"@id\":\"https:\/\/www.myvize.com.tr\/romanya\/vize-islemleri\/turkiyede-oturum-ve-calisma-izni\/#primaryimage\"},\"image\":{\"@id\":\"https:\/\/www.myvize.com.tr\/romanya\/vize-islemleri\/turkiyede-oturum-ve-calisma-izni\/#primaryimage\"},\"thumbnailUrl\":\"https:\/\/www.myvize.com.tr\/romanya\/wp-content\/uploads\/2021\/09\/47.jpg\",\"datePublished\":\"2020-11-30T09:50:43+00:00\",\"dateModified\":\"2022-06-27T18:19:51+00:00\",\"description\":\"Romanya T\u00fcrkiye\u2019de Oturum ve \u00c7al\u0131\u015fma \u0130zni Ba\u015fvurusu i\u00e7in gerekli evraklar listesi i\u00e7in t\u0131kla! Vize Dan\u0131\u015fman\u0131m\u0131zdan Bilgi Almak \u0130\u00e7in Ara!\",\"breadcrumb\":{\"@id\":\"https:\/\/www.myvize.com.tr\/romanya\/vize-islemleri\/turkiyede-oturum-ve-calisma-izni\/#breadcrumb\"},\"inLanguage\":\"tr\",\"potentialAction\":[{\"@type\":\"ReadAction\",\"target\":[\"https:\/\/www.myvize.com.tr\/romanya\/vize-islemleri\/turkiyede-oturum-ve-calisma-izni\/\"]}]},{\"@type\":\"ImageObject\",\"inLanguage\":\"tr\",\"@id\":\"https:\/\/www.myvize.com.tr\/romanya\/vize-islemleri\/turkiyede-oturum-ve-calisma-izni\/#primaryimage\",\"url\":\"https:\/\/www.myvize.com.tr\/romanya\/wp-content\/uploads\/2021\/09\/47.jpg\",\"contentUrl\":\"https:\/\/www.myvize.com.tr\/romanya\/wp-content\/uploads\/2021\/09\/47.jpg\",\"width\":800,\"height\":500,\"caption\":\"T\u00fcrkiye'de Oturum ve \u00c7al\u0131\u015fma \u0130zni\"},{\"@type\":\"BreadcrumbList\",\"@id\":\"https:\/\/www.myvize.com.tr\/romanya\/vize-islemleri\/turkiyede-oturum-ve-calisma-izni\/#breadcrumb\",\"itemListElement\":[{\"@type\":\"ListItem\",\"position\":1,\"name\":\"Anasayfa\",\"item\":\"https:\/\/www.myvize.com.tr\/romanya\/\"},{\"@type\":\"ListItem\",\"position\":2,\"name\":\"ROMANYA V\u0130ZE \u0130\u015eLEMLER\u0130\",\"item\":\"https:\/\/www.myvize.com.tr\/romanya\/vize-islemleri\/\"},{\"@type\":\"ListItem\",\"position\":3,\"name\":\"Romanya T\u00fcrkiye&#8217;de Oturum ve \u00c7al\u0131\u015fma \u0130zni\"}]},{\"@type\":\"WebSite\",\"@id\":\"https:\/\/www.myvize.com.tr\/romanya\/#website\",\"url\":\"https:\/\/www.myvize.com.tr\/romanya\/\",\"name\":\"Romanya Vize Dan\u0131\u015fmanl\u0131k | MyVize\",\"description\":\"\",\"potentialAction\":[{\"@type\":\"SearchAction\",\"target\":{\"@type\":\"EntryPoint\",\"urlTemplate\":\"https:\/\/www.myvize.com.tr\/romanya\/?s={search_term_string}\"},\"query-input\":{\"@type\":\"PropertyValueSpecification\",\"valueRequired\":true,\"valueName\":\"search_term_string\"}}],\"inLanguage\":\"tr\"}]}<\/script>\n<!-- \/ Yoast SEO plugin. -->","yoast_head_json":{"title":"Romanya T\u00fcrkiye'de Oturum ve \u00c7al\u0131\u015fma \u0130zni - MyVize","description":"Romanya T\u00fcrkiye\u2019de Oturum ve \u00c7al\u0131\u015fma \u0130zni Ba\u015fvurusu i\u00e7in gerekli evraklar listesi i\u00e7in t\u0131kla! Vize Dan\u0131\u015fman\u0131m\u0131zdan Bilgi Almak \u0130\u00e7in Ara!","robots":{"index":"index","follow":"follow","max-snippet":"max-snippet:-1","max-image-preview":"max-image-preview:large","max-video-preview":"max-video-preview:-1"},"canonical":"https:\/\/www.myvize.com.tr\/romanya\/vize-islemleri\/turkiyede-oturum-ve-calisma-izni\/","og_locale":"tr_TR","og_type":"article","og_title":"Romanya T\u00fcrkiye'de Oturum ve \u00c7al\u0131\u015fma \u0130zni - MyVize","og_description":"Romanya T\u00fcrkiye\u2019de Oturum ve \u00c7al\u0131\u015fma \u0130zni Ba\u015fvurusu i\u00e7in gerekli evraklar listesi i\u00e7in t\u0131kla! Vize Dan\u0131\u015fman\u0131m\u0131zdan Bilgi Almak \u0130\u00e7in Ara!","og_url":"https:\/\/www.myvize.com.tr\/romanya\/vize-islemleri\/turkiyede-oturum-ve-calisma-izni\/","og_site_name":"Romanya Vize Dan\u0131\u015fmanl\u0131k | MyVize","article_modified_time":"2022-06-27T18:19:51+00:00","og_image":[{"url":"https:\/\/www.myvize.com.tr\/romanya\/wp-content\/uploads\/2021\/09\/47.jpg","type":"","width":"","height":""}],"twitter_card":"summary_large_image","twitter_misc":{"Tahmini okuma s\u00fcresi":"2 dakika"},"schema":{"@context":"https:\/\/schema.org","@graph":[{"@type":"WebPage","@id":"https:\/\/www.myvize.com.tr\/romanya\/vize-islemleri\/turkiyede-oturum-ve-calisma-izni\/","url":"https:\/\/www.myvize.com.tr\/romanya\/vize-islemleri\/turkiyede-oturum-ve-calisma-izni\/","name":"Romanya T\u00fcrkiye'de Oturum ve \u00c7al\u0131\u015fma \u0130zni - MyVize","isPartOf":{"@id":"https:\/\/www.myvize.com.tr\/romanya\/#website"},"primaryImageOfPage":{"@id":"https:\/\/www.myvize.com.tr\/romanya\/vize-islemleri\/turkiyede-oturum-ve-calisma-izni\/#primaryimage"},"image":{"@id":"https:\/\/www.myvize.com.tr\/romanya\/vize-islemleri\/turkiyede-oturum-ve-calisma-izni\/#primaryimage"},"thumbnailUrl":"https:\/\/www.myvize.com.tr\/romanya\/wp-content\/uploads\/2021\/09\/47.jpg","datePublished":"2020-11-30T09:50:43+00:00","dateModified":"2022-06-27T18:19:51+00:00","description":"Romanya T\u00fcrkiye\u2019de Oturum ve \u00c7al\u0131\u015fma \u0130zni Ba\u015fvurusu i\u00e7in gerekli evraklar listesi i\u00e7in t\u0131kla! Vize Dan\u0131\u015fman\u0131m\u0131zdan Bilgi Almak \u0130\u00e7in Ara!","breadcrumb":{"@id":"https:\/\/www.myvize.com.tr\/romanya\/vize-islemleri\/turkiyede-oturum-ve-calisma-izni\/#breadcrumb"},"inLanguage":"tr","potentialAction":[{"@type":"ReadAction","target":["https:\/\/www.myvize.com.tr\/romanya\/vize-islemleri\/turkiyede-oturum-ve-calisma-izni\/"]}]},{"@type":"ImageObject","inLanguage":"tr","@id":"https:\/\/www.myvize.com.tr\/romanya\/vize-islemleri\/turkiyede-oturum-ve-calisma-izni\/#primaryimage","url":"https:\/\/www.myvize.com.tr\/romanya\/wp-content\/uploads\/2021\/09\/47.jpg","contentUrl":"https:\/\/www.myvize.com.tr\/romanya\/wp-content\/uploads\/2021\/09\/47.jpg","width":800,"height":500,"caption":"T\u00fcrkiye'de Oturum ve \u00c7al\u0131\u015fma \u0130zni"},{"@type":"BreadcrumbList","@id":"https:\/\/www.myvize.com.tr\/romanya\/vize-islemleri\/turkiyede-oturum-ve-calisma-izni\/#breadcrumb","itemListElement":[{"@type":"ListItem","position":1,"name":"Anasayfa","item":"https:\/\/www.myvize.com.tr\/romanya\/"},{"@type":"ListItem","position":2,"name":"ROMANYA V\u0130ZE \u0130\u015eLEMLER\u0130","item":"https:\/\/www.myvize.com.tr\/romanya\/vize-islemleri\/"},{"@type":"ListItem","position":3,"name":"Romanya T\u00fcrkiye&#8217;de Oturum ve \u00c7al\u0131\u015fma \u0130zni"}]},{"@type":"WebSite","@id":"https:\/\/www.myvize.com.tr\/romanya\/#website","url":"https:\/\/www.myvize.com.tr\/romanya\/","name":"Romanya Vize Dan\u0131\u015fmanl\u0131k | MyVize","description":"","potentialAction":[{"@type":"SearchAction","target":{"@type":"EntryPoint","urlTemplate":"https:\/\/www.myvize.com.tr\/romanya\/?s={search_term_string}"},"query-input":{"@type":"PropertyValueSpecification","valueRequired":true,"valueName":"search_term_string"}}],"inLanguage":"tr"}]}},"_links":{"self":[{"href":"https:\/\/www.myvize.com.tr\/romanya\/wp-json\/wp\/v2\/pages\/55","targetHints":{"allow":["GET"]}}],"collection":[{"href":"https:\/\/www.myvize.com.tr\/romanya\/wp-json\/wp\/v2\/pages"}],"about":[{"href":"https:\/\/www.myvize.com.tr\/romanya\/wp-json\/wp\/v2\/types\/page"}],"author":[{"embeddable":true,"href":"https:\/\/www.myvize.com.tr\/romanya\/wp-json\/wp\/v2\/users\/1"}],"replies":[{"embeddable":true,"href":"https:\/\/www.myvize.com.tr\/romanya\/wp-json\/wp\/v2\/comments?post=55"}],"version-history":[{"count":6,"href":"https:\/\/www.myvize.com.tr\/romanya\/wp-json\/wp\/v2\/pages\/55\/revisions"}],"predecessor-version":[{"id":1241,"href":"https:\/\/www.myvize.com.tr\/romanya\/wp-json\/wp\/v2\/pages\/55\/revisions\/1241"}],"up":[{"embeddable":true,"href":"https:\/\/www.myvize.com.tr\/romanya\/wp-json\/wp\/v2\/pages\/18"}],"wp:attachment":[{"href":"https:\/\/www.myvize.com.tr\/romanya\/wp-json\/wp\/v2\/media?parent=55"}],"curies":[{"name":"wp","href":"https:\/\/api.w.org\/{rel}","templated":true}]}}