{"id":78,"date":"2020-11-30T13:03:47","date_gmt":"2020-11-30T10:03:47","guid":{"rendered":"https:\/\/www.myvize.com.tr\/rusya\/?page_id=78"},"modified":"2022-04-30T11:42:55","modified_gmt":"2022-04-30T08:42:55","slug":"izmir-baskonsoloslugu","status":"publish","type":"page","link":"https:\/\/www.myvize.com.tr\/rusya\/konsolosluklar\/izmir-baskonsoloslugu\/","title":{"rendered":"Rusya \u0130zmir Ba\u015fkonsoloslu\u011fu"},"content":{"rendered":"<p><span style=\"font-family: Roboto;\"><\/span><\/p>\r\n<p style=\"font-size: 14px;\"><span style=\"font-family: Roboto; font-size: 14px;\"><strong>Rusya \u0130zmir konsoloslu\u011fu<\/strong>, Rusya\u2019y\u0131 ziyaret etmek isteyen ki\u015filerin vize ba\u015fvurular\u0131n\u0131 alan bir kurumdur. Ayn\u0131 zamanda T\u00fcrkiye ve Rusya aras\u0131nda ki ili\u015fkilerin y\u00fcr\u00fct\u00fclmesinden de sorumludur. <strong><a href=\"https:\/\/www.myvize.com.tr\/rusya\/vize-islemleri\/rusya-vizesi\/\" target=\"_blank\" rel=\"noreferrer noopener\"><span class=\"has-inline-color\" style=\"color: #2acec2;\">Rusya vizesi<\/span><\/a><\/strong> t\u00fcrleri aras\u0131nda bir\u00e7ok vize t\u00fcr\u00fcnden bahsedilebilir. <strong><a href=\"https:\/\/www.myvize.com.tr\/rusya\/vize-islemleri\/rusya-turistik-vize\/\" target=\"_blank\" rel=\"noreferrer noopener\"><span class=\"has-inline-color\" style=\"color: #2acec2;\">Rusya Turistik Vize<\/span><\/a><\/strong>, transit, \u00e7al\u0131\u015fma, ticari, aile ve arkada\u015f ziyareti gibi bir\u00e7ok vize t\u00fcr\u00fc bulunmaktad\u0131r.<\/span><\/p>\r\n<p><span style=\"font-family: Roboto; font-size: 14px;\">\r\n\r\n<\/span><\/p>\r\n<p style=\"font-size: 14px;\"><span style=\"font-family: Roboto; font-size: 14px;\">Bu vize t\u00fcrlerinden birini kendi amac\u0131n\u0131za uygun olacak \u015fekilde se\u00e7erek evrak haz\u0131rlamal\u0131 ve kuruma teslim etmelisiniz.\u00a0<strong>Rusya \u0130zmir konsoloslu\u011fu<\/strong>\u00a0vize evraklar\u0131n\u0131z\u0131n eksik olmas\u0131 durumunda ek evrak isteyebilir. Karma\u015f\u0131k bir s\u00fcre\u00e7 olmas\u0131 nedeniyle ki\u015filer vize al\u0131m s\u00fcrecinde zorlanabilir. B\u00f6yle durumlarda seyahat tarihinden en az bir ay \u00f6nce vize i\u015flemlerinize ba\u015flaman\u0131z gerekiyor.<\/span><\/p>\r\n<p><span style=\"font-family: Roboto; font-size: 14px;\">\r\n\r\n<\/span><\/p>\r\n<h2 class=\"wp-block-heading\" style=\"font-size: 27px;\"><span style=\"font-family: Roboto; font-size: 27px;\"><strong>Rusya Vize \u0130\u015flemleri<\/strong><\/span><\/h2>\r\n<p><span style=\"font-family: Roboto; font-size: 14px;\">\r\n\r\n<\/span><\/p>\r\n<p style=\"font-size: 14px;\"><span style=\"font-family: Roboto; font-size: 14px;\"><strong>Rusya \u0130zmir konsoloslu\u011fu<\/strong>\u00a0vize i\u015flemlerinde son derece titiz davranmaktad\u0131r. Bu s\u00fcre\u00e7te vize evrak\u0131 konusunda profesyonel olarak da destek alabilirsiniz. Ba\u015fvuru formu, dilek\u00e7e, davetiye ve seyahat sa\u011fl\u0131k sigortas\u0131 en \u00f6nemli belgeler aras\u0131nda yer almaktad\u0131r. Bir di\u011fer belge ise biyometrik foto\u011fraf ve kimlik fotokopisidir. Ki\u015filerin durumlar\u0131na g\u00f6re standart bir evrak listesi yan\u0131nda \u00f6zel evrak listesi de istenebilmektedir.<\/span><\/p>\r\n<p><span style=\"font-family: Roboto; font-size: 14px;\"><\/span><\/p>\r\n<p><span style=\"font-family: Roboto; font-size: 14px;\"><img decoding=\"async\" src=\"https:\/\/www.myvize.com.tr\/rusya\/wp-content\/uploads\/2021\/09\/47.jpg\" \/><\/span><\/p>\r\n<p><span style=\"font-family: Roboto; font-size: 14px;\"><\/span><\/p>\r\n<h2 class=\"wp-block-heading\" style=\"font-size: 27px;\"><span style=\"font-family: Roboto; font-size: 27px;\"><strong>Rusya \u0130zmir Fahri Konsoloslu\u011fu<\/strong><\/span><\/h2>\r\n<p><span style=\"font-family: Roboto; font-size: 14px;\">\r\n\r\n<\/span><\/p>\r\n<p style=\"font-size: 14px;\"><span style=\"font-family: Roboto; font-size: 14px;\">\u0130zmir ve \u00e7evresinde ikamet eden Rus vatanda\u015flar\u0131na, <strong>Rusya konsolosluk<\/strong> i\u015flemlerine destek verebilmek \u00fczere\u00a0<strong>Rusya \u0130zmir Fahri Konsoloslu\u011fu<\/strong>\u00a0g\u00f6revlendirilmi\u015ftir. Burada vize ba\u015fvuru i\u015flemi yap\u0131lmamaktad\u0131r. Vize ba\u015fvurular\u0131 konsolosluk ya da b\u00fcy\u00fckel\u00e7ilik \u00fczerinden ger\u00e7ekle\u015fmektedir. <strong>Rusya vize<\/strong> i\u015flem ba\u015fvurusunda bulunmak isteyenlerin vize ba\u015fvuru merkezilerine ya da akredite olmu\u015f seyahat acenteleri \u00fczerinden yapmas\u0131 gerekmektedir. <strong><a href=\"https:\/\/www.myvize.com.tr\/rusya\/vize-islemleri\/rusya-vize-basvuru-formu\/\" target=\"_blank\" rel=\"noreferrer noopener\"><span class=\"has-inline-color\" style=\"color: #2acec2;\">Rusya vize ba\u015fvuru formu<\/span><\/a><\/strong> \u0130ngilizce olarak da doldurulabilmektedir. 4- 7 i\u015f g\u00fcn\u00fc aras\u0131nda sonu\u00e7lanan vize ba\u015fvurusu ek belge ya da y\u00fcz y\u00fcze m\u00fclakat gerektirebilmektedir. Bu sebeple istene evraklar eksiksiz, do\u011fru bilgiler e\u015fli\u011finde doldurulmal\u0131d\u0131r. Ekspres vize ba\u015fvurusu 1 ila 3 g\u00fcn aras\u0131nda da sonu\u00e7lanmaktad\u0131r. <strong>Rusya vize<\/strong> \u00fccretleri B\u00fcy\u00fckel\u00e7ilik taraf\u0131ndan al\u0131nan kararla t\u00fcm T\u00fcrkiye\u2019de bulunan b\u00fcy\u00fckel\u00e7ilik ve konsolosluklar da ayn\u0131d\u0131r, farkl\u0131l\u0131k g\u00f6stermez. Bu sebeple vize reddi alma hali d\u0131\u015f\u0131nda vizeye ba\u015fvuru yap\u0131l\u0131rken bir kere \u00f6denir. Vize reddi al\u0131n\u0131rsa ve tekrar vize i\u00e7in ba\u015fvuru yap\u0131lmas\u0131 gerekirse \u00fccretin tekrar \u00f6denmesi gerekmektedir.<\/span><\/p>\r\n<p><span style=\"font-family: Roboto; font-size: 14px;\">\r\n\r\n<\/span><\/p>\r\n<p style=\"font-size: 14px;\"><span style=\"font-family: Roboto; font-size: 14px;\">Hafta i\u00e7i her g\u00fcn saat: 09.00 -17.30 aras\u0131nda hizmet vermektedir.<\/span><\/p>\r\n<p><span style=\"font-family: Roboto; font-size: 14px;\">\r\n\r\n<\/span><\/p>\r\n<p style=\"font-size: 14px;\"><span style=\"font-family: Roboto; font-size: 14px;\"><strong>Rusya \u0130zmir Fahri Konsoloslu\u011fu\u00a0<\/strong>Rusya Federasyonunca tebli\u011f edilen yeni y\u0131l ve Ortodoks noeli, Rusya zafer bayram\u0131, Friday D\u00fcnya kad\u0131nlar g\u00fcn\u00fc, Emek ve dayan\u0131\u015fma g\u00fcn\u00fc, Rusya zafer g\u00fcn\u00fc, Rusya ulusal g\u00fcn\u00fc, Rusya birlik g\u00fcn\u00fc, yeni y\u0131l tatili ve T\u00fcrkiye Cumhuriyeti dini ve milli bayram g\u00fcnlerinde hizmet vermemektedir.<\/span><\/p>\r\n<p><span style=\"font-family: Roboto; font-size: 14px;\"><\/span><\/p>\r\n<p><span style=\"font-family: Roboto; font-size: 14px;\"><img decoding=\"async\" src=\"https:\/\/www.myvize.com.tr\/rusya\/wp-content\/uploads\/2021\/09\/48.jpg\" \/><\/span><\/p>","protected":false},"excerpt":{"rendered":"<p>Rusya \u0130zmir konsoloslu\u011fu, Rusya\u2019y\u0131 ziyaret etmek isteyen ki\u015filerin vize ba\u015fvurular\u0131n\u0131 alan bir kurumdur. Ayn\u0131 zamanda T\u00fcrkiye ve Rusya aras\u0131nda ki ili\u015fkilerin y\u00fcr\u00fct\u00fclmesinden de sorumludur. Rusya vizesi t\u00fcrleri aras\u0131nda bir\u00e7ok vize t\u00fcr\u00fcnden bahsedilebilir. Rusya Turistik Vize, transit, \u00e7al\u0131\u015fma, ticari, aile ve arkada\u015f ziyareti gibi bir\u00e7ok vize t\u00fcr\u00fc bulunmaktad\u0131r. Bu vize t\u00fcrlerinden birini kendi amac\u0131n\u0131za uygun olacak<\/p>\n","protected":false},"author":1,"featured_media":0,"parent":69,"menu_order":0,"comment_status":"open","ping_status":"closed","template":"","meta":{"footnotes":""},"class_list":["post-78","page","type-page","status-publish","hentry"],"yoast_head":"<!-- This site is optimized with the Yoast SEO plugin v24.0 - https:\/\/yoast.com\/wordpress\/plugins\/seo\/ -->\n<title>Rusya \u0130zmir Ba\u015fkonsoloslu\u011fu Vize \u0130\u015flemleri - MyVize<\/title>\n<meta name=\"description\" content=\"Rusya \u0130zmir Ba\u015fkonsoloslu\u011fu Vize \u0130\u015flemleri Nelerdir? Rusya \u0130zmir Ba\u015fkonsoloslu\u011fu Nerededir? Bilgi \u0130\u00e7in Hemen Aray\u0131n: 0850 346 84 93\" \/>\n<meta name=\"robots\" content=\"index, follow, max-snippet:-1, max-image-preview:large, max-video-preview:-1\" \/>\n<link rel=\"canonical\" href=\"https:\/\/www.myvize.com.tr\/rusya\/konsolosluklar\/izmir-baskonsoloslugu\/\" \/>\n<meta property=\"og:locale\" content=\"tr_TR\" \/>\n<meta property=\"og:type\" content=\"article\" \/>\n<meta property=\"og:title\" content=\"Rusya \u0130zmir Ba\u015fkonsoloslu\u011fu Vize \u0130\u015flemleri - MyVize\" \/>\n<meta property=\"og:description\" content=\"Rusya \u0130zmir Ba\u015fkonsoloslu\u011fu Vize \u0130\u015flemleri Nelerdir? Rusya \u0130zmir Ba\u015fkonsoloslu\u011fu Nerededir? Bilgi \u0130\u00e7in Hemen Aray\u0131n: 0850 346 84 93\" \/>\n<meta property=\"og:url\" content=\"https:\/\/www.myvize.com.tr\/rusya\/konsolosluklar\/izmir-baskonsoloslugu\/\" \/>\n<meta property=\"og:site_name\" content=\"Rusya Vize\" \/>\n<meta property=\"article:modified_time\" content=\"2022-04-30T08:42:55+00:00\" \/>\n<meta property=\"og:image\" content=\"https:\/\/www.myvize.com.tr\/rusya\/wp-content\/uploads\/2021\/09\/47.jpg\" \/>\n<meta name=\"twitter:card\" content=\"summary_large_image\" \/>\n<meta name=\"twitter:label1\" content=\"Tahmini okuma s\u00fcresi\" \/>\n\t<meta name=\"twitter:data1\" content=\"2 dakika\" \/>\n<script type=\"application\/ld+json\" class=\"yoast-schema-graph\">{\"@context\":\"https:\/\/schema.org\",\"@graph\":[{\"@type\":\"WebPage\",\"@id\":\"https:\/\/www.myvize.com.tr\/rusya\/konsolosluklar\/izmir-baskonsoloslugu\/\",\"url\":\"https:\/\/www.myvize.com.tr\/rusya\/konsolosluklar\/izmir-baskonsoloslugu\/\",\"name\":\"Rusya \u0130zmir Ba\u015fkonsoloslu\u011fu Vize \u0130\u015flemleri - MyVize\",\"isPartOf\":{\"@id\":\"https:\/\/www.myvize.com.tr\/rusya\/#website\"},\"primaryImageOfPage\":{\"@id\":\"https:\/\/www.myvize.com.tr\/rusya\/konsolosluklar\/izmir-baskonsoloslugu\/#primaryimage\"},\"image\":{\"@id\":\"https:\/\/www.myvize.com.tr\/rusya\/konsolosluklar\/izmir-baskonsoloslugu\/#primaryimage\"},\"thumbnailUrl\":\"https:\/\/www.myvize.com.tr\/rusya\/wp-content\/uploads\/2021\/09\/47.jpg\",\"datePublished\":\"2020-11-30T10:03:47+00:00\",\"dateModified\":\"2022-04-30T08:42:55+00:00\",\"description\":\"Rusya \u0130zmir Ba\u015fkonsoloslu\u011fu Vize \u0130\u015flemleri Nelerdir? Rusya \u0130zmir Ba\u015fkonsoloslu\u011fu Nerededir? Bilgi \u0130\u00e7in Hemen Aray\u0131n: 0850 346 84 93\",\"breadcrumb\":{\"@id\":\"https:\/\/www.myvize.com.tr\/rusya\/konsolosluklar\/izmir-baskonsoloslugu\/#breadcrumb\"},\"inLanguage\":\"tr\",\"potentialAction\":[{\"@type\":\"ReadAction\",\"target\":[\"https:\/\/www.myvize.com.tr\/rusya\/konsolosluklar\/izmir-baskonsoloslugu\/\"]}]},{\"@type\":\"ImageObject\",\"inLanguage\":\"tr\",\"@id\":\"https:\/\/www.myvize.com.tr\/rusya\/konsolosluklar\/izmir-baskonsoloslugu\/#primaryimage\",\"url\":\"https:\/\/www.myvize.com.tr\/rusya\/wp-content\/uploads\/2021\/09\/47.jpg\",\"contentUrl\":\"https:\/\/www.myvize.com.tr\/rusya\/wp-content\/uploads\/2021\/09\/47.jpg\",\"width\":800,\"height\":500,\"caption\":\"Rusya\"},{\"@type\":\"BreadcrumbList\",\"@id\":\"https:\/\/www.myvize.com.tr\/rusya\/konsolosluklar\/izmir-baskonsoloslugu\/#breadcrumb\",\"itemListElement\":[{\"@type\":\"ListItem\",\"position\":1,\"name\":\"Anasayfa\",\"item\":\"https:\/\/www.myvize.com.tr\/rusya\/\"},{\"@type\":\"ListItem\",\"position\":2,\"name\":\"KONSOLOSLUKLAR\",\"item\":\"https:\/\/www.myvize.com.tr\/rusya\/konsolosluklar\/\"},{\"@type\":\"ListItem\",\"position\":3,\"name\":\"Rusya \u0130zmir Ba\u015fkonsoloslu\u011fu\"}]},{\"@type\":\"WebSite\",\"@id\":\"https:\/\/www.myvize.com.tr\/rusya\/#website\",\"url\":\"https:\/\/www.myvize.com.tr\/rusya\/\",\"name\":\"Rusya Vize\",\"description\":\"\",\"potentialAction\":[{\"@type\":\"SearchAction\",\"target\":{\"@type\":\"EntryPoint\",\"urlTemplate\":\"https:\/\/www.myvize.com.tr\/rusya\/?s={search_term_string}\"},\"query-input\":{\"@type\":\"PropertyValueSpecification\",\"valueRequired\":true,\"valueName\":\"search_term_string\"}}],\"inLanguage\":\"tr\"}]}<\/script>\n<!-- \/ Yoast SEO plugin. -->","yoast_head_json":{"title":"Rusya \u0130zmir Ba\u015fkonsoloslu\u011fu Vize \u0130\u015flemleri - MyVize","description":"Rusya \u0130zmir Ba\u015fkonsoloslu\u011fu Vize \u0130\u015flemleri Nelerdir? Rusya \u0130zmir Ba\u015fkonsoloslu\u011fu Nerededir? Bilgi \u0130\u00e7in Hemen Aray\u0131n: 0850 346 84 93","robots":{"index":"index","follow":"follow","max-snippet":"max-snippet:-1","max-image-preview":"max-image-preview:large","max-video-preview":"max-video-preview:-1"},"canonical":"https:\/\/www.myvize.com.tr\/rusya\/konsolosluklar\/izmir-baskonsoloslugu\/","og_locale":"tr_TR","og_type":"article","og_title":"Rusya \u0130zmir Ba\u015fkonsoloslu\u011fu Vize \u0130\u015flemleri - MyVize","og_description":"Rusya \u0130zmir Ba\u015fkonsoloslu\u011fu Vize \u0130\u015flemleri Nelerdir? Rusya \u0130zmir Ba\u015fkonsoloslu\u011fu Nerededir? Bilgi \u0130\u00e7in Hemen Aray\u0131n: 0850 346 84 93","og_url":"https:\/\/www.myvize.com.tr\/rusya\/konsolosluklar\/izmir-baskonsoloslugu\/","og_site_name":"Rusya Vize","article_modified_time":"2022-04-30T08:42:55+00:00","og_image":[{"url":"https:\/\/www.myvize.com.tr\/rusya\/wp-content\/uploads\/2021\/09\/47.jpg","type":"","width":"","height":""}],"twitter_card":"summary_large_image","twitter_misc":{"Tahmini okuma s\u00fcresi":"2 dakika"},"schema":{"@context":"https:\/\/schema.org","@graph":[{"@type":"WebPage","@id":"https:\/\/www.myvize.com.tr\/rusya\/konsolosluklar\/izmir-baskonsoloslugu\/","url":"https:\/\/www.myvize.com.tr\/rusya\/konsolosluklar\/izmir-baskonsoloslugu\/","name":"Rusya \u0130zmir Ba\u015fkonsoloslu\u011fu Vize \u0130\u015flemleri - MyVize","isPartOf":{"@id":"https:\/\/www.myvize.com.tr\/rusya\/#website"},"primaryImageOfPage":{"@id":"https:\/\/www.myvize.com.tr\/rusya\/konsolosluklar\/izmir-baskonsoloslugu\/#primaryimage"},"image":{"@id":"https:\/\/www.myvize.com.tr\/rusya\/konsolosluklar\/izmir-baskonsoloslugu\/#primaryimage"},"thumbnailUrl":"https:\/\/www.myvize.com.tr\/rusya\/wp-content\/uploads\/2021\/09\/47.jpg","datePublished":"2020-11-30T10:03:47+00:00","dateModified":"2022-04-30T08:42:55+00:00","description":"Rusya \u0130zmir Ba\u015fkonsoloslu\u011fu Vize \u0130\u015flemleri Nelerdir? Rusya \u0130zmir Ba\u015fkonsoloslu\u011fu Nerededir? Bilgi \u0130\u00e7in Hemen Aray\u0131n: 0850 346 84 93","breadcrumb":{"@id":"https:\/\/www.myvize.com.tr\/rusya\/konsolosluklar\/izmir-baskonsoloslugu\/#breadcrumb"},"inLanguage":"tr","potentialAction":[{"@type":"ReadAction","target":["https:\/\/www.myvize.com.tr\/rusya\/konsolosluklar\/izmir-baskonsoloslugu\/"]}]},{"@type":"ImageObject","inLanguage":"tr","@id":"https:\/\/www.myvize.com.tr\/rusya\/konsolosluklar\/izmir-baskonsoloslugu\/#primaryimage","url":"https:\/\/www.myvize.com.tr\/rusya\/wp-content\/uploads\/2021\/09\/47.jpg","contentUrl":"https:\/\/www.myvize.com.tr\/rusya\/wp-content\/uploads\/2021\/09\/47.jpg","width":800,"height":500,"caption":"Rusya"},{"@type":"BreadcrumbList","@id":"https:\/\/www.myvize.com.tr\/rusya\/konsolosluklar\/izmir-baskonsoloslugu\/#breadcrumb","itemListElement":[{"@type":"ListItem","position":1,"name":"Anasayfa","item":"https:\/\/www.myvize.com.tr\/rusya\/"},{"@type":"ListItem","position":2,"name":"KONSOLOSLUKLAR","item":"https:\/\/www.myvize.com.tr\/rusya\/konsolosluklar\/"},{"@type":"ListItem","position":3,"name":"Rusya \u0130zmir Ba\u015fkonsoloslu\u011fu"}]},{"@type":"WebSite","@id":"https:\/\/www.myvize.com.tr\/rusya\/#website","url":"https:\/\/www.myvize.com.tr\/rusya\/","name":"Rusya Vize","description":"","potentialAction":[{"@type":"SearchAction","target":{"@type":"EntryPoint","urlTemplate":"https:\/\/www.myvize.com.tr\/rusya\/?s={search_term_string}"},"query-input":{"@type":"PropertyValueSpecification","valueRequired":true,"valueName":"search_term_string"}}],"inLanguage":"tr"}]}},"_links":{"self":[{"href":"https:\/\/www.myvize.com.tr\/rusya\/wp-json\/wp\/v2\/pages\/78","targetHints":{"allow":["GET"]}}],"collection":[{"href":"https:\/\/www.myvize.com.tr\/rusya\/wp-json\/wp\/v2\/pages"}],"about":[{"href":"https:\/\/www.myvize.com.tr\/rusya\/wp-json\/wp\/v2\/types\/page"}],"author":[{"embeddable":true,"href":"https:\/\/www.myvize.com.tr\/rusya\/wp-json\/wp\/v2\/users\/1"}],"replies":[{"embeddable":true,"href":"https:\/\/www.myvize.com.tr\/rusya\/wp-json\/wp\/v2\/comments?post=78"}],"version-history":[{"count":6,"href":"https:\/\/www.myvize.com.tr\/rusya\/wp-json\/wp\/v2\/pages\/78\/revisions"}],"predecessor-version":[{"id":1064,"href":"https:\/\/www.myvize.com.tr\/rusya\/wp-json\/wp\/v2\/pages\/78\/revisions\/1064"}],"up":[{"embeddable":true,"href":"https:\/\/www.myvize.com.tr\/rusya\/wp-json\/wp\/v2\/pages\/69"}],"wp:attachment":[{"href":"https:\/\/www.myvize.com.tr\/rusya\/wp-json\/wp\/v2\/media?parent=78"}],"curies":[{"name":"wp","href":"https:\/\/api.w.org\/{rel}","templated":true}]}}