{"id":312,"date":"2021-07-19T17:37:17","date_gmt":"2021-07-19T14:37:17","guid":{"rendered":"https:\/\/www.myvize.com.tr\/vietnam\/?page_id=312"},"modified":"2022-06-06T12:57:27","modified_gmt":"2022-06-06T09:57:27","slug":"vietnam-ticari-vize-dilekce-ornegi","status":"publish","type":"page","link":"https:\/\/www.myvize.com.tr\/vietnam\/form-ve-dilekce\/vietnam-ticari-vize-dilekce-ornegi\/","title":{"rendered":"Vietnam Ticari Vize Dilek\u00e7e \u00d6rne\u011fi"},"content":{"rendered":"<p><span style=\"font-family: Roboto; font-size: 14px;\"><strong>Vietnam ticari vizesi,<\/strong> Vietnam Konsoloslu\u011fu taraf\u0131ndan verilmekte olan k\u0131sa s\u00fcreli <span style=\"color: #2acec2;\"><strong><a style=\"color: #2acec2;\" href=\"https:\/\/www.myvize.com.tr\/vietnam\/vize-islemleri\/vietnam-vizesi\/\" target=\"_blank\" rel=\"noopener\">Vietnam vizesi<\/a><\/strong><\/span> grubundad\u0131r. <strong>Vietnam ticari vize<\/strong> dilek\u00e7e \u00f6rne\u011fi ile ald\u0131\u011f\u0131n\u0131z vize size Vietnam\u2019da ticari eylemlerde bulunman\u0131z\u0131 sa\u011flayacakt\u0131r.Vietnam ticari vize ba\u015fvurular\u0131 i\u015fveren ve SGK\u2019l\u0131 \u00e7al\u0131\u015fan olarak 2 farkl\u0131 grupta yap\u0131lmaktad\u0131r.\u00a0<strong>Vietnam ticari vize dilek\u00e7e \u00f6rne\u011fi<\/strong>\u00a0ile ba\u015fvurunuz esnas\u0131nda bir\u00e7ok farkl\u0131 belge de talep edilecektir. Bunlardan en \u00f6nemlisi ise davet mektubudur. Davet mektubu Vietnam\u2019daki ilgili firma taraf\u0131ndan yaz\u0131lmal\u0131d\u0131r.<\/span><\/p>\n<div>\n<h2><span style=\"font-family: Roboto; font-size: 27px;\"><strong>Vietnam Ticari Vize \u0130\u015flemleri<\/strong><\/span><\/h2>\n<p><span style=\"font-family: Roboto; font-size: 14px;\">Tarihe d\u00fcnyaca \u00fcnl\u00fc yap\u0131lan bir sava\u015f ile ge\u00e7en Vietnam kendi ad\u0131na ba\u015fl\u0131 ba\u015f\u0131na bir k\u00fclt\u00fcr\u00fc olan \u00fclkedir. Asya k\u0131tas\u0131n\u0131n en karakteristik olan \u00fclkelerinden bir tanesidir. \u00dclkemizden de bu \u00fclkeye farkl\u0131 nedenlerden \u00f6t\u00fcr\u00fc gitmek isteyenler vard\u0131r. \u0130\u015fte bu gidecek olan T\u00fcrk vatanda\u015flar\u0131n\u0131n vize almas\u0131 gerekir. Vize t\u00fcrleri ise kendi i\u00e7inde farkl\u0131d\u0131r ve her birinin kendi i\u00e7inde vize i\u015flemleri farkl\u0131d\u0131r. \u0130\u015fte onlardan bir tanesi\u00a0<strong>Vietnam Ticari Vize i\u015flemleri<\/strong><strong>\u00a0<\/strong>olup son derece \u00f6zel bir vize i\u015flem t\u00fcr\u00fcd\u00fcr. Vietnam ticari vizesi bu \u00fclkede i\u015f yapmak i\u00e7in al\u0131nabilecek olan bir vize t\u00fcr\u00fc de\u011fildir. Vietnam\u2019a gidip bu \u00fclkede i\u015f yapmak ama\u00e7l\u0131 olarak fuarlara, sergilere, konferanslara gidecek olan firma sahipleri ya da firma \u00e7al\u0131\u015fanlar\u0131n\u0131n alabilece\u011fi bir vize t\u00fcr\u00fcd\u00fcr. K\u0131sa s\u00fcreli olan bir vize t\u00fcr\u00fcd\u00fcr. Ticari vize Vietnam Konsoloslu\u011fu taraf\u0131ndan kurumun vize b\u00f6l\u00fcm\u00fc taraf\u0131ndan verilir.<\/span><\/p>\n<h2><span style=\"font-family: Roboto; font-size: 27px;\"><strong>Vietnam Ticari Vize Dilek\u00e7esi Nas\u0131l Yaz\u0131l\u0131r?<\/strong><\/span><\/h2>\n<p><span style=\"font-family: Roboto; font-size: 14px;\">\u00dcstte verilen bu temel bilgilerden sonra \u015fimdi de ad\u0131m ad\u0131m giderek\u00a0 vize ba\u015fvurusu s\u0131ras\u0131nda istenen evraklardan bahsetmek gerekir.Burada ilk haz\u0131rlanmas\u0131 gereken belge tahmin edilebilece\u011fi gibi Vietnam Ticari Vizesi i\u00e7in dilek\u00e7enin do\u011fru, eksiksiz ve tam bir bi\u00e7imde yaz\u0131lmas\u0131d\u0131r. Son derece \u00f6nemli olan bir ba\u015fvuru evra\u011f\u0131d\u0131r. Tam da bu noktada akla gelen soru\u00a0<strong>Vietnam Ticari Vize Dilek\u00e7esi nas\u0131l yaz\u0131l\u0131r\u00a0<\/strong>bi\u00e7imindedir. \u015eimdi bu konuda bilgi verelim.\u00a0 Vietnam\u00a0Ticaret i\u00e7in olan vizenin dilek\u00e7esinde olmas\u0131 gerekenlerin ba\u015f\u0131nda \u00a0ba\u015fvuru \u00a0yapan ki\u015finin ad\u0131 ve soyad\u0131, i\u015fyerinde olan konumu, hangi ama\u015flara Vietnam\u2019a gidece\u011fi , kendisine sponsor olan ki\u015fi veya kuruma dair bilgiler, Vietnam\u2019da gidece\u011fi firma veya fuar yerine dair olan bilgiler ve Vietnam\u2019a yap\u0131lacak olan gezinin tarihi ve hangi zaman diliminde yap\u0131laca\u011f\u0131 vize dilek\u00e7esine yaz\u0131lmal\u0131d\u0131r. Yine bu dilek\u00e7ede vize s\u00fcresi dolmadan geri d\u00f6n\u00fclece\u011fi taahh\u00fct edilmelidir. Ayr\u0131ca kuruma dair imza ve ka\u015fe de bulunmal\u0131d\u0131r.<\/span><\/p>\n<\/div>\n<h2><strong><span style=\"font-family: Roboto; font-size: 27px;\">Vietnam Ticari Vize Dilek\u00e7esinde Dikkat Edilmesi Gerekenler<\/span><\/strong><\/h2>\n<ul>\n<li><span style=\"font-family: Roboto; font-size: 14px;\">\u00d6ncelikle gerekli olan ve yap\u0131lmas\u0131 gereken ilk i\u015f \u015firketin antentli k\u00e2\u011f\u0131d\u0131na yaz\u0131lacak dilek\u00e7edir.\u00a0<strong>Vietnam ticari vize dilek\u00e7e \u00f6rne\u011fi<\/strong>\u00a0ile ba\u015fvuruda \u015firketin yetkilisinin \u0131slak imzas\u0131 ve \u015firketin ka\u015fesi bulunmak zorundad\u0131r.<\/span><\/li>\n<\/ul>\n<p>&nbsp;<\/p>\n<ul>\n<li><span style=\"font-family: Roboto; font-size: 14px;\"><strong>Vietnam ticari vize dilek\u00e7e \u00f6rne\u011fi<\/strong>\u00a0i\u00e7eri\u011finde mutlaka seyahatin amac\u0131na yer verilmelidir.<\/span><\/li>\n<\/ul>\n<p>&nbsp;<\/p>\n<ul>\n<li><span style=\"font-family: Roboto; font-size: 14px;\">Seyahat edecek ki\u015fisin seyahati boyunca yapaca\u011f\u0131 harcamalar\u0131n ve masraflar\u0131n ( konaklama, kaza, transfer gibi) ne \u015fekilde kar\u015f\u0131lanaca\u011f\u0131na dilek\u00e7ede a\u00e7\u0131k\u00e7a yer verilmelidir.<\/span><\/li>\n<\/ul>\n<p>&nbsp;<\/p>\n<ul>\n<li><span style=\"font-family: Roboto; font-size: 14px;\"><strong>Vietnam vize dilek\u00e7e \u00f6rne\u011fi<\/strong>\u00a0i\u00e7erisinde seyahate \u00e7\u0131kacak ki\u015fisin firmadaki g\u00f6revi ve konumu a\u00e7\u0131k\u00e7a belirtilmelidir.<\/span><\/li>\n<\/ul>\n<p>&nbsp;<\/p>\n<ul>\n<li><span style=\"font-family: Roboto; font-size: 14px;\">Vietnam\u2019a gidecek ki\u015finin seyahatinin ba\u015flang\u0131\u00e7 ve biti\u015f tarihlerini, olas\u0131 bir ek seyahati olacaksa o konuda net bilgilere mutlaka dilek\u00e7esinde yer vermelidir.<\/span><\/li>\n<\/ul>\n<p>&nbsp;<\/p>\n<ul>\n<li><span style=\"font-family: Roboto; font-size: 14px;\"><strong>Vietnam vize dilek\u00e7e \u00f6rne\u011fi\u00a0<\/strong>ile istenen evraklar\u0131n i\u00e7erikleri birbirini teyit eder nitelikte olmal\u0131d\u0131r.<\/span><\/li>\n<\/ul>\n<p><span style=\"font-family: Roboto; font-size: 14px;\"><span style=\"color: #2acec2;\"><strong><a style=\"color: #2acec2;\" href=\"https:\/\/www.myvize.com.tr\/vietnam\/vize-islemleri\/vietnam-vize-reddi\/\" target=\"_blank\" rel=\"noopener\">Vietnam Vize Reddi <\/a><\/strong><\/span>ile ilgili bilgi almak i\u00e7in bizi aray\u0131n.<\/span><\/p>\n<h2><span style=\"font-family: Roboto; font-size: 27px;\"><strong>Vietnam Ticari Vize Dilek\u00e7e \u00d6rne\u011fi\u00a0<\/strong><\/span><br \/>\n<span style=\"font-family: Roboto; font-size: 14px;\">..\/..\/..\/\u2026 \u2026\u2026\u2026<\/span><\/h2>\n<p><span style=\"font-family: Roboto; font-size: 14px;\"><strong>Ba\u015fkonsoloslu\u011fu \u0130stanbul Vize<\/strong> B\u00f6l\u00fcm\u00fc \u015eefi Sn: &#8230;&#8230;&#8230; \u0130\u015fimizi geli\u015ftirmek i\u00e7in program yaz\u0131l\u0131m ve i\u015f takip sisteminin en iyileri ile \u00e7al\u0131\u015fmam\u0131z gerekece\u011finden s\u00fcrekli toplant\u0131, g\u00f6r\u00fc\u015fmeler ve denetleme organize edece\u011fiz. A\u015fa\u011f\u0131da bilgisi bulunan ve \u00f6ng\u00f6r\u00fclen toplant\u0131 tarihinde.<\/span><br \/>\n<span style=\"font-family: Roboto; font-size: 14px;\">Sn: \u2026.. \u00dclkenizde yapmak gereken i\u015f seyahati i\u00e7in kendisine gerekli olan vizenin verilmesi arz ederiz.<\/span><br \/>\n<span style=\"font-family: Roboto; font-size: 14px;\">\u0130sim \/ soy ismi<\/span><br \/>\n<span style=\"font-family: Roboto; font-size: 14px;\">Pas No G\u00f6revi \u2026\u2026 \u2026\u2026\u2026\u2026. TR22122232 Yay\u0131n Y\u00f6netmen Personelimiz Sn \u2026.. Bordrosunda g\u00f6r\u00fcld\u00fc\u011f\u00fc gibi prim ile beraber \u2026. EURO kar\u015f\u0131l\u0131\u011f\u0131 \u2026. TL almak olup Kalifikasyon personel kadromda 2 y\u0131l\u0131 a\u015fk\u0131n suredir ekibimizde. S\u00fcrekli Ba\u015fvuruya gelerek, k\u00e2\u011f\u0131t israf\u0131, ar\u015fivinizde gereksiz yer i\u015fgali etmeyi istemedi\u011fimizde parmak izi verdikten sonra do\u011fru kullan\u0131lm\u0131\u015f 3 <strong>Schengen vize<\/strong> bulundu\u011fu Regulation No 810\/2009 of the European Parliamet and of the Councl of 13 July 2009 establihing a Comunity Code on vize kodeksi multipleentry visas yazd\u0131\u011f\u0131 gibi uzun s\u00fcre Schengen vizesini alma stat\u00fcs\u00fc oldu\u011fundan kendisine uygun g\u00f6rd\u00fc\u011f\u00fc en uzun s\u00fcreli \u2026\u2026 Schengen vizesi vermenizi arz ederiz. Kaza, hastal\u0131k, gibi durumda maddi manevi t\u00fcm sorumluluk \u015firketimiz aittir.<\/span><\/p>\n<h3><span style=\"font-family: Roboto; font-size: 24px;\"><b>Vietnam Ticari Dilek\u00e7e Vize \u00d6rne\u011fi 2022<\/b><\/span><\/h3>\n<p><span style=\"font-family: Roboto; font-size: 14px;\">Vietnam\u2019a ticari ama\u00e7la seyahat etmek isteyen ki\u015filerin, yapmas\u0131 gereken baz\u0131 durumlardan birisi de\u00a0<strong>ticari dilek\u00e7e\u00a0<\/strong>vermektir.\u00a0<strong>Ticari vizesi talep dilek\u00e7esinde\u00a0<\/strong>bulunacak ki\u015filerin, bu dilek\u00e7eyi g\u00fczel ve \u00f6zenli bir \u015fekilde yazmalar\u0131 onlar\u0131n ba\u015fvurular\u0131n\u0131 olduk\u00e7a kolayla\u015ft\u0131r\u0131r. Bu dilek\u00e7eyi yazarken dikkat edilmesi gereken bir\u00e7ok husus vard\u0131r. \u015eirketinizin, ka\u015fesi ve m\u00fchr\u00fcne olduk\u00e7a dikkat g\u00f6steren <strong>Vietnam \u00fclkesi<\/strong>, \u00f6zellikle kontrol etmektedir. Seyahatinizin amac\u0131n\u0131 gerekti\u011fi gibi yazmal\u0131 ve a\u00e7\u0131klamal\u0131s\u0131n\u0131z. Ticari bir \u015fekilde yola \u00e7\u0131kt\u0131\u011f\u0131n\u0131z\u0131 belirtti\u011finiz i\u00e7in, ne t\u00fcr bir ticarette bulunaca\u011f\u0131n\u0131z\u0131 da belirtmeniz isteniyor. Bu durumlardan sonra ise, seyahat edece\u011finiz tarih ve seyahati sonland\u0131raca\u011f\u0131n\u0131z tarihte sizden istenmektedir. Bu durumlar\u0131 da anlatt\u0131ktan sonra, ticari vizesi dilek\u00e7e \u00f6rne\u011fini verebiliriz.<\/span><\/p>\n<p><span style=\"font-family: Roboto; font-size: 14px;\"><strong>\u2026\u2026\u2026\u2026\u2026. BA\u015eKONSOLOSLU\u011eU<\/strong><\/span><\/p>\n<p><span style=\"font-family: Roboto; font-size: 14px;\"><strong>V\u0130ZE B\u00d6L\u00dcM\u00dc<\/strong><\/span><\/p>\n<p><span style=\"font-family: Roboto; font-size: 14px;\"><strong>\u0130STANBUL<\/strong><\/span><\/p>\n<p>&nbsp;<\/p>\n<p><span style=\"font-family: Roboto; font-size: 14px;\"><strong>\u015eirketimizde veya kurumumuzda\u00a0 \u2026\/\u2026\/\u2026 tarihinden itibaren \u2026\u2026.. g\u00f6rev yapma durumunda olacak ki\u015fi Say\u0131n Ad \u2013 Soyad\u0131 \u00dclkenizde var olan \u2026\u2026\u2026.. firmas\u0131 ile \u015firketimiz ad\u0131na 00.00.2017 \u2013 00.00.2017 tarihleri aralar\u0131nda i\u015f g\u00f6r\u00fc\u015fmesi bulunmak i\u00e7in ticari seyahatte bulunacakt\u0131r.<\/strong><\/span><\/p>\n<p><span style=\"font-family: Roboto; font-size: 14px;\"><strong>Seyahati boyunca t\u00fcm masraflar \u015firketimiz ve bulundu\u011fumuz kurum\u00a0 taraf\u0131ndan derhal kar\u015f\u0131lanacakt\u0131r. Kendisinin vize bitiminden \u00f6nce d\u00f6nece\u011fini garanti etmekle birlikte ta\u015fk\u0131nl\u0131k yapmayaca\u011f\u0131 konusunda da garanti veririz. Vize s\u00fcresinin bitmesinin ard\u0131ndan \u00fclkenizi terk edece\u011fini taahh\u00fct ederiz.<\/strong><\/span><\/p>\n<p><span style=\"font-family: Roboto; font-size: 14px;\"><strong>\u00c7al\u0131\u015fan\u0131m\u0131z\u0131n Vietnam \u00dclkelerine seyahatte bulunaca\u011f\u0131ndan dolay\u0131 uzun s\u00fcreli (1 YIL) vize verilmesini taraf\u0131n\u0131zdan arz ederiz.<\/strong><\/span><\/p>\n<p>&nbsp;<\/p>\n<p><span style=\"font-family: Roboto; font-size: 14px;\"><strong>\u00a0\u00a0\u00a0\u00a0 \u0130sim Soy \u0130sim \/ G\u00f6revi \/\u015eirket Ka\u015fesi<\/strong><\/span><\/p>\n<p><span style=\"font-family: Roboto; font-size: 14px;\"><strong>\u0130mza<\/strong><\/span><\/p>\n<p><span style=\"font-size: 18px; font-family: Roboto;\"><img loading=\"lazy\" decoding=\"async\" src=\"https:\/\/www.myvize.com.tr\/romanya\/wp-content\/uploads\/2021\/07\/aDOBE-LOGO-1.png\" width=\"75\" height=\"75\" \/><strong>\u00a0\u00a0\u00a0\u0130rlanda Ticari Vize Dilek\u00e7e \u00d6rne\u011fi\u00a0\u00a0<a href=\"https:\/\/www.myvize.com.tr\/vietnam\/wp-content\/uploads\/2021\/12\/Vietnam-ticari-Dilekce-Ornek.pdf\" target=\"_blank\" rel=\"noreferrer noopener\">(<span style=\"color: #2acec2;\">\u0130ndirmek \u0130\u00e7in T\u0131klay\u0131n\u0131z!!<\/span>)<\/a><\/strong><\/span><\/p>\n","protected":false},"excerpt":{"rendered":"<p>Vietnam ticari vizesi, Vietnam Konsoloslu\u011fu taraf\u0131ndan verilmekte olan k\u0131sa s\u00fcreli Vietnam vizesi grubundad\u0131r. Vietnam ticari vize dilek\u00e7e \u00f6rne\u011fi ile ald\u0131\u011f\u0131n\u0131z vize size Vietnam\u2019da ticari eylemlerde bulunman\u0131z\u0131 sa\u011flayacakt\u0131r.Vietnam ticari vize ba\u015fvurular\u0131 i\u015fveren ve SGK\u2019l\u0131 \u00e7al\u0131\u015fan olarak 2 farkl\u0131 grupta yap\u0131lmaktad\u0131r.\u00a0Vietnam ticari vize dilek\u00e7e \u00f6rne\u011fi\u00a0ile ba\u015fvurunuz esnas\u0131nda bir\u00e7ok farkl\u0131 belge de talep edilecektir. Bunlardan en \u00f6nemlisi ise<\/p>\n","protected":false},"author":1,"featured_media":0,"parent":168,"menu_order":0,"comment_status":"open","ping_status":"closed","template":"","meta":{"footnotes":""},"class_list":["post-312","page","type-page","status-publish","hentry"],"yoast_head":"<!-- This site is optimized with the Yoast SEO plugin v24.0 - https:\/\/yoast.com\/wordpress\/plugins\/seo\/ -->\n<title>Vietnam Ticari Vize Dilek\u00e7e - Vietnam Ticari Vize - MyVize<\/title>\n<meta name=\"description\" content=\"Vietnam Ticari Vize Dilek\u00e7e \u00d6rne\u011fi nas\u0131l yaz\u0131l\u0131r? Vietnam Ticari Vize Dilek\u00e7esi nas\u0131l olmal\u0131d\u0131r? Bilgi \u0130\u00e7in Hemen Aray\u0131n: 0850 346 84 93\" \/>\n<meta name=\"robots\" content=\"index, follow, max-snippet:-1, max-image-preview:large, max-video-preview:-1\" \/>\n<link rel=\"canonical\" href=\"https:\/\/www.myvize.com.tr\/vietnam\/form-ve-dilekce\/vietnam-ticari-vize-dilekce-ornegi\/\" \/>\n<meta property=\"og:locale\" content=\"tr_TR\" \/>\n<meta property=\"og:type\" content=\"article\" \/>\n<meta property=\"og:title\" content=\"Vietnam Ticari Vize Dilek\u00e7e - Vietnam Ticari Vize - MyVize\" \/>\n<meta property=\"og:description\" content=\"Vietnam Ticari Vize Dilek\u00e7e \u00d6rne\u011fi nas\u0131l yaz\u0131l\u0131r? Vietnam Ticari Vize Dilek\u00e7esi nas\u0131l olmal\u0131d\u0131r? Bilgi \u0130\u00e7in Hemen Aray\u0131n: 0850 346 84 93\" \/>\n<meta property=\"og:url\" content=\"https:\/\/www.myvize.com.tr\/vietnam\/form-ve-dilekce\/vietnam-ticari-vize-dilekce-ornegi\/\" \/>\n<meta property=\"og:site_name\" content=\"Vietnam Vizesi\" \/>\n<meta property=\"article:modified_time\" content=\"2022-06-06T09:57:27+00:00\" \/>\n<meta property=\"og:image\" content=\"https:\/\/www.myvize.com.tr\/romanya\/wp-content\/uploads\/2021\/07\/aDOBE-LOGO-1.png\" \/>\n<meta name=\"twitter:card\" content=\"summary_large_image\" \/>\n<meta name=\"twitter:label1\" content=\"Tahmini okuma s\u00fcresi\" \/>\n\t<meta name=\"twitter:data1\" content=\"4 dakika\" \/>\n<script type=\"application\/ld+json\" class=\"yoast-schema-graph\">{\"@context\":\"https:\/\/schema.org\",\"@graph\":[{\"@type\":\"WebPage\",\"@id\":\"https:\/\/www.myvize.com.tr\/vietnam\/form-ve-dilekce\/vietnam-ticari-vize-dilekce-ornegi\/\",\"url\":\"https:\/\/www.myvize.com.tr\/vietnam\/form-ve-dilekce\/vietnam-ticari-vize-dilekce-ornegi\/\",\"name\":\"Vietnam Ticari Vize Dilek\u00e7e - Vietnam Ticari Vize - MyVize\",\"isPartOf\":{\"@id\":\"https:\/\/www.myvize.com.tr\/vietnam\/#website\"},\"primaryImageOfPage\":{\"@id\":\"https:\/\/www.myvize.com.tr\/vietnam\/form-ve-dilekce\/vietnam-ticari-vize-dilekce-ornegi\/#primaryimage\"},\"image\":{\"@id\":\"https:\/\/www.myvize.com.tr\/vietnam\/form-ve-dilekce\/vietnam-ticari-vize-dilekce-ornegi\/#primaryimage\"},\"thumbnailUrl\":\"https:\/\/www.myvize.com.tr\/romanya\/wp-content\/uploads\/2021\/07\/aDOBE-LOGO-1.png\",\"datePublished\":\"2021-07-19T14:37:17+00:00\",\"dateModified\":\"2022-06-06T09:57:27+00:00\",\"description\":\"Vietnam Ticari Vize Dilek\u00e7e \u00d6rne\u011fi nas\u0131l yaz\u0131l\u0131r? Vietnam Ticari Vize Dilek\u00e7esi nas\u0131l olmal\u0131d\u0131r? Bilgi \u0130\u00e7in Hemen Aray\u0131n: 0850 346 84 93\",\"breadcrumb\":{\"@id\":\"https:\/\/www.myvize.com.tr\/vietnam\/form-ve-dilekce\/vietnam-ticari-vize-dilekce-ornegi\/#breadcrumb\"},\"inLanguage\":\"tr\",\"potentialAction\":[{\"@type\":\"ReadAction\",\"target\":[\"https:\/\/www.myvize.com.tr\/vietnam\/form-ve-dilekce\/vietnam-ticari-vize-dilekce-ornegi\/\"]}]},{\"@type\":\"ImageObject\",\"inLanguage\":\"tr\",\"@id\":\"https:\/\/www.myvize.com.tr\/vietnam\/form-ve-dilekce\/vietnam-ticari-vize-dilekce-ornegi\/#primaryimage\",\"url\":\"https:\/\/www.myvize.com.tr\/romanya\/wp-content\/uploads\/2021\/07\/aDOBE-LOGO-1.png\",\"contentUrl\":\"https:\/\/www.myvize.com.tr\/romanya\/wp-content\/uploads\/2021\/07\/aDOBE-LOGO-1.png\"},{\"@type\":\"BreadcrumbList\",\"@id\":\"https:\/\/www.myvize.com.tr\/vietnam\/form-ve-dilekce\/vietnam-ticari-vize-dilekce-ornegi\/#breadcrumb\",\"itemListElement\":[{\"@type\":\"ListItem\",\"position\":1,\"name\":\"Anasayfa\",\"item\":\"https:\/\/www.myvize.com.tr\/vietnam\/\"},{\"@type\":\"ListItem\",\"position\":2,\"name\":\"FORM VE D\u0130LEK\u00c7E\",\"item\":\"https:\/\/www.myvize.com.tr\/vietnam\/form-ve-dilekce\/\"},{\"@type\":\"ListItem\",\"position\":3,\"name\":\"Vietnam Ticari Vize Dilek\u00e7e \u00d6rne\u011fi\"}]},{\"@type\":\"WebSite\",\"@id\":\"https:\/\/www.myvize.com.tr\/vietnam\/#website\",\"url\":\"https:\/\/www.myvize.com.tr\/vietnam\/\",\"name\":\"Vietnam Vizesi\",\"description\":\"\",\"potentialAction\":[{\"@type\":\"SearchAction\",\"target\":{\"@type\":\"EntryPoint\",\"urlTemplate\":\"https:\/\/www.myvize.com.tr\/vietnam\/?s={search_term_string}\"},\"query-input\":{\"@type\":\"PropertyValueSpecification\",\"valueRequired\":true,\"valueName\":\"search_term_string\"}}],\"inLanguage\":\"tr\"}]}<\/script>\n<!-- \/ Yoast SEO plugin. -->","yoast_head_json":{"title":"Vietnam Ticari Vize Dilek\u00e7e - Vietnam Ticari Vize - MyVize","description":"Vietnam Ticari Vize Dilek\u00e7e \u00d6rne\u011fi nas\u0131l yaz\u0131l\u0131r? Vietnam Ticari Vize Dilek\u00e7esi nas\u0131l olmal\u0131d\u0131r? Bilgi \u0130\u00e7in Hemen Aray\u0131n: 0850 346 84 93","robots":{"index":"index","follow":"follow","max-snippet":"max-snippet:-1","max-image-preview":"max-image-preview:large","max-video-preview":"max-video-preview:-1"},"canonical":"https:\/\/www.myvize.com.tr\/vietnam\/form-ve-dilekce\/vietnam-ticari-vize-dilekce-ornegi\/","og_locale":"tr_TR","og_type":"article","og_title":"Vietnam Ticari Vize Dilek\u00e7e - Vietnam Ticari Vize - MyVize","og_description":"Vietnam Ticari Vize Dilek\u00e7e \u00d6rne\u011fi nas\u0131l yaz\u0131l\u0131r? Vietnam Ticari Vize Dilek\u00e7esi nas\u0131l olmal\u0131d\u0131r? Bilgi \u0130\u00e7in Hemen Aray\u0131n: 0850 346 84 93","og_url":"https:\/\/www.myvize.com.tr\/vietnam\/form-ve-dilekce\/vietnam-ticari-vize-dilekce-ornegi\/","og_site_name":"Vietnam Vizesi","article_modified_time":"2022-06-06T09:57:27+00:00","og_image":[{"url":"https:\/\/www.myvize.com.tr\/romanya\/wp-content\/uploads\/2021\/07\/aDOBE-LOGO-1.png","type":"","width":"","height":""}],"twitter_card":"summary_large_image","twitter_misc":{"Tahmini okuma s\u00fcresi":"4 dakika"},"schema":{"@context":"https:\/\/schema.org","@graph":[{"@type":"WebPage","@id":"https:\/\/www.myvize.com.tr\/vietnam\/form-ve-dilekce\/vietnam-ticari-vize-dilekce-ornegi\/","url":"https:\/\/www.myvize.com.tr\/vietnam\/form-ve-dilekce\/vietnam-ticari-vize-dilekce-ornegi\/","name":"Vietnam Ticari Vize Dilek\u00e7e - Vietnam Ticari Vize - MyVize","isPartOf":{"@id":"https:\/\/www.myvize.com.tr\/vietnam\/#website"},"primaryImageOfPage":{"@id":"https:\/\/www.myvize.com.tr\/vietnam\/form-ve-dilekce\/vietnam-ticari-vize-dilekce-ornegi\/#primaryimage"},"image":{"@id":"https:\/\/www.myvize.com.tr\/vietnam\/form-ve-dilekce\/vietnam-ticari-vize-dilekce-ornegi\/#primaryimage"},"thumbnailUrl":"https:\/\/www.myvize.com.tr\/romanya\/wp-content\/uploads\/2021\/07\/aDOBE-LOGO-1.png","datePublished":"2021-07-19T14:37:17+00:00","dateModified":"2022-06-06T09:57:27+00:00","description":"Vietnam Ticari Vize Dilek\u00e7e \u00d6rne\u011fi nas\u0131l yaz\u0131l\u0131r? Vietnam Ticari Vize Dilek\u00e7esi nas\u0131l olmal\u0131d\u0131r? Bilgi \u0130\u00e7in Hemen Aray\u0131n: 0850 346 84 93","breadcrumb":{"@id":"https:\/\/www.myvize.com.tr\/vietnam\/form-ve-dilekce\/vietnam-ticari-vize-dilekce-ornegi\/#breadcrumb"},"inLanguage":"tr","potentialAction":[{"@type":"ReadAction","target":["https:\/\/www.myvize.com.tr\/vietnam\/form-ve-dilekce\/vietnam-ticari-vize-dilekce-ornegi\/"]}]},{"@type":"ImageObject","inLanguage":"tr","@id":"https:\/\/www.myvize.com.tr\/vietnam\/form-ve-dilekce\/vietnam-ticari-vize-dilekce-ornegi\/#primaryimage","url":"https:\/\/www.myvize.com.tr\/romanya\/wp-content\/uploads\/2021\/07\/aDOBE-LOGO-1.png","contentUrl":"https:\/\/www.myvize.com.tr\/romanya\/wp-content\/uploads\/2021\/07\/aDOBE-LOGO-1.png"},{"@type":"BreadcrumbList","@id":"https:\/\/www.myvize.com.tr\/vietnam\/form-ve-dilekce\/vietnam-ticari-vize-dilekce-ornegi\/#breadcrumb","itemListElement":[{"@type":"ListItem","position":1,"name":"Anasayfa","item":"https:\/\/www.myvize.com.tr\/vietnam\/"},{"@type":"ListItem","position":2,"name":"FORM VE D\u0130LEK\u00c7E","item":"https:\/\/www.myvize.com.tr\/vietnam\/form-ve-dilekce\/"},{"@type":"ListItem","position":3,"name":"Vietnam Ticari Vize Dilek\u00e7e \u00d6rne\u011fi"}]},{"@type":"WebSite","@id":"https:\/\/www.myvize.com.tr\/vietnam\/#website","url":"https:\/\/www.myvize.com.tr\/vietnam\/","name":"Vietnam Vizesi","description":"","potentialAction":[{"@type":"SearchAction","target":{"@type":"EntryPoint","urlTemplate":"https:\/\/www.myvize.com.tr\/vietnam\/?s={search_term_string}"},"query-input":{"@type":"PropertyValueSpecification","valueRequired":true,"valueName":"search_term_string"}}],"inLanguage":"tr"}]}},"_links":{"self":[{"href":"https:\/\/www.myvize.com.tr\/vietnam\/wp-json\/wp\/v2\/pages\/312","targetHints":{"allow":["GET"]}}],"collection":[{"href":"https:\/\/www.myvize.com.tr\/vietnam\/wp-json\/wp\/v2\/pages"}],"about":[{"href":"https:\/\/www.myvize.com.tr\/vietnam\/wp-json\/wp\/v2\/types\/page"}],"author":[{"embeddable":true,"href":"https:\/\/www.myvize.com.tr\/vietnam\/wp-json\/wp\/v2\/users\/1"}],"replies":[{"embeddable":true,"href":"https:\/\/www.myvize.com.tr\/vietnam\/wp-json\/wp\/v2\/comments?post=312"}],"version-history":[{"count":9,"href":"https:\/\/www.myvize.com.tr\/vietnam\/wp-json\/wp\/v2\/pages\/312\/revisions"}],"predecessor-version":[{"id":622,"href":"https:\/\/www.myvize.com.tr\/vietnam\/wp-json\/wp\/v2\/pages\/312\/revisions\/622"}],"up":[{"embeddable":true,"href":"https:\/\/www.myvize.com.tr\/vietnam\/wp-json\/wp\/v2\/pages\/168"}],"wp:attachment":[{"href":"https:\/\/www.myvize.com.tr\/vietnam\/wp-json\/wp\/v2\/media?parent=312"}],"curies":[{"name":"wp","href":"https:\/\/api.w.org\/{rel}","templated":true}]}}