{"id":84,"date":"2020-11-30T13:05:08","date_gmt":"2020-11-30T10:05:08","guid":{"rendered":"https:\/\/www.myvize.com.tr\/vietnam\/?page_id=84"},"modified":"2022-05-06T15:40:20","modified_gmt":"2022-05-06T12:40:20","slug":"trabzon-fahri-konsoloslugu","status":"publish","type":"page","link":"https:\/\/www.myvize.com.tr\/vietnam\/konsolosluklar\/trabzon-fahri-konsoloslugu\/","title":{"rendered":"Vietnam Trabzon Fahri Konsoloslu\u011fu"},"content":{"rendered":"<h2><span style=\"font-family: Roboto; font-size: 27px;\"><strong>Vietnam Trabzon Fahri Konsoloslu\u011fu \u0130leti\u015fim Bilgileri<\/strong><\/span><\/h2>\n<p><span style=\"font-family: Roboto; font-size: 14px;\"><strong>Vietnam Trabzon Konsoloslu\u011fu<\/strong> Adresi: De\u011firmendere Mahallesi, 48. Sokak, No. 5, Trabzon Merkez\/Trabzon<\/span><br \/>\n<span style=\"font-family: Roboto; font-size: 14px;\"><strong>Vietnam Trabzon Fahri Konsoloslu\u011fu<\/strong> hafta i\u00e7i saat 09.30 ile 18.00 aras\u0131 \u00e7al\u0131\u015fmaktad\u0131r. T\u00fcrkiye resmi tatilinde ve Vietnam resm\u00ee tatilinde hizmet vermemektedir.<\/span><br \/>\n<span style=\"font-family: Roboto; font-size: 14px;\"><strong>Vietnam Trabzon Fahri Konsoloslu\u011fu,<\/strong> Vietnam vatanda\u015f\u0131na konsolosluk hizmeti vermektedirler. Vietnam&#8217;a bir sebeple seyahat etmek isteyen ki\u015fiye vize hizmeti sa\u011flamaktad\u0131r. Vietnam\u2019\u0131n ve Vietnam vatanda\u015flar\u0131 T\u00fcrkiye\u2019de ekonomi ve g\u00fcvenlik alan\u0131na \u00e7\u0131kar\u0131 korumay\u0131 ama\u00e7lar. T\u00fcrkiye\u2019de \u00e7al\u0131\u015fan, i\u015f kurmu\u015f, e\u011fitim g\u00f6renler, t\u0131bbi tedaviler alan Vietnam vatanda\u015flar\u0131na her alana yard\u0131mc\u0131 olmaktad\u0131r. <strong>Vietnam Trabzon Fahri Konsoloslu\u011fu<\/strong> bu i\u015flem yaparken T\u00fcrkiye, Vietnam Hukuk ve uluslararas\u0131 hukuk ba\u011fl\u0131 kalmakta.<\/span><br \/>\n<span style=\"font-family: Roboto; font-size: 14px;\">Vietnam Trabzon Konsoloslu\u011fu, Vietnam\u2019\u0131 T\u00fcrkiye\u2019de bulunan temsilcili\u011finden birisidir. <strong>Vietnam Trabzon Fahri Konsoloslu\u011fu<\/strong>, Trabzon ve \u00e7evresi ikamet eden <strong>Vietnam vatanda\u015f\u0131na<\/strong> hukuk, e\u011fitim, sa\u011fl\u0131k alan\u0131nda destek vermektedir. Ayr\u0131ca Vietnam vatanda\u015flar\u0131 vergi i\u015flemini Vietnam Trabzon Fahri Konsoloslu\u011fu\u2019na yapabilmekte.<\/span><br \/>\n<span style=\"font-family: Roboto; font-size: 14px;\">Bunun yan\u0131nda T\u00fcrkiye Cumhuriyeti vatanda\u015flara vize hizmeti vermekte. Vietnam\u2019a seyahat etmek isteyen T\u00fcrkiye Cumhuriyeti vatanda\u015f\u0131 seyahati \u00f6ncesi seyahat t\u00fcr\u00fc ve ama\u00e7\u0131na uygun vize ba\u015fvurusunda bulmas\u0131 gereklidir. Vietnam\u2019\u0131 ziyaret edecek ki\u015fi <strong>Vietnam Trabzon Fahri Konsoloslu\u011fa<\/strong> vize ba\u015fvurusunda bulunabilir.<\/span><\/p>\n<p><span style=\"font-family: Roboto; font-size: 14px;\"><span style=\"color: #2acec2;\"><a style=\"color: #2acec2;\" href=\"https:\/\/www.myvize.com.tr\/vietnam\/vize-islemleri\/vietnam-vize-basvuru-formu\/\" target=\"_blank\" rel=\"noopener\"><strong>Vietnam Vize Ba\u015fvuru Formu<\/strong><\/a><\/span> ile ilgili bilgi almak i\u00e7in bizi aray\u0131n.<\/span><\/p>\n<h2><span style=\"font-family: Roboto; font-size: 27px;\"><b>Vietnam Trabzon Fahri Konsoloslu\u011fu Hakk\u0131nda<\/b><\/span><\/h2>\n<p><span style=\"font-family: Roboto; font-size: 14px;\">Fahri Konsolosluklar\u0131, tam te\u015fekk\u00fcll\u00fc konsolosluklar\u0131n olmad\u0131\u011f\u0131 yerlerde bulunmaktad\u0131r. Bu fahri konsolosluklar\u0131n\u0131n aras\u0131nda bulunan,\u00a0<strong>Vietnam Trabzon Fahri Konsoloslu\u011fu<\/strong>, olduk\u00e7a fazla ilgi g\u00f6rmektedir. Bu konsoloslu\u011fun ama\u00e7lar\u0131ndan baz\u0131lar\u0131, \u00fclkelerin aras\u0131ndaki ili\u015fkiler, sosyal, siyasi ve ekonomik alanda geli\u015fmeleri taze ve g\u00fc\u00e7l\u00fc tutmakt\u0131r. Bu temsilcili\u011fe vize ba\u015fvurusunda bulunacak T\u00fcrkiye Cumhuriyeti Vatanda\u015flar\u0131, ilk olarak bu temsilcili\u011fin anla\u015fmal\u0131 firmalar\u0131na ba\u015fvurmalar\u0131 gerekiyor.\u00a0<strong>Vietnam Trabzon Fahri Konsoloslu\u011funda\u00a0<\/strong>direkt olarak vize ba\u015fvurusunda bulunam\u0131yorsunuz. Temsilcilikle anla\u015fmal\u0131 bir firma yolundan ba\u015fvuruda bulunabildi\u011finiz bu kurum, ki\u015filere pasaport, pasaport yenileme, nikah, evlilik ve di\u011fer baz\u0131 resmi i\u015flemlerde yard\u0131mc\u0131 olabilmektedir. Bu konsoloslu\u011fun diplomatik bir yetkisi olmad\u0131\u011f\u0131 gibi g\u00f6rev yapt\u0131\u011f\u0131 b\u00f6lgeler ise,<span style=\"color: #2acec2;\"><strong><a style=\"color: #2acec2;\" href=\"https:\/\/www.myvize.com.tr\/vietnam\/subelerimiz\/trabzon\/\" target=\"_blank\" rel=\"noopener\"> Trabzon<\/a><\/strong><\/span>, Trabzon \u00e7evre illerdir. Trabzon da ikametgah eden vatanda\u015flar ve Trabzon \u00e7evre illerde ikametgah eden vatanda\u015flar bu temsilcili\u011fe ba\u015fvuruda bulunabilirler.\u00a0<strong>Vietnam Trabzon Fahri Konsoloslu\u011fu<\/strong>, hafta i\u00e7leri 08:30 ila 18:00 aras\u0131 halka hizmet vermektedir. Hafta sonlar\u0131 ve resmi tatillerde hizmette bulunamamaktad\u0131rlar. Vize ba\u015fvurusu i\u00e7in ba\u015fvuru yap\u0131lmadan \u00f6nce, bu tarihlerin g\u00f6zden ge\u00e7irilmesi gerekiyor. Vize ba\u015fvurusunun sonu\u00e7lanmas\u0131n\u0131 bekleyen ki\u015filer, konsoloslu\u011fun i\u015f g\u00fcnleri i\u00e7erisinde 5 ila 7 g\u00fcn sonra, vize ba\u015fvuru sonu\u00e7lar\u0131n\u0131 g\u00f6rebilirler.<\/span><\/p>\n","protected":false},"excerpt":{"rendered":"<p>Vietnam Trabzon Fahri Konsoloslu\u011fu \u0130leti\u015fim Bilgileri Vietnam Trabzon Konsoloslu\u011fu Adresi: De\u011firmendere Mahallesi, 48. Sokak, No. 5, Trabzon Merkez\/Trabzon Vietnam Trabzon Fahri Konsoloslu\u011fu hafta i\u00e7i saat 09.30 ile 18.00 aras\u0131 \u00e7al\u0131\u015fmaktad\u0131r. T\u00fcrkiye resmi tatilinde ve Vietnam resm\u00ee tatilinde hizmet vermemektedir. Vietnam Trabzon Fahri Konsoloslu\u011fu, Vietnam vatanda\u015f\u0131na konsolosluk hizmeti vermektedirler. Vietnam&#8217;a bir sebeple seyahat etmek isteyen ki\u015fiye<\/p>\n","protected":false},"author":1,"featured_media":0,"parent":69,"menu_order":0,"comment_status":"open","ping_status":"closed","template":"","meta":{"footnotes":""},"class_list":["post-84","page","type-page","status-publish","hentry"],"yoast_head":"<!-- This site is optimized with the Yoast SEO plugin v24.0 - https:\/\/yoast.com\/wordpress\/plugins\/seo\/ -->\n<title>Vietnam Trabzon Konsoloslu\u011fu Vize \u0130\u015flemleri - MyVize<\/title>\n<meta name=\"description\" content=\"Vietnam Trabzon Fahri Konsoloslu\u011fu \u00e7al\u0131\u015fma saatleri. Vietnam Trabzon Fahri Konsoloslu\u011fu ula\u015f\u0131m, ileti\u015fim bilgileri ve faaliyet alan\u0131.\" \/>\n<meta name=\"robots\" content=\"index, follow, max-snippet:-1, max-image-preview:large, max-video-preview:-1\" \/>\n<link rel=\"canonical\" href=\"https:\/\/www.myvize.com.tr\/vietnam\/konsolosluklar\/trabzon-fahri-konsoloslugu\/\" \/>\n<meta property=\"og:locale\" content=\"tr_TR\" \/>\n<meta property=\"og:type\" content=\"article\" \/>\n<meta property=\"og:title\" content=\"Vietnam Trabzon Konsoloslu\u011fu Vize \u0130\u015flemleri - MyVize\" \/>\n<meta property=\"og:description\" content=\"Vietnam Trabzon Fahri Konsoloslu\u011fu \u00e7al\u0131\u015fma saatleri. Vietnam Trabzon Fahri Konsoloslu\u011fu ula\u015f\u0131m, ileti\u015fim bilgileri ve faaliyet alan\u0131.\" \/>\n<meta property=\"og:url\" content=\"https:\/\/www.myvize.com.tr\/vietnam\/konsolosluklar\/trabzon-fahri-konsoloslugu\/\" \/>\n<meta property=\"og:site_name\" content=\"Vietnam Vizesi\" \/>\n<meta property=\"article:modified_time\" content=\"2022-05-06T12:40:20+00:00\" \/>\n<meta name=\"twitter:card\" content=\"summary_large_image\" \/>\n<meta name=\"twitter:label1\" content=\"Tahmini okuma s\u00fcresi\" \/>\n\t<meta name=\"twitter:data1\" content=\"2 dakika\" \/>\n<script type=\"application\/ld+json\" class=\"yoast-schema-graph\">{\"@context\":\"https:\/\/schema.org\",\"@graph\":[{\"@type\":\"WebPage\",\"@id\":\"https:\/\/www.myvize.com.tr\/vietnam\/konsolosluklar\/trabzon-fahri-konsoloslugu\/\",\"url\":\"https:\/\/www.myvize.com.tr\/vietnam\/konsolosluklar\/trabzon-fahri-konsoloslugu\/\",\"name\":\"Vietnam Trabzon Konsoloslu\u011fu Vize \u0130\u015flemleri - MyVize\",\"isPartOf\":{\"@id\":\"https:\/\/www.myvize.com.tr\/vietnam\/#website\"},\"datePublished\":\"2020-11-30T10:05:08+00:00\",\"dateModified\":\"2022-05-06T12:40:20+00:00\",\"description\":\"Vietnam Trabzon Fahri Konsoloslu\u011fu \u00e7al\u0131\u015fma saatleri. Vietnam Trabzon Fahri Konsoloslu\u011fu ula\u015f\u0131m, ileti\u015fim bilgileri ve faaliyet alan\u0131.\",\"breadcrumb\":{\"@id\":\"https:\/\/www.myvize.com.tr\/vietnam\/konsolosluklar\/trabzon-fahri-konsoloslugu\/#breadcrumb\"},\"inLanguage\":\"tr\",\"potentialAction\":[{\"@type\":\"ReadAction\",\"target\":[\"https:\/\/www.myvize.com.tr\/vietnam\/konsolosluklar\/trabzon-fahri-konsoloslugu\/\"]}]},{\"@type\":\"BreadcrumbList\",\"@id\":\"https:\/\/www.myvize.com.tr\/vietnam\/konsolosluklar\/trabzon-fahri-konsoloslugu\/#breadcrumb\",\"itemListElement\":[{\"@type\":\"ListItem\",\"position\":1,\"name\":\"Anasayfa\",\"item\":\"https:\/\/www.myvize.com.tr\/vietnam\/\"},{\"@type\":\"ListItem\",\"position\":2,\"name\":\"KONSOLOSLUKLAR\",\"item\":\"https:\/\/www.myvize.com.tr\/vietnam\/konsolosluklar\/\"},{\"@type\":\"ListItem\",\"position\":3,\"name\":\"Vietnam Trabzon Fahri Konsoloslu\u011fu\"}]},{\"@type\":\"WebSite\",\"@id\":\"https:\/\/www.myvize.com.tr\/vietnam\/#website\",\"url\":\"https:\/\/www.myvize.com.tr\/vietnam\/\",\"name\":\"Vietnam Vizesi\",\"description\":\"\",\"potentialAction\":[{\"@type\":\"SearchAction\",\"target\":{\"@type\":\"EntryPoint\",\"urlTemplate\":\"https:\/\/www.myvize.com.tr\/vietnam\/?s={search_term_string}\"},\"query-input\":{\"@type\":\"PropertyValueSpecification\",\"valueRequired\":true,\"valueName\":\"search_term_string\"}}],\"inLanguage\":\"tr\"}]}<\/script>\n<!-- \/ Yoast SEO plugin. -->","yoast_head_json":{"title":"Vietnam Trabzon Konsoloslu\u011fu Vize \u0130\u015flemleri - MyVize","description":"Vietnam Trabzon Fahri Konsoloslu\u011fu \u00e7al\u0131\u015fma saatleri. Vietnam Trabzon Fahri Konsoloslu\u011fu ula\u015f\u0131m, ileti\u015fim bilgileri ve faaliyet alan\u0131.","robots":{"index":"index","follow":"follow","max-snippet":"max-snippet:-1","max-image-preview":"max-image-preview:large","max-video-preview":"max-video-preview:-1"},"canonical":"https:\/\/www.myvize.com.tr\/vietnam\/konsolosluklar\/trabzon-fahri-konsoloslugu\/","og_locale":"tr_TR","og_type":"article","og_title":"Vietnam Trabzon Konsoloslu\u011fu Vize \u0130\u015flemleri - MyVize","og_description":"Vietnam Trabzon Fahri Konsoloslu\u011fu \u00e7al\u0131\u015fma saatleri. Vietnam Trabzon Fahri Konsoloslu\u011fu ula\u015f\u0131m, ileti\u015fim bilgileri ve faaliyet alan\u0131.","og_url":"https:\/\/www.myvize.com.tr\/vietnam\/konsolosluklar\/trabzon-fahri-konsoloslugu\/","og_site_name":"Vietnam Vizesi","article_modified_time":"2022-05-06T12:40:20+00:00","twitter_card":"summary_large_image","twitter_misc":{"Tahmini okuma s\u00fcresi":"2 dakika"},"schema":{"@context":"https:\/\/schema.org","@graph":[{"@type":"WebPage","@id":"https:\/\/www.myvize.com.tr\/vietnam\/konsolosluklar\/trabzon-fahri-konsoloslugu\/","url":"https:\/\/www.myvize.com.tr\/vietnam\/konsolosluklar\/trabzon-fahri-konsoloslugu\/","name":"Vietnam Trabzon Konsoloslu\u011fu Vize \u0130\u015flemleri - MyVize","isPartOf":{"@id":"https:\/\/www.myvize.com.tr\/vietnam\/#website"},"datePublished":"2020-11-30T10:05:08+00:00","dateModified":"2022-05-06T12:40:20+00:00","description":"Vietnam Trabzon Fahri Konsoloslu\u011fu \u00e7al\u0131\u015fma saatleri. Vietnam Trabzon Fahri Konsoloslu\u011fu ula\u015f\u0131m, ileti\u015fim bilgileri ve faaliyet alan\u0131.","breadcrumb":{"@id":"https:\/\/www.myvize.com.tr\/vietnam\/konsolosluklar\/trabzon-fahri-konsoloslugu\/#breadcrumb"},"inLanguage":"tr","potentialAction":[{"@type":"ReadAction","target":["https:\/\/www.myvize.com.tr\/vietnam\/konsolosluklar\/trabzon-fahri-konsoloslugu\/"]}]},{"@type":"BreadcrumbList","@id":"https:\/\/www.myvize.com.tr\/vietnam\/konsolosluklar\/trabzon-fahri-konsoloslugu\/#breadcrumb","itemListElement":[{"@type":"ListItem","position":1,"name":"Anasayfa","item":"https:\/\/www.myvize.com.tr\/vietnam\/"},{"@type":"ListItem","position":2,"name":"KONSOLOSLUKLAR","item":"https:\/\/www.myvize.com.tr\/vietnam\/konsolosluklar\/"},{"@type":"ListItem","position":3,"name":"Vietnam Trabzon Fahri Konsoloslu\u011fu"}]},{"@type":"WebSite","@id":"https:\/\/www.myvize.com.tr\/vietnam\/#website","url":"https:\/\/www.myvize.com.tr\/vietnam\/","name":"Vietnam Vizesi","description":"","potentialAction":[{"@type":"SearchAction","target":{"@type":"EntryPoint","urlTemplate":"https:\/\/www.myvize.com.tr\/vietnam\/?s={search_term_string}"},"query-input":{"@type":"PropertyValueSpecification","valueRequired":true,"valueName":"search_term_string"}}],"inLanguage":"tr"}]}},"_links":{"self":[{"href":"https:\/\/www.myvize.com.tr\/vietnam\/wp-json\/wp\/v2\/pages\/84","targetHints":{"allow":["GET"]}}],"collection":[{"href":"https:\/\/www.myvize.com.tr\/vietnam\/wp-json\/wp\/v2\/pages"}],"about":[{"href":"https:\/\/www.myvize.com.tr\/vietnam\/wp-json\/wp\/v2\/types\/page"}],"author":[{"embeddable":true,"href":"https:\/\/www.myvize.com.tr\/vietnam\/wp-json\/wp\/v2\/users\/1"}],"replies":[{"embeddable":true,"href":"https:\/\/www.myvize.com.tr\/vietnam\/wp-json\/wp\/v2\/comments?post=84"}],"version-history":[{"count":5,"href":"https:\/\/www.myvize.com.tr\/vietnam\/wp-json\/wp\/v2\/pages\/84\/revisions"}],"predecessor-version":[{"id":678,"href":"https:\/\/www.myvize.com.tr\/vietnam\/wp-json\/wp\/v2\/pages\/84\/revisions\/678"}],"up":[{"embeddable":true,"href":"https:\/\/www.myvize.com.tr\/vietnam\/wp-json\/wp\/v2\/pages\/69"}],"wp:attachment":[{"href":"https:\/\/www.myvize.com.tr\/vietnam\/wp-json\/wp\/v2\/media?parent=84"}],"curies":[{"name":"wp","href":"https:\/\/api.w.org\/{rel}","templated":true}]}}