{"id":181,"date":"2020-12-22T12:57:28","date_gmt":"2020-12-22T09:57:28","guid":{"rendered":"https:\/\/www.myvize.com.tr\/yunanistan\/?page_id=181"},"modified":"2023-01-22T17:47:34","modified_gmt":"2023-01-22T14:47:34","slug":"yunanistanda-yatirim-yolu-ile-oturum-izni","status":"publish","type":"page","link":"https:\/\/www.myvize.com.tr\/yunanistan\/oturum-2\/yunanistanda-yatirim-yolu-ile-oturum-izni\/","title":{"rendered":"Yunanistan\u2019da Yat\u0131r\u0131m Yolu \u0130le Oturum \u0130zni"},"content":{"rendered":"<h2><strong><span style=\"font-family: Roboto; font-size: 27px;\">Yunanistan\u2019da Yat\u0131r\u0131m Yolu \u0130le Oturum \u0130zni 2022<\/span><\/strong><\/h2>\n<p><span style=\"font-family: Roboto; font-size: 14px;\">Yat\u0131r\u0131m yoluyla verilen oturum izni, alt\u0131n vize \u015feklinde isimlendirilir. Peki,\u00a0<strong>Yunanistan\u2019da yat\u0131r\u0131m yolu ile oturum izni 2022<\/strong>\u00a0nedir? Yunanistan gibi AB \u00dcye Devletleri taraf\u0131ndan verilen Alt\u0131n Vizeler, sonunda vatanda\u015fl\u0131\u011fa\u00a0ve dolay\u0131s\u0131yla AB&#8217;ye eri\u015fime yol\u00a0a\u00e7abilecekleri i\u00e7in \u00f6zellikle g\u0131pta edilmektedir .\u00a0Ayr\u0131ca Yunanistan,\u00a0yat\u0131r\u0131m vizesini ald\u0131ktan sonra, yak\u0131n aile \u00fcyelerine ve Schengen B\u00f6lgesi&#8217;nde \u00fccretsiz ge\u00e7i\u015f hakk\u0131 elde ettikten sonra\u00a0be\u015f y\u0131l s\u00fcreyle an\u0131nda oturum imkan\u0131 sunmaktad\u0131r.\u00a0Yunanistan g\u00f6\u00e7menlik bakanl\u0131\u011f\u0131na g\u00f6re 2019 y\u0131l\u0131nda 645 yat\u0131r\u0131m vizesi verildi. Yunanistan\u2019da oturum hakk\u0131 elde etmek i\u00e7in \u00e7e\u015fitli ko\u015fullar bulunmaktad\u0131r. Bunlar; on sekiz ya\u015f\u0131ndan b\u00fcy\u00fck olmak, ya\u015fad\u0131\u011f\u0131 hi\u00e7bir \u00fclkede sab\u0131ka kayd\u0131n\u0131n olmamas\u0131, Yunanistan\u2019da en az 250 bin Euro de\u011ferinde yat\u0131r\u0131m yapmak ve Yunanistan\u2019da faaliyet g\u00f6steren bir firmadan sa\u011fl\u0131k sigortas\u0131 almak. Yat\u0131r\u0131m se\u00e7enekleri olduk\u00e7a fazlad\u0131r. En az 250 bin Euro de\u011ferinde bir gayrimenkul sat\u0131n almak, en az be\u015f sene s\u00fcreyle bir otel ya da turizm i\u015fletmesi ile kira s\u00f6zle\u015fmesi imzalamak, Yunanistan\u2019da kay\u0131tl\u0131 bir firmaya en az 400 bin Euro de\u011ferinde sermaye yat\u0131r\u0131m\u0131 yapmak \u015feklindedir.<\/span><\/p>\n<h2><strong><span style=\"font-family: Roboto; font-size: 27px;\">Yunanistan\u2019da Yat\u0131r\u0131m Yolu \u0130le Oturum \u0130zni Nas\u0131l Al\u0131n\u0131r?<\/span><\/strong><\/h2>\n<p><span style=\"font-family: Roboto; font-size: 14px;\"><strong>Yunanistan oturum izni almak<\/strong> i\u00e7in baz\u0131 yollar vard\u0131r.\u00a0<strong>Yunanistan\u2019da yat\u0131r\u0131m yolu ile oturum izni nas\u0131l al\u0131n\u0131r<\/strong>\u00a0merak ediliyor. Bu \u00fclkede yat\u0131r\u0131m yolu ile oturum izni almak i\u00e7in pek \u00e7ok farkl\u0131 yol aras\u0131ndan size uygun olan\u0131 tercih edebilirsiniz. En az 250 bin Euro de\u011ferinde bir gayrimenkul sat\u0131n alarak oturum izni elde edebilirsiniz. En az be\u015f sene s\u00fcreyle bir turizm i\u015fletmesi ya da otelle kira s\u00f6zle\u015fmesi imzalayabilirsiniz. \u00dclkede kay\u0131tl\u0131 olan bir \u015firkete en az 400 Euro de\u011ferinde sermaye yat\u0131r\u0131m\u0131 yapabilirsiniz. Yunanistan devlet tahvillerine 400 bin Euro de\u011ferinde yat\u0131r\u0131m yapt\u0131\u011f\u0131n\u0131zda da oturum izni hakk\u0131n\u0131z olur. Bir Yunanistan bankas\u0131na 400 bin Euro de\u011ferinde para yat\u0131rarak da oturum izni hakk\u0131 elde etmeniz s\u00f6z konusu olabilecektir. Bunlara ek olarak 800 bin Euro de\u011ferine bir \u015firket ya da devlet tahvili sat\u0131n alarak da oturum hakk\u0131 alabilmeniz m\u00fcmk\u00fcn. Bunlar haricinde yat\u0131r\u0131m yoluyla oturum izni i\u00e7in ba\u015fka se\u00e7enekler bulunmamakta.<\/span><\/p>\n<h3><strong><span style=\"font-family: Roboto; font-size: 24px;\">Yunanistan\u2019da Yat\u0131r\u0131m Yolu \u0130le Oturum \u0130zni \u015eartlar\u0131<\/span><\/strong><\/h3>\n<p><span style=\"font-family: Roboto; font-size: 14px;\">Yunanistan\u2019da oturum izni elde etmek kolayd\u0131r.\u00a0<strong>Yunanistan\u2019da yat\u0131r\u0131m yolu ile oturum izni \u015fartlar\u0131<\/strong>\u00a0vard\u0131r. Yunanistan&#8217;da ve Schengen b\u00f6lgesinin tamam\u0131nda minimum 30 bin Euro teminatl\u0131\u00a0seyahat sa\u011fl\u0131k\u00a0sigortas\u0131 alman\u0131z ilk ko\u015fuldur. Yunanistan ziyaretinizin amac\u0131n\u0131 ve seyahat program\u0131n\u0131z\u0131 belirten bir \u00f6n yaz\u0131 yazman\u0131z laz\u0131m. Konaklama kan\u0131t\u0131 belgelerini konsoloslu\u011fa iletmelisiniz. Yunanistan&#8217;a giri\u015f ve \u00e7\u0131k\u0131\u015flar\u0131 belirten tarihler ve u\u00e7u\u015f numaralar\u0131yla birlikte\u00a0u\u00e7u\u015f g\u00fczergah\u0131 detaylar\u0131n\u0131 da a\u00e7\u0131klamal\u0131s\u0131n\u0131z. Yunanistan&#8217;da kal\u0131\u015f s\u00fcresi i\u00e7in\u00a0yeterli ekonomik olanaklara\u00a0sahip oldu\u011funuzun kan\u0131t\u0131 da istenmektedir. Yat\u0131r\u0131m se\u00e7enekleri,\u00a0benzer programlara sahip di\u011fer bir\u00e7ok AB \u00fclkesinden nispeten\u00a0daha d\u00fc\u015f\u00fckt\u00fcr. Vizeyi aile \u00fcyelerinizi\u00a0i\u00e7erecek \u015fekilde\u00a0uzatabilirsiniz.\u00a0\u00c7ocu\u011funuz 21 ya\u015f\u0131n\u0131 doldurmu\u015f ancak 24 ya\u015f\u0131n\u0131 doldurmam\u0131\u015f ve \u00f6\u011frenci ise ba\u015fvuruya onlar da dahil edilebilir. Ailenizin t\u00fcm \u00fcyeleri,\u00a0Schengen B\u00f6lgesi i\u00e7inde \u00fccretsiz ge\u00e7i\u015fin\u00a0keyfini \u00e7\u0131karacakt\u0131r. Oturma iznini yenilemek i\u00e7in Yunanistan&#8217;da\u00a0minimum kalma \u015fart\u0131 yoktur. Gayrimenkul\u00fc sat\u0131n ald\u0131ktan sonra kiralama imkan\u0131n\u0131z vard\u0131r.<\/span><\/p>\n","protected":false},"excerpt":{"rendered":"<p>Yunanistan\u2019da Yat\u0131r\u0131m Yolu \u0130le Oturum \u0130zni 2022 Yat\u0131r\u0131m yoluyla verilen oturum izni, alt\u0131n vize \u015feklinde isimlendirilir. Peki,\u00a0Yunanistan\u2019da yat\u0131r\u0131m yolu ile oturum izni 2022\u00a0nedir? Yunanistan gibi AB \u00dcye Devletleri taraf\u0131ndan verilen Alt\u0131n Vizeler, sonunda vatanda\u015fl\u0131\u011fa\u00a0ve dolay\u0131s\u0131yla AB&#8217;ye eri\u015fime yol\u00a0a\u00e7abilecekleri i\u00e7in \u00f6zellikle g\u0131pta edilmektedir .\u00a0Ayr\u0131ca Yunanistan,\u00a0yat\u0131r\u0131m vizesini ald\u0131ktan sonra, yak\u0131n aile \u00fcyelerine ve Schengen B\u00f6lgesi&#8217;nde \u00fccretsiz ge\u00e7i\u015f<\/p>\n","protected":false},"author":1,"featured_media":0,"parent":165,"menu_order":0,"comment_status":"open","ping_status":"closed","template":"","meta":{"footnotes":""},"class_list":["post-181","page","type-page","status-publish","hentry"],"yoast_head":"<!-- This site is optimized with the Yoast SEO plugin v26.8 - https:\/\/yoast.com\/product\/yoast-seo-wordpress\/ -->\n<title>Yunanistan\u2019da Yat\u0131r\u0131m Yolu \u0130le Oturum \u0130zni - MyVize<\/title>\n<meta name=\"description\" content=\"Yunanistan\u2019da Yat\u0131r\u0131m Yolu \u0130le Oturum \u0130zni Nas\u0131l Al\u0131n\u0131r? Yunanistan\u2019da Yat\u0131r\u0131m Yolu \u0130le Oturum \u0130zni \u015eartlar\u0131 Nelerdir?\" \/>\n<meta name=\"robots\" content=\"index, follow, max-snippet:-1, max-image-preview:large, max-video-preview:-1\" \/>\n<link rel=\"canonical\" href=\"https:\/\/www.myvize.com.tr\/yunanistan\/oturum-2\/yunanistanda-yatirim-yolu-ile-oturum-izni\/\" \/>\n<meta property=\"og:locale\" content=\"tr_TR\" \/>\n<meta property=\"og:type\" content=\"article\" \/>\n<meta property=\"og:title\" content=\"Yunanistan\u2019da Yat\u0131r\u0131m Yolu \u0130le Oturum \u0130zni - MyVize\" \/>\n<meta property=\"og:description\" content=\"Yunanistan\u2019da Yat\u0131r\u0131m Yolu \u0130le Oturum \u0130zni Nas\u0131l Al\u0131n\u0131r? Yunanistan\u2019da Yat\u0131r\u0131m Yolu \u0130le Oturum \u0130zni \u015eartlar\u0131 Nelerdir?\" \/>\n<meta property=\"og:url\" content=\"https:\/\/www.myvize.com.tr\/yunanistan\/oturum-2\/yunanistanda-yatirim-yolu-ile-oturum-izni\/\" \/>\n<meta property=\"og:site_name\" content=\"Yunanistan Vizesi\" \/>\n<meta property=\"article:modified_time\" content=\"2023-01-22T14:47:34+00:00\" \/>\n<meta name=\"twitter:card\" content=\"summary_large_image\" \/>\n<meta name=\"twitter:label1\" content=\"Tahmini okuma s\u00fcresi\" \/>\n\t<meta name=\"twitter:data1\" content=\"3 dakika\" \/>\n<script type=\"application\/ld+json\" class=\"yoast-schema-graph\">{\"@context\":\"https:\/\/schema.org\",\"@graph\":[{\"@type\":\"WebPage\",\"@id\":\"https:\/\/www.myvize.com.tr\/yunanistan\/oturum-2\/yunanistanda-yatirim-yolu-ile-oturum-izni\/\",\"url\":\"https:\/\/www.myvize.com.tr\/yunanistan\/oturum-2\/yunanistanda-yatirim-yolu-ile-oturum-izni\/\",\"name\":\"Yunanistan\u2019da Yat\u0131r\u0131m Yolu \u0130le Oturum \u0130zni - MyVize\",\"isPartOf\":{\"@id\":\"https:\/\/www.myvize.com.tr\/yunanistan\/#website\"},\"datePublished\":\"2020-12-22T09:57:28+00:00\",\"dateModified\":\"2023-01-22T14:47:34+00:00\",\"description\":\"Yunanistan\u2019da Yat\u0131r\u0131m Yolu \u0130le Oturum \u0130zni Nas\u0131l Al\u0131n\u0131r? Yunanistan\u2019da Yat\u0131r\u0131m Yolu \u0130le Oturum \u0130zni \u015eartlar\u0131 Nelerdir?\",\"breadcrumb\":{\"@id\":\"https:\/\/www.myvize.com.tr\/yunanistan\/oturum-2\/yunanistanda-yatirim-yolu-ile-oturum-izni\/#breadcrumb\"},\"inLanguage\":\"tr\",\"potentialAction\":[{\"@type\":\"ReadAction\",\"target\":[\"https:\/\/www.myvize.com.tr\/yunanistan\/oturum-2\/yunanistanda-yatirim-yolu-ile-oturum-izni\/\"]}]},{\"@type\":\"BreadcrumbList\",\"@id\":\"https:\/\/www.myvize.com.tr\/yunanistan\/oturum-2\/yunanistanda-yatirim-yolu-ile-oturum-izni\/#breadcrumb\",\"itemListElement\":[{\"@type\":\"ListItem\",\"position\":1,\"name\":\"Anasayfa\",\"item\":\"https:\/\/www.myvize.com.tr\/yunanistan\/\"},{\"@type\":\"ListItem\",\"position\":2,\"name\":\"YUNAN\u0130STAN OTURUM KARTI\",\"item\":\"https:\/\/www.myvize.com.tr\/yunanistan\/oturum-2\/\"},{\"@type\":\"ListItem\",\"position\":3,\"name\":\"Yunanistan\u2019da Yat\u0131r\u0131m Yolu \u0130le Oturum \u0130zni\"}]},{\"@type\":\"WebSite\",\"@id\":\"https:\/\/www.myvize.com.tr\/yunanistan\/#website\",\"url\":\"https:\/\/www.myvize.com.tr\/yunanistan\/\",\"name\":\"Yunanistan Vizesi\",\"description\":\"\",\"potentialAction\":[{\"@type\":\"SearchAction\",\"target\":{\"@type\":\"EntryPoint\",\"urlTemplate\":\"https:\/\/www.myvize.com.tr\/yunanistan\/?s={search_term_string}\"},\"query-input\":{\"@type\":\"PropertyValueSpecification\",\"valueRequired\":true,\"valueName\":\"search_term_string\"}}],\"inLanguage\":\"tr\"}]}<\/script>\n<!-- \/ Yoast SEO plugin. -->","yoast_head_json":{"title":"Yunanistan\u2019da Yat\u0131r\u0131m Yolu \u0130le Oturum \u0130zni - MyVize","description":"Yunanistan\u2019da Yat\u0131r\u0131m Yolu \u0130le Oturum \u0130zni Nas\u0131l Al\u0131n\u0131r? Yunanistan\u2019da Yat\u0131r\u0131m Yolu \u0130le Oturum \u0130zni \u015eartlar\u0131 Nelerdir?","robots":{"index":"index","follow":"follow","max-snippet":"max-snippet:-1","max-image-preview":"max-image-preview:large","max-video-preview":"max-video-preview:-1"},"canonical":"https:\/\/www.myvize.com.tr\/yunanistan\/oturum-2\/yunanistanda-yatirim-yolu-ile-oturum-izni\/","og_locale":"tr_TR","og_type":"article","og_title":"Yunanistan\u2019da Yat\u0131r\u0131m Yolu \u0130le Oturum \u0130zni - MyVize","og_description":"Yunanistan\u2019da Yat\u0131r\u0131m Yolu \u0130le Oturum \u0130zni Nas\u0131l Al\u0131n\u0131r? Yunanistan\u2019da Yat\u0131r\u0131m Yolu \u0130le Oturum \u0130zni \u015eartlar\u0131 Nelerdir?","og_url":"https:\/\/www.myvize.com.tr\/yunanistan\/oturum-2\/yunanistanda-yatirim-yolu-ile-oturum-izni\/","og_site_name":"Yunanistan Vizesi","article_modified_time":"2023-01-22T14:47:34+00:00","twitter_card":"summary_large_image","twitter_misc":{"Tahmini okuma s\u00fcresi":"3 dakika"},"schema":{"@context":"https:\/\/schema.org","@graph":[{"@type":"WebPage","@id":"https:\/\/www.myvize.com.tr\/yunanistan\/oturum-2\/yunanistanda-yatirim-yolu-ile-oturum-izni\/","url":"https:\/\/www.myvize.com.tr\/yunanistan\/oturum-2\/yunanistanda-yatirim-yolu-ile-oturum-izni\/","name":"Yunanistan\u2019da Yat\u0131r\u0131m Yolu \u0130le Oturum \u0130zni - MyVize","isPartOf":{"@id":"https:\/\/www.myvize.com.tr\/yunanistan\/#website"},"datePublished":"2020-12-22T09:57:28+00:00","dateModified":"2023-01-22T14:47:34+00:00","description":"Yunanistan\u2019da Yat\u0131r\u0131m Yolu \u0130le Oturum \u0130zni Nas\u0131l Al\u0131n\u0131r? Yunanistan\u2019da Yat\u0131r\u0131m Yolu \u0130le Oturum \u0130zni \u015eartlar\u0131 Nelerdir?","breadcrumb":{"@id":"https:\/\/www.myvize.com.tr\/yunanistan\/oturum-2\/yunanistanda-yatirim-yolu-ile-oturum-izni\/#breadcrumb"},"inLanguage":"tr","potentialAction":[{"@type":"ReadAction","target":["https:\/\/www.myvize.com.tr\/yunanistan\/oturum-2\/yunanistanda-yatirim-yolu-ile-oturum-izni\/"]}]},{"@type":"BreadcrumbList","@id":"https:\/\/www.myvize.com.tr\/yunanistan\/oturum-2\/yunanistanda-yatirim-yolu-ile-oturum-izni\/#breadcrumb","itemListElement":[{"@type":"ListItem","position":1,"name":"Anasayfa","item":"https:\/\/www.myvize.com.tr\/yunanistan\/"},{"@type":"ListItem","position":2,"name":"YUNAN\u0130STAN OTURUM KARTI","item":"https:\/\/www.myvize.com.tr\/yunanistan\/oturum-2\/"},{"@type":"ListItem","position":3,"name":"Yunanistan\u2019da Yat\u0131r\u0131m Yolu \u0130le Oturum \u0130zni"}]},{"@type":"WebSite","@id":"https:\/\/www.myvize.com.tr\/yunanistan\/#website","url":"https:\/\/www.myvize.com.tr\/yunanistan\/","name":"Yunanistan Vizesi","description":"","potentialAction":[{"@type":"SearchAction","target":{"@type":"EntryPoint","urlTemplate":"https:\/\/www.myvize.com.tr\/yunanistan\/?s={search_term_string}"},"query-input":{"@type":"PropertyValueSpecification","valueRequired":true,"valueName":"search_term_string"}}],"inLanguage":"tr"}]}},"_links":{"self":[{"href":"https:\/\/www.myvize.com.tr\/yunanistan\/wp-json\/wp\/v2\/pages\/181","targetHints":{"allow":["GET"]}}],"collection":[{"href":"https:\/\/www.myvize.com.tr\/yunanistan\/wp-json\/wp\/v2\/pages"}],"about":[{"href":"https:\/\/www.myvize.com.tr\/yunanistan\/wp-json\/wp\/v2\/types\/page"}],"author":[{"embeddable":true,"href":"https:\/\/www.myvize.com.tr\/yunanistan\/wp-json\/wp\/v2\/users\/1"}],"replies":[{"embeddable":true,"href":"https:\/\/www.myvize.com.tr\/yunanistan\/wp-json\/wp\/v2\/comments?post=181"}],"version-history":[{"count":4,"href":"https:\/\/www.myvize.com.tr\/yunanistan\/wp-json\/wp\/v2\/pages\/181\/revisions"}],"predecessor-version":[{"id":1056,"href":"https:\/\/www.myvize.com.tr\/yunanistan\/wp-json\/wp\/v2\/pages\/181\/revisions\/1056"}],"up":[{"embeddable":true,"href":"https:\/\/www.myvize.com.tr\/yunanistan\/wp-json\/wp\/v2\/pages\/165"}],"wp:attachment":[{"href":"https:\/\/www.myvize.com.tr\/yunanistan\/wp-json\/wp\/v2\/media?parent=181"}],"curies":[{"name":"wp","href":"https:\/\/api.w.org\/{rel}","templated":true}]}}