{"id":74,"date":"2020-11-30T13:02:26","date_gmt":"2020-11-30T10:02:26","guid":{"rendered":"https:\/\/www.myvize.com.tr\/yunanistan\/?page_id=74"},"modified":"2022-08-03T14:09:10","modified_gmt":"2022-08-03T11:09:10","slug":"antalya-konsoloslugu","status":"publish","type":"page","link":"https:\/\/www.myvize.com.tr\/yunanistan\/konsolosluklar\/antalya-konsoloslugu\/","title":{"rendered":"Yunanistan Antalya Konsoloslu\u011fu"},"content":{"rendered":"<h2><span style=\"font-size: 27px; font-family: Roboto;\">Yunanistan Antalya Konsolosu Kimdir?<\/span><\/h2>\n<p><span style=\"font-family: Roboto; font-size: 14px;\">Yunanistan&#8217;\u0131n T\u00fcrkiye temsilcili\u011finden birisi de Yunanistan Antalya Konsoloslu\u011fudur. Yunanistan Antalya Konsoloslu\u011fu\u2019nun y\u00f6netiminde sorumlu olan ki\u015filer ise Yunanistan Antalya Konsolosu\u2019dur. Yunanistan Antalya Konsoloslu\u011funda i\u015flemleri yapacak olan ki\u015fi, Yunanistan Antalya Konsolosu\u2019nun kim oldu\u011fu merak etmektedir. Bu yaz\u0131 da Yunanistan Antalya Konsolosu\u2019nun kim oldu\u011fu merak eden ki\u015fi i\u00e7in \u201cYunanistan Antalya Konsolosu kim?\u201d sorusunun cevab\u0131 verilmi\u015ftir. Yunanistan Antalya Konsolosu\u2019nun kim oldu\u011fu hakk\u0131nda bilgiler bulunmamaktad\u0131r. Yunanistan Antalya Konsolosu\u2019nun g\u00f6revi ve amac\u0131 a\u015fa\u011f\u0131da verilmi\u015ftir. Yunanistan Antalya Konsolosu\u2019nun en b\u00fcy\u00fck ama\u00e7lar\u0131 Yunanistan ve T\u00fcrkiye aras\u0131nda ki ili\u015fkiyi d\u00fczenlemek, geli\u015ftirmek veya belirli\u00a0 seviyelerde tutmaktad\u0131r. Yunanistan Antalya Konsolosu, g\u00f6rev b\u00f6lgesi i\u00e7inde ya\u015fayan Yunanistan vatanda\u015f\u0131n\u0131n sorunlar\u0131yla ilgilenmektedir. <strong>Yunanistan Antalya Konsolosu<\/strong>, Yunanistan&#8217;\u0131 ile Yunanistan k\u00fclt\u00fcr\u00fc T\u00fcrkiye\u2019de tan\u0131tmay\u0131 ama\u00e7lamakta. Yunanistan Antalya Konsolosu, T\u00fcrkiye ve Yunanistan aras\u0131nda yeni ekonomi i\u015fbirli\u011finin yap\u0131lmas\u0131n\u0131 ve Yunanistan ad\u0131na Antalya ve \u00e7evresine yeni yat\u0131r\u0131m alan\u0131n\u0131n ortaya \u00e7\u0131karmas\u0131n\u0131 ama\u00e7lamaktad\u0131r. Yunanistan\u00a0Antalya Konsolosu, Yunanistan\u2019\u0131n T\u00fcrkiye Ankara B\u00fcy\u00fckel\u00e7ili\u011fine ba\u011fl\u0131 olarak \u00e7al\u0131\u015fmakta.\u00a0Yunanistan\u00a0 Antalya Konsolosu atama ya da g\u00f6revden alma yetkileri Yunanistan D\u0131\u015fi\u015fleri Bakanl\u0131\u011f\u0131na aittir.<\/span><\/p>\n<h2><strong><span style=\"font-family: Roboto; font-size: 27px;\">Yunanistan Antalya Konsoloslu\u011fu Vize \u0130\u015flemleri<\/span><\/strong><\/h2>\n<p><span style=\"font-family: Roboto; font-size: 14px;\"><strong>Yunanistan&#8217;a\u00a0 seyahat<\/strong> edecek olan ki\u015fi, Yunanistan seyahat ama\u00e7lar\u0131na uygun vize almal\u0131d\u0131r. Yunanistan vizesini alacak olan ki\u015fi vize ba\u015fvurusunu Yunanistan Antalya Konsoloslu\u011funa yapabilmektedir. Yunanistan Antalya Konsoloslu\u011funa vize ba\u015fvurusunu yapacak olan ki\u015fi, Yunanistan Antalya Konsoloslu\u011funa vize i\u015flemini merak etmektedir. Bu yaz\u0131 da Yunanistan Antalya Konsoloslu\u011funa vize ba\u015fvurusu yapacak olan ki\u015fi i\u00e7in Yunanistan Antalya Konsoloslu\u011funa vize i\u015flemi hakk\u0131nda bilgiler verilmi\u015ftir. Yunanistan Antalya Konsoloslu\u011fu vize i\u015flemi a\u015fa\u011f\u0131daki gibi yap\u0131labilmekte; Yunanistan Antalya Konsoloslu\u011funa vize ba\u015fvurusu i\u015flemi i\u00e7in \u00f6ncelikle Yunanistan seyahat ama\u00e7lar\u0131na uygun olarak vize t\u00fcr\u00fc belirlemelidir. Yunanistan seyahat ama\u00e7lar\u0131na uygun vize t\u00fcr\u00fc belirleyen ki\u015fi, <strong>Yunanistan vize i\u015flemi<\/strong> i\u00e7in gerekli olan evrak\u0131 haz\u0131rlamal\u0131d\u0131r. Evrak\u0131n eksiksiz ve g\u00fcncel olacak bi\u00e7imde haz\u0131rlamas\u0131 gerekmektedir. <span style=\"color: #2acec2;\"><strong><a style=\"color: #2acec2;\" href=\"https:\/\/www.myvize.com.tr\/yunanistan\/vize-islemleri\/yunanistan-vizesi\/\" target=\"_blank\" rel=\"noopener\">Yunanistan vizesi<\/a><\/strong><\/span> evrak\u0131 Yunanistan Antalya Konsoloslu\u011funun istedi\u011fi s\u0131rada haz\u0131rlamas\u0131 gerekmektedir. Haz\u0131rlanan <strong>Yunanistan vize evrak\u0131<\/strong> Yunanistan Antalya Konsoloslu\u011funa teslim edilmelidir. Ba\u015fvurular i\u00e7in randevu zorunlulu\u011fu bulunmamakta. Yunanistan Antalya Konsoloslu\u011funa yap\u0131lan vize ba\u015fvurusunu inceleme ve de\u011ferlendirmek yetkileri Yunanistan Ankara B\u00fcy\u00fckel\u00e7ili\u011fine ve Yunanistan \u0130stanbul Ba\u015fkonsoloslu\u011funa aittir. Ba\u015fvuru vize t\u00fcr\u00fcne g\u00f6re ortalama olarak 1 hafta ve 30 g\u00fcn aras\u0131 sonu\u00e7lanmaktad\u0131r.<\/span><\/p>\n<h2><strong><span style=\"font-family: Roboto; font-size: 27px;\">Yunanistan Antalya Konsoloslu\u011fu Vize Randevusu<\/span><\/strong><\/h2>\n<p><span style=\"font-family: Roboto; font-size: 14px;\">Yunanistan&#8217;a\u00a0 seyahat edecek olan ki\u015fi, <strong>Yunanistan seyahati<\/strong> i\u00e7in vize almal\u0131d\u0131r. Yunanistan vizesini alacak olan ki\u015fi, Yunanistan vize ba\u015fvurusu Yunanistan Antalya Konsoloslu\u011funa yapabilir. Yunanistan Antalya Konsoloslu\u011funa ba\u015fvuru yapacak olan ki\u015fi vize ba\u015fvurusu i\u00e7in randevular al\u0131n\u0131p al\u0131nmamas\u0131 gerekti\u011fi merak etmektedir. Bu yaz\u0131 da Yunanistan Antalya Konsoloslu\u011funa vize randevusu hakk\u0131nda bilgiler verilmi\u015ftir.<\/span><\/p>\n<p><span style=\"font-family: Roboto; font-size: 14px;\">Yunanistan Antalya Konsoloslu\u011funa vize ba\u015fvuru i\u00e7in randevu almak zorunlulu\u011fu bulunmamakta. Ba\u015fvuru i\u00e7in gerekli olan evrak ile Yunanistan Antalya Konsoloslu\u011funu ziyaret etmek gerekmektedir. Ba\u015fvuru yapabilme i\u00e7in randevu almaya gerek yoktur. Yunanistan Antalya Konsoloslu\u011funa baz\u0131 durumda vize randevusu zorunlu yapabilmektedir. Yunanistan Antalya Konsoloslu\u011funun yo\u011funlu\u011fu vize ba\u015fvurular\u0131 i\u00e7in randevu al\u0131n\u0131p almamas\u0131nda belirleyicidir. Randevu al\u0131n\u0131p almamas\u0131 hakk\u0131nda karar vermek yetkisi Yunanistan Antalya Konsoloslu\u011funa aittir. Yo\u011funluk d\u00f6neminde herhangi bir kar\u0131\u015f\u0131kl\u0131k olmamas\u0131 ile randevu kabul sistemlerinin daha d\u00fczenli yap\u0131labilmeleri i\u00e7in randevu sistemleri getirilebilir. Yunanistan Antalya Konsoloslu\u011funa vize randevusu gerekmese de randevu zorunlu olabilir. Bunun i\u00e7in Yunanistan Antalya Konsoloslu\u011funu vize ba\u015fvurular\u0131 i\u00e7in ziyaret etmeden \u00f6nce Yunanistan Antalya Konsoloslu\u011fuyla\u00a0 ileti\u015fime ge\u00e7erek detayl\u0131 bilgileri alabilirsiniz.<\/span><\/p>\n<h3><strong><span style=\"font-family: Roboto; font-size: 24px;\">Yunanistan Antalya Konsoloslu\u011fu Vize Ba\u015fvurusu<\/span><\/strong><\/h3>\n<p><span style=\"font-family: Roboto; font-size: 14px;\"><strong>Yunanistan&#8217;a\u00a0 seyahat<\/strong> edecek olan ki\u015finin, <strong>Yunanistan seyahat<\/strong> ama\u00e7lar\u0131na uygun vize almalar\u0131 gerekmektedir.<strong> Yunanistan seyahati<\/strong> i\u00e7in vize alacak olan ki\u015fi ve Antalya \u00e7evresine ikamet eden ki\u015fi, Yunanistan vize ba\u015fvurusunu Yunanistan Antalya Konsoloslu\u011funa yapabilmektedir. Yunanistan Antalya Konsoloslu\u011funa vize ba\u015fvurusu yapacak olan ki\u015fi, Yunanistan Antalya Konsoloslu\u011funa vize ba\u015fvurular\u0131 i\u00e7in ara\u015ft\u0131rma yapmaktad\u0131r. Bu yaz\u0131 da Yunanistan Antalya Konsoloslu\u011funa vize ba\u015fvurular\u0131 hakk\u0131nda bilgiler verilmi\u015ftir. Yunanistan Antalya Konsoloslu\u011funa vize ba\u015fvurusu yapacak olan ki\u015fi, seyahat ama\u00e7lar\u0131na uygun olan vize t\u00fcr\u00fc belirlemelidir. Ard\u0131ndansa Yunanistan Antalya Konsoloslu\u011fu\u2019nun vize ba\u015fvurular\u0131 i\u00e7in istedi\u011fi evrak haz\u0131rlamal\u0131d\u0131r. Haz\u0131rlanan evrak Yunanistan Antalya Konsoloslu\u011funa teslim edilmelidir. Ba\u015fvuru i\u00e7in Yunanistan Antalya Konsoloslu\u011fundan randevu almas\u0131na gerek yoktur.<\/span><\/p>\n<p><span style=\"font-family: Roboto; font-size: 14px;\"><strong>Yunanistan Antalya Konsoloslu\u011funa vize ba\u015fvurusu<\/strong> yapacak olan ki\u015finin dikkat etmesi gerekilen;<\/span><\/p>\n<ul>\n<li><span style=\"font-family: Roboto; font-size: 14px;\">Ba\u015fvuru yapacak olan ki\u015finin Yunanistan&#8217;da ge\u00e7erli olan seyahat sa\u011fl\u0131k sigortalar\u0131n\u0131 yapt\u0131rmas\u0131 gerekmektedir.<\/span><\/li>\n<li><span style=\"font-family: Roboto; font-size: 14px;\">Yunanistan Antalya Ba\u015fkonsoloslu\u011funa ba\u015fvuru yapacak olan ki\u015fi seyahat masraf\u0131n\u0131 kar\u015f\u0131layacak ekonomi duruma sahip olmal\u0131d\u0131r.<\/span><\/li>\n<li><span style=\"font-family: Roboto; font-size: 14px;\">Ba\u015fvuru i\u00e7in gerekli olan vize evraklar\u0131n\u0131n g\u00fcncel tarihli olmas\u0131 gerekmektedir.<\/span><\/li>\n<\/ul>\n","protected":false},"excerpt":{"rendered":"<p>Yunanistan Antalya Konsolosu Kimdir? Yunanistan&#8217;\u0131n T\u00fcrkiye temsilcili\u011finden birisi de Yunanistan Antalya Konsoloslu\u011fudur. Yunanistan Antalya Konsoloslu\u011fu\u2019nun y\u00f6netiminde sorumlu olan ki\u015filer ise Yunanistan Antalya Konsolosu\u2019dur. Yunanistan Antalya Konsoloslu\u011funda i\u015flemleri yapacak olan ki\u015fi, Yunanistan Antalya Konsolosu\u2019nun kim oldu\u011fu merak etmektedir. Bu yaz\u0131 da Yunanistan Antalya Konsolosu\u2019nun kim oldu\u011fu merak eden ki\u015fi i\u00e7in \u201cYunanistan Antalya Konsolosu kim?\u201d sorusunun cevab\u0131<\/p>\n","protected":false},"author":1,"featured_media":0,"parent":69,"menu_order":0,"comment_status":"open","ping_status":"closed","template":"","meta":{"footnotes":""},"class_list":["post-74","page","type-page","status-publish","hentry"],"yoast_head":"<!-- This site is optimized with the Yoast SEO plugin v26.8 - https:\/\/yoast.com\/product\/yoast-seo-wordpress\/ -->\n<title>Yunanistan Antalya Konsoloslu\u011fu - MyVize<\/title>\n<meta name=\"description\" content=\"Yunanistan Antalya Konsoloslu\u011fu Vize \u0130\u015flemleri Nelerdir? Yunanistan Antalya Konsoloslu\u011funa Ula\u015fmak \u0130\u00e7in Hemen Aray\u0131n: 0850 346 84 93\" \/>\n<meta name=\"robots\" content=\"index, follow, max-snippet:-1, max-image-preview:large, max-video-preview:-1\" \/>\n<link rel=\"canonical\" href=\"https:\/\/www.myvize.com.tr\/yunanistan\/konsolosluklar\/antalya-konsoloslugu\/\" \/>\n<meta property=\"og:locale\" content=\"tr_TR\" \/>\n<meta property=\"og:type\" content=\"article\" \/>\n<meta property=\"og:title\" content=\"Yunanistan Antalya Konsoloslu\u011fu - MyVize\" \/>\n<meta property=\"og:description\" content=\"Yunanistan Antalya Konsoloslu\u011fu Vize \u0130\u015flemleri Nelerdir? Yunanistan Antalya Konsoloslu\u011funa Ula\u015fmak \u0130\u00e7in Hemen Aray\u0131n: 0850 346 84 93\" \/>\n<meta property=\"og:url\" content=\"https:\/\/www.myvize.com.tr\/yunanistan\/konsolosluklar\/antalya-konsoloslugu\/\" \/>\n<meta property=\"og:site_name\" content=\"Yunanistan Vizesi\" \/>\n<meta property=\"article:modified_time\" content=\"2022-08-03T11:09:10+00:00\" \/>\n<meta name=\"twitter:card\" content=\"summary_large_image\" \/>\n<meta name=\"twitter:label1\" content=\"Tahmini okuma s\u00fcresi\" \/>\n\t<meta name=\"twitter:data1\" content=\"4 dakika\" \/>\n<script type=\"application\/ld+json\" class=\"yoast-schema-graph\">{\"@context\":\"https:\/\/schema.org\",\"@graph\":[{\"@type\":\"WebPage\",\"@id\":\"https:\/\/www.myvize.com.tr\/yunanistan\/konsolosluklar\/antalya-konsoloslugu\/\",\"url\":\"https:\/\/www.myvize.com.tr\/yunanistan\/konsolosluklar\/antalya-konsoloslugu\/\",\"name\":\"Yunanistan Antalya Konsoloslu\u011fu - MyVize\",\"isPartOf\":{\"@id\":\"https:\/\/www.myvize.com.tr\/yunanistan\/#website\"},\"datePublished\":\"2020-11-30T10:02:26+00:00\",\"dateModified\":\"2022-08-03T11:09:10+00:00\",\"description\":\"Yunanistan Antalya Konsoloslu\u011fu Vize \u0130\u015flemleri Nelerdir? Yunanistan Antalya Konsoloslu\u011funa Ula\u015fmak \u0130\u00e7in Hemen Aray\u0131n: 0850 346 84 93\",\"breadcrumb\":{\"@id\":\"https:\/\/www.myvize.com.tr\/yunanistan\/konsolosluklar\/antalya-konsoloslugu\/#breadcrumb\"},\"inLanguage\":\"tr\",\"potentialAction\":[{\"@type\":\"ReadAction\",\"target\":[\"https:\/\/www.myvize.com.tr\/yunanistan\/konsolosluklar\/antalya-konsoloslugu\/\"]}]},{\"@type\":\"BreadcrumbList\",\"@id\":\"https:\/\/www.myvize.com.tr\/yunanistan\/konsolosluklar\/antalya-konsoloslugu\/#breadcrumb\",\"itemListElement\":[{\"@type\":\"ListItem\",\"position\":1,\"name\":\"Anasayfa\",\"item\":\"https:\/\/www.myvize.com.tr\/yunanistan\/\"},{\"@type\":\"ListItem\",\"position\":2,\"name\":\"KONSOLOSLUKLAR\",\"item\":\"https:\/\/www.myvize.com.tr\/yunanistan\/konsolosluklar\/\"},{\"@type\":\"ListItem\",\"position\":3,\"name\":\"Yunanistan Antalya Konsoloslu\u011fu\"}]},{\"@type\":\"WebSite\",\"@id\":\"https:\/\/www.myvize.com.tr\/yunanistan\/#website\",\"url\":\"https:\/\/www.myvize.com.tr\/yunanistan\/\",\"name\":\"Yunanistan Vizesi\",\"description\":\"\",\"potentialAction\":[{\"@type\":\"SearchAction\",\"target\":{\"@type\":\"EntryPoint\",\"urlTemplate\":\"https:\/\/www.myvize.com.tr\/yunanistan\/?s={search_term_string}\"},\"query-input\":{\"@type\":\"PropertyValueSpecification\",\"valueRequired\":true,\"valueName\":\"search_term_string\"}}],\"inLanguage\":\"tr\"}]}<\/script>\n<!-- \/ Yoast SEO plugin. -->","yoast_head_json":{"title":"Yunanistan Antalya Konsoloslu\u011fu - MyVize","description":"Yunanistan Antalya Konsoloslu\u011fu Vize \u0130\u015flemleri Nelerdir? Yunanistan Antalya Konsoloslu\u011funa Ula\u015fmak \u0130\u00e7in Hemen Aray\u0131n: 0850 346 84 93","robots":{"index":"index","follow":"follow","max-snippet":"max-snippet:-1","max-image-preview":"max-image-preview:large","max-video-preview":"max-video-preview:-1"},"canonical":"https:\/\/www.myvize.com.tr\/yunanistan\/konsolosluklar\/antalya-konsoloslugu\/","og_locale":"tr_TR","og_type":"article","og_title":"Yunanistan Antalya Konsoloslu\u011fu - MyVize","og_description":"Yunanistan Antalya Konsoloslu\u011fu Vize \u0130\u015flemleri Nelerdir? Yunanistan Antalya Konsoloslu\u011funa Ula\u015fmak \u0130\u00e7in Hemen Aray\u0131n: 0850 346 84 93","og_url":"https:\/\/www.myvize.com.tr\/yunanistan\/konsolosluklar\/antalya-konsoloslugu\/","og_site_name":"Yunanistan Vizesi","article_modified_time":"2022-08-03T11:09:10+00:00","twitter_card":"summary_large_image","twitter_misc":{"Tahmini okuma s\u00fcresi":"4 dakika"},"schema":{"@context":"https:\/\/schema.org","@graph":[{"@type":"WebPage","@id":"https:\/\/www.myvize.com.tr\/yunanistan\/konsolosluklar\/antalya-konsoloslugu\/","url":"https:\/\/www.myvize.com.tr\/yunanistan\/konsolosluklar\/antalya-konsoloslugu\/","name":"Yunanistan Antalya Konsoloslu\u011fu - MyVize","isPartOf":{"@id":"https:\/\/www.myvize.com.tr\/yunanistan\/#website"},"datePublished":"2020-11-30T10:02:26+00:00","dateModified":"2022-08-03T11:09:10+00:00","description":"Yunanistan Antalya Konsoloslu\u011fu Vize \u0130\u015flemleri Nelerdir? Yunanistan Antalya Konsoloslu\u011funa Ula\u015fmak \u0130\u00e7in Hemen Aray\u0131n: 0850 346 84 93","breadcrumb":{"@id":"https:\/\/www.myvize.com.tr\/yunanistan\/konsolosluklar\/antalya-konsoloslugu\/#breadcrumb"},"inLanguage":"tr","potentialAction":[{"@type":"ReadAction","target":["https:\/\/www.myvize.com.tr\/yunanistan\/konsolosluklar\/antalya-konsoloslugu\/"]}]},{"@type":"BreadcrumbList","@id":"https:\/\/www.myvize.com.tr\/yunanistan\/konsolosluklar\/antalya-konsoloslugu\/#breadcrumb","itemListElement":[{"@type":"ListItem","position":1,"name":"Anasayfa","item":"https:\/\/www.myvize.com.tr\/yunanistan\/"},{"@type":"ListItem","position":2,"name":"KONSOLOSLUKLAR","item":"https:\/\/www.myvize.com.tr\/yunanistan\/konsolosluklar\/"},{"@type":"ListItem","position":3,"name":"Yunanistan Antalya Konsoloslu\u011fu"}]},{"@type":"WebSite","@id":"https:\/\/www.myvize.com.tr\/yunanistan\/#website","url":"https:\/\/www.myvize.com.tr\/yunanistan\/","name":"Yunanistan Vizesi","description":"","potentialAction":[{"@type":"SearchAction","target":{"@type":"EntryPoint","urlTemplate":"https:\/\/www.myvize.com.tr\/yunanistan\/?s={search_term_string}"},"query-input":{"@type":"PropertyValueSpecification","valueRequired":true,"valueName":"search_term_string"}}],"inLanguage":"tr"}]}},"_links":{"self":[{"href":"https:\/\/www.myvize.com.tr\/yunanistan\/wp-json\/wp\/v2\/pages\/74","targetHints":{"allow":["GET"]}}],"collection":[{"href":"https:\/\/www.myvize.com.tr\/yunanistan\/wp-json\/wp\/v2\/pages"}],"about":[{"href":"https:\/\/www.myvize.com.tr\/yunanistan\/wp-json\/wp\/v2\/types\/page"}],"author":[{"embeddable":true,"href":"https:\/\/www.myvize.com.tr\/yunanistan\/wp-json\/wp\/v2\/users\/1"}],"replies":[{"embeddable":true,"href":"https:\/\/www.myvize.com.tr\/yunanistan\/wp-json\/wp\/v2\/comments?post=74"}],"version-history":[{"count":4,"href":"https:\/\/www.myvize.com.tr\/yunanistan\/wp-json\/wp\/v2\/pages\/74\/revisions"}],"predecessor-version":[{"id":1019,"href":"https:\/\/www.myvize.com.tr\/yunanistan\/wp-json\/wp\/v2\/pages\/74\/revisions\/1019"}],"up":[{"embeddable":true,"href":"https:\/\/www.myvize.com.tr\/yunanistan\/wp-json\/wp\/v2\/pages\/69"}],"wp:attachment":[{"href":"https:\/\/www.myvize.com.tr\/yunanistan\/wp-json\/wp\/v2\/media?parent=74"}],"curies":[{"name":"wp","href":"https:\/\/api.w.org\/{rel}","templated":true}]}}